{"id":96,"date":"2014-07-15T15:53:25","date_gmt":"2014-07-15T15:53:25","guid":{"rendered":"https:\/\/www.museedelaguerre.ca\/premiere-guerre-mondial\/?page_id=96"},"modified":"2014-08-28T17:23:56","modified_gmt":"2014-08-28T17:23:56","slug":"le-canada-entre-en-guerre","status":"publish","type":"page","link":"https:\/\/www.museedelaguerre.ca\/premiereguerremondiale\/histoire\/lentree-en-guerre\/le-canada-entre-en-guerre\/","title":{"rendered":"Le Canada entre en guerre"},"content":{"rendered":"<p>Quand la Grande-Bretagne entra en guerre, le Canada la suivit automatiquement. Au d\u00e9but, la plupart des Canadiens \u00e9taient enthousiastes \u00e0 l&rsquo;id\u00e9e de participer au conflit. Apprenez-en davantage sur les liens du Canada avec la Grande-Bretagne, la fi\u00e8vre de la guerre qui s&#8217;empara du pays et les premiers Canadiens \u00e0 aller outre-mer.<\/p>\n","protected":false},"excerpt":{"rendered":"<p>Quand la Grande-Bretagne entra en guerre, le Canada la suivit automatiquement. Au d\u00e9but, la plupart des Canadiens \u00e9taient enthousiastes \u00e0 l&rsquo;id\u00e9e de participer au conflit. Apprenez-en davantage sur les liens du Canada avec la Grande-Bretagne, la fi\u00e8vre de la guerre qui s&#8217;empara du pays et les premiers Canadiens \u00e0 aller outre-mer.<\/p>\n","protected":false},"author":1,"featured_media":3186,"parent":23,"menu_order":1,"comment_status":"open","ping_status":"open","template":"listing-history.php","meta":{"footnotes":""},"_links":{"self":[{"href":"https:\/\/www.museedelaguerre.ca\/premiereguerremondiale\/wp-json\/wp\/v2\/pages\/96"}],"collection":[{"href":"https:\/\/www.museedelaguerre.ca\/premiereguerremondiale\/wp-json\/wp\/v2\/pages"}],"about":[{"href":"https:\/\/www.museedelaguerre.ca\/premiereguerremondiale\/wp-json\/wp\/v2\/types\/page"}],"author":[{"embeddable":true,"href":"https:\/\/www.museedelaguerre.ca\/premiereguerremondiale\/wp-json\/wp\/v2\/users\/1"}],"replies":[{"embeddable":true,"href":"https:\/\/www.museedelaguerre.ca\/premiereguerremondiale\/wp-json\/wp\/v2\/comments?post=96"}],"version-history":[{"count":1,"href":"https:\/\/www.museedelaguerre.ca\/premiereguerremondiale\/wp-json\/wp\/v2\/pages\/96\/revisions"}],"predecessor-version":[{"id":97,"href":"https:\/\/www.museedelaguerre.ca\/premiereguerremondiale\/wp-json\/wp\/v2\/pages\/96\/revisions\/97"}],"up":[{"embeddable":true,"href":"https:\/\/www.museedelaguerre.ca\/premiereguerremondiale\/wp-json\/wp\/v2\/pages\/23"}],"wp:featuredmedia":[{"embeddable":true,"href":"https:\/\/www.museedelaguerre.ca\/premiereguerremondiale\/wp-json\/wp\/v2\/media\/3186"}],"wp:attachment":[{"href":"https:\/\/www.museedelaguerre.ca\/premiereguerremondiale\/wp-json\/wp\/v2\/media?parent=96"}],"curies":[{"name":"wp","href":"https:\/\/api.w.org\/{rel}","templated":true}]}}