{"id":80,"date":"2014-07-15T14:56:18","date_gmt":"2014-07-15T14:56:18","guid":{"rendered":"https:\/\/www.museedelaguerre.ca\/premiere-guerre-mondial\/?page_id=80"},"modified":"2025-02-28T20:17:11","modified_gmt":"2025-02-28T20:17:11","slug":"la-guerre-commence-en-europe","status":"publish","type":"page","link":"https:\/\/www.museedelaguerre.ca\/premiereguerremondiale\/histoire\/lentree-en-guerre\/origines-et-premieres-phases\/la-guerre-commence-en-europe\/","title":{"rendered":"La guerre commence en Europe"},"content":{"rendered":"<p class=\"excerpt\">On a souvent dit de l&rsquo;Europe qu&rsquo;elle \u00e9tait une poudri\u00e8re pr\u00eate \u00e0 exploser au cours des ann\u00e9es pr\u00e9c\u00e9dant la Premi\u00e8re Guerre mondiale. Cette explosion se produisit finalement \u00e0 Sarajevo, en Bosnie, \u00e0 l&rsquo;\u00e9t\u00e9 1914.<\/p>\n<h3>Assassinat \u00e0 Sarajevo<\/h3>\n<p>La cause imm\u00e9diate de la Premi\u00e8re Guerre mondiale fut l&rsquo;assassinat de l&rsquo;h\u00e9ritier du tr\u00f4ne d&rsquo;Autriche, l&rsquo;archiduc Franz Ferdinand, le 28 juin 1914 \u00e0 Sarajevo. L\u2019assassin \u00e9tait Gavrilo Princip, membre de la Jeune Bosnie, une organisation anti-imp\u00e9rialiste d\u00e9termin\u00e9e \u00e0 lib\u00e9rer le peuple slave de la domination austro-hongroise.<\/p>\n<h2>Obligations d\u00e9coulant des trait\u00e9s<\/h2>\n<p>Les conflits d&rsquo;avant-guerre, une s\u00e9rie de crises, une course aux armements et un ensemble de trait\u00e9s et d&rsquo;offres secr\u00e8tes de soutien militaire oppos\u00e8rent la Russie, la France et la Grande-Bretagne \u00e0 l&rsquo;Allemagne, l&rsquo;Autriche-Hongrie et l&#8217;empire Ottoman (la Turquie) dans un \u00e9quilibre de plus en plus instable. Si l&rsquo;un ou l&rsquo;autre de ces pays d\u00e9clarait la guerre, il y avait de grandes chances que\u00a0<b>tous<\/b>\u00a0prennent part au conflit.<\/p>\n<h2>L&rsquo;explosion<\/h2>\n<p>La plupart des puissances europ\u00e9ennes disposaient en 1914 de plans de guerre \u00e9labor\u00e9s pour mobiliser rapidement et attaquer leurs ennemis.<\/p>\n<p>Presque tout le monde s&rsquo;attendait \u00e0 une guerre br\u00e8ve et victorieuse, qui, comme on le disait \u00e0 l&rsquo;\u00e9poque, serait \u00ab\u00a0termin\u00e9e \u00e0 No\u00ebl\u00a0\u00bb.<\/p>\n<p>Ils avaient tort.<\/p>\n<h3>Poursuivez votre exploration avec ces sujets :<\/h3>\n<ul class=\"related\">\n<li><a href=\"\/premiereguerremondiale\/histoire\/lentree-en-guerre\/le-canada-entre-en-guerre\/reaction-enthousiaste-a-la-guerre\/\">R\u00e9action enthousiaste \u00e0 la guerre<\/a><\/li>\n<li><a href=\"\/premiereguerremondiale\/histoire\/la-vie-au-pays-pendant-la-guerre\/sujets-dun-pays-ennemi\/sentiment-anti-allemand\/\">Sentiment anti-allemand<\/a><\/li>\n<li><a href=\"\/premiereguerremondiale\/histoire\/apres-la-guerre\/legs\/lincidence-de-la-guerre-sur-le-canada\/\">L&rsquo;incidence de la guerre sur le Canada<\/a><\/li>\n<\/ul>\n","protected":false},"excerpt":{"rendered":"<p>On a souvent dit de l&rsquo;Europe qu&rsquo;elle \u00e9tait une poudri\u00e8re pr\u00eate \u00e0 exploser au cours des ann\u00e9es pr\u00e9c\u00e9dant la Premi\u00e8re Guerre mondiale. Cette explosion se produisit finalement \u00e0 Sarajevo, en Bosnie, \u00e0 l&rsquo;\u00e9t\u00e9 1914. Assassinat \u00e0 Sarajevo La cause imm\u00e9diate de la Premi\u00e8re Guerre mondiale fut l&rsquo;assassinat de l&rsquo;h\u00e9ritier du tr\u00f4ne d&rsquo;Autriche, l&rsquo;archiduc Franz Ferdinand, [&hellip;]<\/p>\n","protected":false},"author":1,"featured_media":3212,"parent":26,"menu_order":1,"comment_status":"open","ping_status":"open","template":"single-history.php","meta":{"footnotes":""},"_links":{"self":[{"href":"https:\/\/www.museedelaguerre.ca\/premiereguerremondiale\/wp-json\/wp\/v2\/pages\/80"}],"collection":[{"href":"https:\/\/www.museedelaguerre.ca\/premiereguerremondiale\/wp-json\/wp\/v2\/pages"}],"about":[{"href":"https:\/\/www.museedelaguerre.ca\/premiereguerremondiale\/wp-json\/wp\/v2\/types\/page"}],"author":[{"embeddable":true,"href":"https:\/\/www.museedelaguerre.ca\/premiereguerremondiale\/wp-json\/wp\/v2\/users\/1"}],"replies":[{"embeddable":true,"href":"https:\/\/www.museedelaguerre.ca\/premiereguerremondiale\/wp-json\/wp\/v2\/comments?post=80"}],"version-history":[{"count":5,"href":"https:\/\/www.museedelaguerre.ca\/premiereguerremondiale\/wp-json\/wp\/v2\/pages\/80\/revisions"}],"predecessor-version":[{"id":3564,"href":"https:\/\/www.museedelaguerre.ca\/premiereguerremondiale\/wp-json\/wp\/v2\/pages\/80\/revisions\/3564"}],"up":[{"embeddable":true,"href":"https:\/\/www.museedelaguerre.ca\/premiereguerremondiale\/wp-json\/wp\/v2\/pages\/26"}],"wp:featuredmedia":[{"embeddable":true,"href":"https:\/\/www.museedelaguerre.ca\/premiereguerremondiale\/wp-json\/wp\/v2\/media\/3212"}],"wp:attachment":[{"href":"https:\/\/www.museedelaguerre.ca\/premiereguerremondiale\/wp-json\/wp\/v2\/media?parent=80"}],"curies":[{"name":"wp","href":"https:\/\/api.w.org\/{rel}","templated":true}]}}

<p class="excerpt">On a souvent dit de l&rsquo;Europe qu&rsquo;elle était une poudrière prête à exploser au cours des années précédant la Première Guerre mondiale. Cette explosion se produisit finalement à Sarajevo, en Bosnie, à l&rsquo;été 1914.</p>
<h3>Assassinat à Sarajevo</h3>
<p>La cause immédiate de la Première Guerre mondiale fut l&rsquo;assassinat de l&rsquo;héritier du trône d&rsquo;Autriche, l&rsquo;archiduc Franz Ferdinand, le 28 juin 1914 à Sarajevo. L’assassin était Gavrilo Princip, membre de la Jeune Bosnie, une organisation anti-impérialiste déterminée à libérer le peuple slave de la domination austro-hongroise.</p>
<h2>Obligations découlant des traités</h2>
<p>Les conflits d&rsquo;avant-guerre, une série de crises, une course aux armements et un ensemble de traités et d&rsquo;offres secrètes de soutien militaire opposèrent la Russie, la France et la Grande-Bretagne à l&rsquo;Allemagne, l&rsquo;Autriche-Hongrie et l&#8217;empire Ottoman (la Turquie) dans un équilibre de plus en plus instable. Si l&rsquo;un ou l&rsquo;autre de ces pays déclarait la guerre, il y avait de grandes chances que <b>tous</b> prennent part au conflit.</p>
<h2>L&rsquo;explosion</h2>
<p>La plupart des puissances européennes disposaient en 1914 de plans de guerre élaborés pour mobiliser rapidement et attaquer leurs ennemis.</p>
<p>Presque tout le monde s&rsquo;attendait à une guerre brève et victorieuse, qui, comme on le disait à l&rsquo;époque, serait « terminée à Noël ».</p>
<p>Ils avaient tort.</p>
<h3>Poursuivez votre exploration avec ces sujets :</h3>
<ul class="related">
<li><a href="/premiereguerremondiale/histoire/lentree-en-guerre/le-canada-entre-en-guerre/reaction-enthousiaste-a-la-guerre/">Réaction enthousiaste à la guerre</a></li>
<li><a href="/premiereguerremondiale/histoire/la-vie-au-pays-pendant-la-guerre/sujets-dun-pays-ennemi/sentiment-anti-allemand/">Sentiment anti-allemand</a></li>
<li><a href="/premiereguerremondiale/histoire/apres-la-guerre/legs/lincidence-de-la-guerre-sur-le-canada/">L&rsquo;incidence de la guerre sur le Canada</a></li>
</ul>

<p>On a souvent dit de l&rsquo;Europe qu&rsquo;elle était une poudrière prête à exploser au cours des années précédant la Première Guerre mondiale. Cette explosion se produisit finalement à Sarajevo, en Bosnie, à l&rsquo;été 1914. Assassinat à Sarajevo La cause immédiate de la Première Guerre mondiale fut l&rsquo;assassinat de l&rsquo;héritier du trône d&rsquo;Autriche, l&rsquo;archiduc Franz Ferdinand, [&hellip;]</p>
