{"id":474,"date":"2014-07-21T15:19:36","date_gmt":"2014-07-21T15:19:36","guid":{"rendered":"https:\/\/www.museedelaguerre.ca\/premiere-guerre-mondial\/?page_id=474"},"modified":"2015-03-30T13:24:41","modified_gmt":"2015-03-30T13:24:41","slug":"rapatriement-et-demobilisation","status":"publish","type":"page","link":"https:\/\/www.museedelaguerre.ca\/premiereguerremondiale\/histoire\/apres-la-guerre\/les-anciens-combattants\/rapatriement-et-demobilisation\/","title":{"rendered":"Rapatriement et d\u00e9mobilisation"},"content":{"rendered":"<p class=\"excerpt\">Le rapatriement des militaires canadiens au pays depuis l&rsquo;Europe fut le plus important d\u00e9placement de personnes de l&rsquo;histoire du Canada jusque-l\u00e0. Des officiers et des planificateurs civils collabor\u00e8rent avec des organismes d&rsquo;aide pour acc\u00e9l\u00e9rer le processus, mais, pour les soldats outre-mer, l&rsquo;attente \u00e9tait longue, frustrante et incompr\u00e9hensible.<\/p>\n<h2>L&rsquo;attente du retour au Canada<\/h2>\n<p>Les soldats qui attendaient leur rapatriement luttaient contre l&rsquo;ennui. Pour maintenir le moral, les militaires offraient des programmes d&rsquo;entra\u00eenement physique, des sports organis\u00e9s et un vaste \u00e9ventail d&rsquo;activit\u00e9s r\u00e9cr\u00e9atives. Ils agrandirent \u00e9galement l&rsquo;universit\u00e9 Khaki, cr\u00e9\u00e9e en 1917, pour offrir aux soldats d\u00e9soeuvr\u00e9s des cours des niveaux primaire \u00e0 universitaire. Environ 50\u00a0000 Canadiens particip\u00e8rent \u00e0 ce programme d&rsquo;enseignement pionnier qui pr\u00e9parait les anciens combattants \u00e0 la vie apr\u00e8s la guerre et occupait leur temps libre, pendant qu&rsquo;ils attendaient que les navires et leurs couchettes les ram\u00e8nent au pays. En ao\u00fbt 1919, la plupart \u00e9taient revenus.<\/p>\n<h2>L&rsquo;organisation du voyage de retour<\/h2>\n<p>Le rapatriement de 267\u00a0813 soldats et d&rsquo;environ 54\u00a0000 personnes \u00e0 charge constitua un \u00e9norme d\u00e9fi logistique. On avait pr\u00e9vu des navires pour la travers\u00e9e de l&rsquo;Atlantique d&rsquo;un maximum de 50\u00a0000 soldats par mois, mais certains des premiers bateaux disponibles \u00e9taient loin d&rsquo;\u00eatre appropri\u00e9s et leur arriv\u00e9e au Canada provoqua un petit scandale. L&rsquo;exigence de meilleurs navires qui s&rsquo;ensuivit entra\u00eena des retards et des annulations outre-mer, les autorit\u00e9s \u00e9tant \u00e0 la recherche de navires convenant mieux \u00e0 la t\u00e2che. Un hiver exceptionnellement mauvais et une vague de gr\u00e8ves des dockers, des agents de police et des cheminots en Grande-Bretagne sapa le moral des soldats toujours dans l&rsquo;attente.<\/p>\n<p>Une autre difficult\u00e9 fut l&rsquo;incapacit\u00e9 des ports et des chemins de fer canadiens de faire face \u00e0 l&rsquo;afflux des soldats. Les chemins de fer ne purent promettre au d\u00e9part que 25\u00a0000 places par mois, exactement la moiti\u00e9 du nombre de soldats et de personnes \u00e0 charge dont on attendait l&rsquo;arriv\u00e9e. Saint John et Halifax \u00e9taient les seuls grands ports canadiens exempts de glace, et le dernier \u00e9tait encore en pleine reconstruction apr\u00e8s une explosion massive qui avait d\u00e9truit l&rsquo;ann\u00e9e pr\u00e9c\u00e9dente la plupart des installations portuaires.<\/p>\n<p>Le plus grand d\u00e9fi politique consistait \u00e0 concevoir un syst\u00e8me de s\u00e9lection \u00e9quilibr\u00e9 pour rentrer au pays qui r\u00e9compense la dur\u00e9e du service mais maintienne le moral des unit\u00e9s et l&rsquo;efficacit\u00e9 militaire. Ottawa envisagea d&rsquo;abord de faire revenir en premier ceux qui \u00e9taient partis en premier, privil\u00e9giant ceux qui avaient rest\u00e9s le plus longtemps en Europe, mais le commandant du Corps, sir Arthur Currie, se battit pour qu&rsquo;on fasse revenir les Canadiens en unit\u00e9s. Selon Currie, cela serait plus efficace et maintiendrait mieux la discipline au cours de la p\u00e9riode de transition. Cette m\u00e9thode contribuerait \u00e9galement \u00e0 faire en sorte que les unit\u00e9s d\u00e9barquant au Canada soient accueillies convenablement par leurs communaut\u00e9s, ce qui ne serait pas possible si les soldats retournaient seuls ou en petits groupes en vertu du syst\u00e8me propos\u00e9 par le gouvernement.<\/p>\n<h2>\u00c9meutes lors de la d\u00e9mobilisation<\/h2>\n<p>Ce fut Currie qui l&#8217;emporta finalement relativement au syst\u00e8me de rapatriement, mais pas avant qu&rsquo;un bon nombre de soldats des camps d&rsquo;entra\u00eenement &#8211; et qui n&rsquo;avaient donc pas \u00e9t\u00e9 sur le front &#8211; ne soient rentr\u00e9s. L&rsquo;ennui, l&rsquo;absence d&rsquo;information, les rumeurs et la frustration croissante face \u00e0 la p\u00e9nurie de navires contribu\u00e8rent \u00e0 faire na\u00eetre confusion et col\u00e8re chez ceux qui \u00e9taient laiss\u00e9s derri\u00e8re. En 1918 et 1919, il y eut 13 cas de troubles dans les camps de d\u00e9mobilisation. Lors des plus graves, \u00e0 Kinmel Park, les 4 et 5 mars 1919, on d\u00e9nombra cinq morts et 23 bless\u00e9s. Des arrestations et des condamnations eurent lieu, mais les troubles convainquirent les autorit\u00e9s britanniques d&rsquo;acc\u00e9l\u00e9rer le retour des Canadiens. \u00c0 la fin de l&rsquo;\u00e9t\u00e9, presque toutes les forces canadiennes en Angleterre \u00e9taient rentr\u00e9es au pays. En d\u00e9pit de ces probl\u00e8mes, le processus de d\u00e9mobilisation fut rapide et relativement facile.<\/p>\n<h3>Poursuivez votre exploration avec ces sujets :<\/h3>\n<ul class=\"related\">\n<li><a href=\"\/premiereguerremondiale\/histoire\/les-gens\/generaux\/sir-arthur-currie\/\">Sir Arthur Currie<\/a><\/li>\n<li><a href=\"\/premiereguerremondiale\/histoire\/la-vie-au-pays-pendant-la-guerre\/tragedies-du-temps-de-guerre\/grippe-1918-1919\/\">Grippe, 1918-1919<\/a><\/li>\n<li><a href=\"\/premiereguerremondiale\/histoire\/lentree-en-guerre\/le-canada-entre-en-guerre\/les-canadiens-sont-envoyes-outre-mer\/\">Les Canadiens sont envoy\u00e9s outre-mer<\/a><\/li>\n<\/ul>\n","protected":false},"excerpt":{"rendered":"<p>Le rapatriement des militaires canadiens au pays depuis l&rsquo;Europe fut le plus important d\u00e9placement de personnes de l&rsquo;histoire du Canada jusque-l\u00e0. Des officiers et des planificateurs civils collabor\u00e8rent avec des organismes d&rsquo;aide pour acc\u00e9l\u00e9rer le processus, mais, pour les soldats outre-mer, l&rsquo;attente \u00e9tait longue, frustrante et incompr\u00e9hensible. L&rsquo;attente du retour au Canada Les soldats qui [&hellip;]<\/p>\n","protected":false},"author":1,"featured_media":471,"parent":472,"menu_order":0,"comment_status":"open","ping_status":"open","template":"single-history.php","meta":{"footnotes":""},"_links":{"self":[{"href":"https:\/\/www.museedelaguerre.ca\/premiereguerremondiale\/wp-json\/wp\/v2\/pages\/474"}],"collection":[{"href":"https:\/\/www.museedelaguerre.ca\/premiereguerremondiale\/wp-json\/wp\/v2\/pages"}],"about":[{"href":"https:\/\/www.museedelaguerre.ca\/premiereguerremondiale\/wp-json\/wp\/v2\/types\/page"}],"author":[{"embeddable":true,"href":"https:\/\/www.museedelaguerre.ca\/premiereguerremondiale\/wp-json\/wp\/v2\/users\/1"}],"replies":[{"embeddable":true,"href":"https:\/\/www.museedelaguerre.ca\/premiereguerremondiale\/wp-json\/wp\/v2\/comments?post=474"}],"version-history":[{"count":4,"href":"https:\/\/www.museedelaguerre.ca\/premiereguerremondiale\/wp-json\/wp\/v2\/pages\/474\/revisions"}],"predecessor-version":[{"id":3434,"href":"https:\/\/www.museedelaguerre.ca\/premiereguerremondiale\/wp-json\/wp\/v2\/pages\/474\/revisions\/3434"}],"up":[{"embeddable":true,"href":"https:\/\/www.museedelaguerre.ca\/premiereguerremondiale\/wp-json\/wp\/v2\/pages\/472"}],"wp:featuredmedia":[{"embeddable":true,"href":"https:\/\/www.museedelaguerre.ca\/premiereguerremondiale\/wp-json\/wp\/v2\/media\/471"}],"wp:attachment":[{"href":"https:\/\/www.museedelaguerre.ca\/premiereguerremondiale\/wp-json\/wp\/v2\/media?parent=474"}],"curies":[{"name":"wp","href":"https:\/\/api.w.org\/{rel}","templated":true}]}}