{"id":472,"date":"2014-07-21T15:13:15","date_gmt":"2014-07-21T15:13:15","guid":{"rendered":"https:\/\/www.museedelaguerre.ca\/premiere-guerre-mondial\/?page_id=472"},"modified":"2014-07-21T15:13:15","modified_gmt":"2014-07-21T15:13:15","slug":"les-anciens-combattants","status":"publish","type":"page","link":"https:\/\/www.museedelaguerre.ca\/premiereguerremondiale\/histoire\/apres-la-guerre\/les-anciens-combattants\/","title":{"rendered":"Les anciens combattants"},"content":{"rendered":"<p>En 1919, la plupart des anciens combattants canadiens \u00e9taient revenus d&rsquo;outre-mer. Apprenez-en davantage sur leur voyage de retour, sur la fa\u00e7on dont ils se sont adapt\u00e9s \u00e0 la vie au Canada, et dont leurs exp\u00e9riences de guerre ont conduit \u00e0 la cr\u00e9ation de nouvelles organisations d&rsquo;anciens combattants.<\/p>\n","protected":false},"excerpt":{"rendered":"<p>En 1919, la plupart des anciens combattants canadiens \u00e9taient revenus d&rsquo;outre-mer. Apprenez-en davantage sur leur voyage de retour, sur la fa\u00e7on dont ils se sont adapt\u00e9s \u00e0 la vie au Canada, et dont leurs exp\u00e9riences de guerre ont conduit \u00e0 la cr\u00e9ation de nouvelles organisations d&rsquo;anciens combattants.<\/p>\n","protected":false},"author":1,"featured_media":471,"parent":467,"menu_order":0,"comment_status":"open","ping_status":"open","template":"listing-history.php","meta":{"footnotes":""},"_links":{"self":[{"href":"https:\/\/www.museedelaguerre.ca\/premiereguerremondiale\/wp-json\/wp\/v2\/pages\/472"}],"collection":[{"href":"https:\/\/www.museedelaguerre.ca\/premiereguerremondiale\/wp-json\/wp\/v2\/pages"}],"about":[{"href":"https:\/\/www.museedelaguerre.ca\/premiereguerremondiale\/wp-json\/wp\/v2\/types\/page"}],"author":[{"embeddable":true,"href":"https:\/\/www.museedelaguerre.ca\/premiereguerremondiale\/wp-json\/wp\/v2\/users\/1"}],"replies":[{"embeddable":true,"href":"https:\/\/www.museedelaguerre.ca\/premiereguerremondiale\/wp-json\/wp\/v2\/comments?post=472"}],"version-history":[{"count":1,"href":"https:\/\/www.museedelaguerre.ca\/premiereguerremondiale\/wp-json\/wp\/v2\/pages\/472\/revisions"}],"predecessor-version":[{"id":473,"href":"https:\/\/www.museedelaguerre.ca\/premiereguerremondiale\/wp-json\/wp\/v2\/pages\/472\/revisions\/473"}],"up":[{"embeddable":true,"href":"https:\/\/www.museedelaguerre.ca\/premiereguerremondiale\/wp-json\/wp\/v2\/pages\/467"}],"wp:featuredmedia":[{"embeddable":true,"href":"https:\/\/www.museedelaguerre.ca\/premiereguerremondiale\/wp-json\/wp\/v2\/media\/471"}],"wp:attachment":[{"href":"https:\/\/www.museedelaguerre.ca\/premiereguerremondiale\/wp-json\/wp\/v2\/media?parent=472"}],"curies":[{"name":"wp","href":"https:\/\/api.w.org\/{rel}","templated":true}]}}