{"id":458,"date":"2014-07-21T14:34:29","date_gmt":"2014-07-21T14:34:29","guid":{"rendered":"https:\/\/www.museedelaguerre.ca\/premiere-guerre-mondial\/?page_id=458"},"modified":"2015-03-27T20:06:15","modified_gmt":"2015-03-27T20:06:15","slug":"e-a-h-alderson","status":"publish","type":"page","link":"https:\/\/www.museedelaguerre.ca\/premiereguerremondiale\/histoire\/les-gens\/generaux\/e-a-h-alderson\/","title":{"rendered":"E.A.H. Alderson"},"content":{"rendered":"<p class=\"excerpt\">Alderson prit le commandement de la 1re\u00a0division canadienne \u00e0 l&rsquo;arriv\u00e9e de celle-ci en Angleterre en octobre 1914, et il fut le premier commandant du Corps canadien de septembre 1915 \u00e0 mai 1916.<\/p>\n<h2>Nomination et premi\u00e8res batailles<\/h2>\n<p>Alderson, un g\u00e9n\u00e9ral britannique exp\u00e9riment\u00e9 qui avait dirig\u00e9 les Canadiens pendant la guerre d&rsquo;Afrique du Sud (1899-1902), prit le commandement de la 1re\u00a0division canadienne quand les Canadiens arriv\u00e8rent en Angleterre en octobre 1914. Il entra\u00eena la force en Angleterre au cours de l&rsquo;hiver suivant, cong\u00e9diant des officiers incomp\u00e9tents et am\u00e9liorant l&rsquo;\u00e9quipement. Il emmena les Canadiens en France en f\u00e9vrier 1915 et les commanda au cours des combats violents et confus de la deuxi\u00e8me bataille d&rsquo;Ypres, en avril. Inf\u00e9rieure en nombre, disposant de moins de canons et confront\u00e9e aux premi\u00e8res attaques mortelles au chlore gazeux de l&rsquo;histoire, la division d\u00e9fendit avec succ\u00e8s le saillant d&rsquo;Ypres au co\u00fbt de 6000 tu\u00e9s, bless\u00e9s et disparus.<\/p>\n<p>Alderson prit le commandement du tout nouveau Corps canadien en septembre 1915, avec l&rsquo;arriv\u00e9e en France de la 2e division canadienne. Ce fut un poste difficile. Des politiciens au Canada s&rsquo;immis\u00e7aient constamment dans son commandement, le pressant souvent de trouver des postes importants pour des officiers qu&rsquo;on lui refilait pour des raisons politiques. Alderson rejetait ces demandes. Il tenta aussi d&rsquo;amener l&rsquo;abandon du fusil Ross sur les champs de bataille. En cons\u00e9quence, il v\u00e9cut une relation acrimonieuse et difficile avec le puissant ministre de la Milice et de la D\u00e9fense du Canada, sir Sam Hughes, le plus fervent d\u00e9fenseur du fusil Ross, qui man\u0153uvra contre Alderson pendant une grande partie de la guerre.<\/p>\n<h2>La d\u00e9faite de Saint-\u00c9loi entra\u00eene le renvoi d&rsquo;Alderson<\/h2>\n<p>Alderson se vit retirer le commandement du Corps canadien en mai 1916, apr\u00e8s la d\u00e9sastreuse bataille de Saint-\u00c9loi. \u00c0 la suite de cette d\u00e9faite, les sup\u00e9rieurs britanniques d&rsquo;Alderson et les autorit\u00e9s canadiennes \u00e0 Ottawa rejet\u00e8rent sa recommandation que deux officiers sup\u00e9rieurs canadiens soient cong\u00e9di\u00e9s pour leurs m\u00e9diocres r\u00e9sultats. Les deux groupes craignaient que cette suggestion d\u00e9truise le moral dans la 2e\u00a0division et cr\u00e9e des probl\u00e8mes politiques non d\u00e9sir\u00e9s, et notamment que le public per\u00e7oive un d\u00e9saccord entre officiers sup\u00e9rieurs britanniques et canadiens. On retira donc \u00e0 Alderson son poste et on lui donna le poste largement symbolique d&rsquo;inspecteur g\u00e9n\u00e9ral des troupes canadiennes outre-mer, ce qui mit en fait un terme \u00e0 sa carri\u00e8re militaire.<\/p>\n<p>Le leadership d&rsquo;Alderson avait aid\u00e9 le Corps canadien \u00e0 devenir une force de combat plus efficace, mais son influence allait \u00eatre \u00e9clips\u00e9e par les deux commandants qui l&rsquo;ont suivi, sir Julian Byng et sir Arthur Currie. Il d\u00e9missionna de l&rsquo;arm\u00e9e en 1920 et est d\u00e9c\u00e9d\u00e9 en 1927.<\/p>\n<h3>Poursuivez votre exploration avec ces sujets :<\/h3>\n<ul class=\"related\">\n<li><a href=\"\/premiereguerremondiale\/histoire\/batailles-et-combats\/batailles-terrestres\/deuxieme-bataille-dypres\/\">Deuxi\u00e8me bataille d&rsquo;Ypres<\/a><\/li>\n<li><a href=\"\/premiereguerremondiale\/histoire\/batailles-et-combats\/batailles-terrestres\/saint-eloi\/\">Saint-\u00c9loi<\/a><\/li>\n<li><a href=\"\/premiereguerremondiale\/histoire\/batailles-et-combats\/armes-terrestres\/armes-a-feu\/\">Armes \u00e0 feu<\/a><\/li>\n<\/ul>\n","protected":false},"excerpt":{"rendered":"<p>Alderson prit le commandement de la 1re\u00a0division canadienne \u00e0 l&rsquo;arriv\u00e9e de celle-ci en Angleterre en octobre 1914, et il fut le premier commandant du Corps canadien de septembre 1915 \u00e0 mai 1916. Nomination et premi\u00e8res batailles Alderson, un g\u00e9n\u00e9ral britannique exp\u00e9riment\u00e9 qui avait dirig\u00e9 les Canadiens pendant la guerre d&rsquo;Afrique du Sud (1899-1902), prit le [&hellip;]<\/p>\n","protected":false},"author":1,"featured_media":3220,"parent":454,"menu_order":1,"comment_status":"open","ping_status":"open","template":"single-history.php","meta":{"footnotes":""},"_links":{"self":[{"href":"https:\/\/www.museedelaguerre.ca\/premiereguerremondiale\/wp-json\/wp\/v2\/pages\/458"}],"collection":[{"href":"https:\/\/www.museedelaguerre.ca\/premiereguerremondiale\/wp-json\/wp\/v2\/pages"}],"about":[{"href":"https:\/\/www.museedelaguerre.ca\/premiereguerremondiale\/wp-json\/wp\/v2\/types\/page"}],"author":[{"embeddable":true,"href":"https:\/\/www.museedelaguerre.ca\/premiereguerremondiale\/wp-json\/wp\/v2\/users\/1"}],"replies":[{"embeddable":true,"href":"https:\/\/www.museedelaguerre.ca\/premiereguerremondiale\/wp-json\/wp\/v2\/comments?post=458"}],"version-history":[{"count":8,"href":"https:\/\/www.museedelaguerre.ca\/premiereguerremondiale\/wp-json\/wp\/v2\/pages\/458\/revisions"}],"predecessor-version":[{"id":3429,"href":"https:\/\/www.museedelaguerre.ca\/premiereguerremondiale\/wp-json\/wp\/v2\/pages\/458\/revisions\/3429"}],"up":[{"embeddable":true,"href":"https:\/\/www.museedelaguerre.ca\/premiereguerremondiale\/wp-json\/wp\/v2\/pages\/454"}],"wp:featuredmedia":[{"embeddable":true,"href":"https:\/\/www.museedelaguerre.ca\/premiereguerremondiale\/wp-json\/wp\/v2\/media\/3220"}],"wp:attachment":[{"href":"https:\/\/www.museedelaguerre.ca\/premiereguerremondiale\/wp-json\/wp\/v2\/media?parent=458"}],"curies":[{"name":"wp","href":"https:\/\/api.w.org\/{rel}","templated":true}]}}