{"id":419,"date":"2014-07-18T21:13:15","date_gmt":"2014-07-18T21:13:15","guid":{"rendered":"https:\/\/www.museedelaguerre.ca\/premiere-guerre-mondial\/?page_id=419"},"modified":"2014-07-18T21:13:15","modified_gmt":"2014-07-18T21:13:15","slug":"en-uniforme","status":"publish","type":"page","link":"https:\/\/www.museedelaguerre.ca\/premiereguerremondiale\/histoire\/les-gens\/en-uniforme\/","title":{"rendered":"En uniforme"},"content":{"rendered":"<p>Plus de 600 000 Canadiens et Terre-Neuviens servirent au pays et outre-mer pendant la Premi\u00e8re Guerre mondiale. Apprenez-en davantage sur leurs r\u00f4les comme membres d&rsquo;\u00e9quipages d&rsquo;a\u00e9ronefs, infirmi\u00e8res et soldats.<\/p>\n","protected":false},"excerpt":{"rendered":"<p>Plus de 600 000 Canadiens et Terre-Neuviens servirent au pays et outre-mer pendant la Premi\u00e8re Guerre mondiale. Apprenez-en davantage sur leurs r\u00f4les comme membres d&rsquo;\u00e9quipages d&rsquo;a\u00e9ronefs, infirmi\u00e8res et soldats.<\/p>\n","protected":false},"author":1,"featured_media":410,"parent":406,"menu_order":0,"comment_status":"open","ping_status":"open","template":"listing-history.php","meta":{"footnotes":""},"_links":{"self":[{"href":"https:\/\/www.museedelaguerre.ca\/premiereguerremondiale\/wp-json\/wp\/v2\/pages\/419"}],"collection":[{"href":"https:\/\/www.museedelaguerre.ca\/premiereguerremondiale\/wp-json\/wp\/v2\/pages"}],"about":[{"href":"https:\/\/www.museedelaguerre.ca\/premiereguerremondiale\/wp-json\/wp\/v2\/types\/page"}],"author":[{"embeddable":true,"href":"https:\/\/www.museedelaguerre.ca\/premiereguerremondiale\/wp-json\/wp\/v2\/users\/1"}],"replies":[{"embeddable":true,"href":"https:\/\/www.museedelaguerre.ca\/premiereguerremondiale\/wp-json\/wp\/v2\/comments?post=419"}],"version-history":[{"count":1,"href":"https:\/\/www.museedelaguerre.ca\/premiereguerremondiale\/wp-json\/wp\/v2\/pages\/419\/revisions"}],"predecessor-version":[{"id":420,"href":"https:\/\/www.museedelaguerre.ca\/premiereguerremondiale\/wp-json\/wp\/v2\/pages\/419\/revisions\/420"}],"up":[{"embeddable":true,"href":"https:\/\/www.museedelaguerre.ca\/premiereguerremondiale\/wp-json\/wp\/v2\/pages\/406"}],"wp:featuredmedia":[{"embeddable":true,"href":"https:\/\/www.museedelaguerre.ca\/premiereguerremondiale\/wp-json\/wp\/v2\/media\/410"}],"wp:attachment":[{"href":"https:\/\/www.museedelaguerre.ca\/premiereguerremondiale\/wp-json\/wp\/v2\/media?parent=419"}],"curies":[{"name":"wp","href":"https:\/\/api.w.org\/{rel}","templated":true}]}}