{"id":404,"date":"2014-07-18T19:42:55","date_gmt":"2014-07-18T19:42:55","guid":{"rendered":"https:\/\/www.museedelaguerre.ca\/premiere-guerre-mondial\/?page_id=404"},"modified":"2014-08-15T20:07:41","modified_gmt":"2014-08-15T20:07:41","slug":"grippe-1918-1919","status":"publish","type":"page","link":"https:\/\/www.museedelaguerre.ca\/premiereguerremondiale\/histoire\/la-vie-au-pays-pendant-la-guerre\/tragedies-du-temps-de-guerre\/grippe-1918-1919\/","title":{"rendered":"Grippe, 1918-1919"},"content":{"rendered":"<p class=\"excerpt\">La guerre prit fin avec une terrible \u00e9pid\u00e9mie de grippe, propag\u00e9e \u00e0 travers le Canada en partie par des soldats atteints qui revenaient d&rsquo;outre-mer.<\/p>\n<h2>Une cause de mortalit\u00e9 plan\u00e9taire<\/h2>\n<p>L&rsquo;\u00e9pid\u00e9mie de grippe espagnole, \u00e9minemment mortelle en ce qu&rsquo;elle s&rsquo;en prenait \u00e0 de jeunes corps sains, tua au moins 20 millions de personnes \u00e0 travers le monde, dont environ 50\u00a0000 Canadiens. Elle se propagea rapidement \u00e0 travers la population par les fluides corporels. Les premiers sympt\u00f4mes \u00e9taient la fatigue et la toux, mais la grippe s&rsquo;attaquait vite au corps, cr\u00e9ant un amoncellement de mucosit\u00e9s dans les poumons qu&rsquo;on n&rsquo;arrivait pas \u00e0 expulser. Les victimes de la grippe pouvaient mourir moins d&rsquo;un jour apr\u00e8s avoir contract\u00e9 la maladie.<\/p>\n<h2>La grippe au Canada<\/h2>\n<p>Parmi les morts au Canada figuraient des soldats qui avaient surv\u00e9cu aux combats outre-mer mais avaient succomb\u00e9 \u00e0 la maladie une fois au Canada, et des milliers de membres de leurs familles qui les accueillaient chez eux p\u00e9rissaient peu apr\u00e8s leur arriv\u00e9e.<\/p>\n<p>La perte de tant de Canadiens eut une incidence sociale et \u00e9conomique profonde sur un pays qui d\u00e9plorait d\u00e9j\u00e0 60\u00a0000 d\u00e9c\u00e8s caus\u00e9s par la guerre. Le chiffre combin\u00e9 des morts r\u00e9duisit la main-d&rsquo;\u0153uvre de fa\u00e7on importante. Des milliers de familles se retrouv\u00e8rent sans personne pour les faire vivre, et il y eut des milliers d&rsquo;enfants orphelins.<\/p>\n<p>Tentant de mettre un terme \u00e0 la propagation de la maladie, beaucoup de gouvernements locaux ferm\u00e8rent les services non essentiels. Les provinces impos\u00e8rent des quarantaines et le port de masques protecteurs dans les lieux publics. L&rsquo;\u00e9pid\u00e9mie entra\u00eena directement la cr\u00e9ation du minist\u00e8re f\u00e9d\u00e9ral de la Sant\u00e9 en 1919.<\/p>\n<h3>Poursuivez votre exploration avec ces sujets :<\/h3>\n<ul class=\"related\">\n<li><a href=\"\/premiereguerremondiale\/histoire\/apres-la-guerre\/les-anciens-combattants\/rapatriement-et-demobilisation\/\">Rapatriement et d\u00e9mobilisation<\/a><\/li>\n<li><a href=\"\/premiereguerremondiale\/histoire\/apres-la-guerre\/legs\/lincidence-de-la-guerre-sur-le-canada\/\">L&rsquo;incidence de la guerre sur le Canada<\/a><\/li>\n<li><a href=\"\/premiereguerremondiale\/histoire\/la-vie-au-front\/medecine\/progres-medicaux\/\">Progr\u00e8s m\u00e9dicaux<\/a><\/li>\n<\/ul>\n","protected":false},"excerpt":{"rendered":"<p>La guerre prit fin avec une terrible \u00e9pid\u00e9mie de grippe, propag\u00e9e \u00e0 travers le Canada en partie par des soldats atteints qui revenaient d&rsquo;outre-mer. Une cause de mortalit\u00e9 plan\u00e9taire L&rsquo;\u00e9pid\u00e9mie de grippe espagnole, \u00e9minemment mortelle en ce qu&rsquo;elle s&rsquo;en prenait \u00e0 de jeunes corps sains, tua au moins 20 millions de personnes \u00e0 travers le [&hellip;]<\/p>\n","protected":false},"author":1,"featured_media":390,"parent":400,"menu_order":1,"comment_status":"open","ping_status":"open","template":"single-history.php","meta":{"footnotes":""},"_links":{"self":[{"href":"https:\/\/www.museedelaguerre.ca\/premiereguerremondiale\/wp-json\/wp\/v2\/pages\/404"}],"collection":[{"href":"https:\/\/www.museedelaguerre.ca\/premiereguerremondiale\/wp-json\/wp\/v2\/pages"}],"about":[{"href":"https:\/\/www.museedelaguerre.ca\/premiereguerremondiale\/wp-json\/wp\/v2\/types\/page"}],"author":[{"embeddable":true,"href":"https:\/\/www.museedelaguerre.ca\/premiereguerremondiale\/wp-json\/wp\/v2\/users\/1"}],"replies":[{"embeddable":true,"href":"https:\/\/www.museedelaguerre.ca\/premiereguerremondiale\/wp-json\/wp\/v2\/comments?post=404"}],"version-history":[{"count":2,"href":"https:\/\/www.museedelaguerre.ca\/premiereguerremondiale\/wp-json\/wp\/v2\/pages\/404\/revisions"}],"predecessor-version":[{"id":3086,"href":"https:\/\/www.museedelaguerre.ca\/premiereguerremondiale\/wp-json\/wp\/v2\/pages\/404\/revisions\/3086"}],"up":[{"embeddable":true,"href":"https:\/\/www.museedelaguerre.ca\/premiereguerremondiale\/wp-json\/wp\/v2\/pages\/400"}],"wp:featuredmedia":[{"embeddable":true,"href":"https:\/\/www.museedelaguerre.ca\/premiereguerremondiale\/wp-json\/wp\/v2\/media\/390"}],"wp:attachment":[{"href":"https:\/\/www.museedelaguerre.ca\/premiereguerremondiale\/wp-json\/wp\/v2\/media?parent=404"}],"curies":[{"name":"wp","href":"https:\/\/api.w.org\/{rel}","templated":true}]}}

<p class="excerpt">La guerre prit fin avec une terrible épidémie de grippe, propagée à travers le Canada en partie par des soldats atteints qui revenaient d&rsquo;outre-mer.</p>
<h2>Une cause de mortalité planétaire</h2>
<p>L&rsquo;épidémie de grippe espagnole, éminemment mortelle en ce qu&rsquo;elle s&rsquo;en prenait à de jeunes corps sains, tua au moins 20 millions de personnes à travers le monde, dont environ 50 000 Canadiens. Elle se propagea rapidement à travers la population par les fluides corporels. Les premiers symptômes étaient la fatigue et la toux, mais la grippe s&rsquo;attaquait vite au corps, créant un amoncellement de mucosités dans les poumons qu&rsquo;on n&rsquo;arrivait pas à expulser. Les victimes de la grippe pouvaient mourir moins d&rsquo;un jour après avoir contracté la maladie.</p>
<h2>La grippe au Canada</h2>
<p>Parmi les morts au Canada figuraient des soldats qui avaient survécu aux combats outre-mer mais avaient succombé à la maladie une fois au Canada, et des milliers de membres de leurs familles qui les accueillaient chez eux périssaient peu après leur arrivée.</p>
<p>La perte de tant de Canadiens eut une incidence sociale et économique profonde sur un pays qui déplorait déjà 60 000 décès causés par la guerre. Le chiffre combiné des morts réduisit la main-d&rsquo;œuvre de façon importante. Des milliers de familles se retrouvèrent sans personne pour les faire vivre, et il y eut des milliers d&rsquo;enfants orphelins.</p>
<p>Tentant de mettre un terme à la propagation de la maladie, beaucoup de gouvernements locaux fermèrent les services non essentiels. Les provinces imposèrent des quarantaines et le port de masques protecteurs dans les lieux publics. L&rsquo;épidémie entraîna directement la création du ministère fédéral de la Santé en 1919.</p>
<h3>Poursuivez votre exploration avec ces sujets :</h3>
<ul class="related">
<li><a href="/premiereguerremondiale/histoire/apres-la-guerre/les-anciens-combattants/rapatriement-et-demobilisation/">Rapatriement et démobilisation</a></li>
<li><a href="/premiereguerremondiale/histoire/apres-la-guerre/legs/lincidence-de-la-guerre-sur-le-canada/">L&rsquo;incidence de la guerre sur le Canada</a></li>
<li><a href="/premiereguerremondiale/histoire/la-vie-au-front/medecine/progres-medicaux/">Progrès médicaux</a></li>
</ul>

<p>La guerre prit fin avec une terrible épidémie de grippe, propagée à travers le Canada en partie par des soldats atteints qui revenaient d&rsquo;outre-mer. Une cause de mortalité planétaire L&rsquo;épidémie de grippe espagnole, éminemment mortelle en ce qu&rsquo;elle s&rsquo;en prenait à de jeunes corps sains, tua au moins 20 millions de personnes à travers le [&hellip;]</p>
