{"id":381,"date":"2014-07-18T18:11:42","date_gmt":"2014-07-18T18:11:42","guid":{"rendered":"https:\/\/www.museedelaguerre.ca\/premiere-guerre-mondial\/?page_id=381"},"modified":"2014-07-18T18:47:49","modified_gmt":"2014-07-18T18:47:49","slug":"voix-pour-la-paix","status":"publish","type":"page","link":"https:\/\/www.museedelaguerre.ca\/premiereguerremondiale\/histoire\/la-vie-au-pays-pendant-la-guerre\/voix-pour-la-paix\/","title":{"rendered":"Voix pour la paix"},"content":{"rendered":"<p>Les Canadiens n&rsquo;appuyaient pas tous la guerre. Certains refusaient d&rsquo;y participer pour des raisons religieuses, et d&rsquo;autres s&rsquo;opposaient tout simplement \u00e0 la nature particuli\u00e8re de la Premi\u00e8re Guerre mondiale. Beaucoup recherchaient la paix par la n\u00e9gociation ou croyaient que les Canadiens n&rsquo;auraient pas d\u00fb se battre de fa\u00e7on aussi acharn\u00e9e pour la Grande-Bretagne.<\/p>\n","protected":false},"excerpt":{"rendered":"<p>Les Canadiens n&rsquo;appuyaient pas tous la guerre. Certains refusaient d&rsquo;y participer pour des raisons religieuses, et d&rsquo;autres s&rsquo;opposaient tout simplement \u00e0 la nature particuli\u00e8re de la Premi\u00e8re Guerre mondiale. Beaucoup recherchaient la paix par la n\u00e9gociation ou croyaient que les Canadiens n&rsquo;auraient pas d\u00fb se battre de fa\u00e7on aussi acharn\u00e9e pour la Grande-Bretagne.<\/p>\n","protected":false},"author":1,"featured_media":384,"parent":339,"menu_order":3,"comment_status":"open","ping_status":"open","template":"listing-history.php","meta":{"footnotes":""},"_links":{"self":[{"href":"https:\/\/www.museedelaguerre.ca\/premiereguerremondiale\/wp-json\/wp\/v2\/pages\/381"}],"collection":[{"href":"https:\/\/www.museedelaguerre.ca\/premiereguerremondiale\/wp-json\/wp\/v2\/pages"}],"about":[{"href":"https:\/\/www.museedelaguerre.ca\/premiereguerremondiale\/wp-json\/wp\/v2\/types\/page"}],"author":[{"embeddable":true,"href":"https:\/\/www.museedelaguerre.ca\/premiereguerremondiale\/wp-json\/wp\/v2\/users\/1"}],"replies":[{"embeddable":true,"href":"https:\/\/www.museedelaguerre.ca\/premiereguerremondiale\/wp-json\/wp\/v2\/comments?post=381"}],"version-history":[{"count":1,"href":"https:\/\/www.museedelaguerre.ca\/premiereguerremondiale\/wp-json\/wp\/v2\/pages\/381\/revisions"}],"predecessor-version":[{"id":382,"href":"https:\/\/www.museedelaguerre.ca\/premiereguerremondiale\/wp-json\/wp\/v2\/pages\/381\/revisions\/382"}],"up":[{"embeddable":true,"href":"https:\/\/www.museedelaguerre.ca\/premiereguerremondiale\/wp-json\/wp\/v2\/pages\/339"}],"wp:featuredmedia":[{"embeddable":true,"href":"https:\/\/www.museedelaguerre.ca\/premiereguerremondiale\/wp-json\/wp\/v2\/media\/384"}],"wp:attachment":[{"href":"https:\/\/www.museedelaguerre.ca\/premiereguerremondiale\/wp-json\/wp\/v2\/media?parent=381"}],"curies":[{"name":"wp","href":"https:\/\/api.w.org\/{rel}","templated":true}]}}