{"id":373,"date":"2014-07-18T15:46:56","date_gmt":"2014-07-18T15:46:56","guid":{"rendered":"https:\/\/www.museedelaguerre.ca\/premiere-guerre-mondial\/?page_id=373"},"modified":"2015-03-27T17:30:41","modified_gmt":"2015-03-27T17:30:41","slug":"le-fonds-patriotique-canadien","status":"publish","type":"page","link":"https:\/\/www.museedelaguerre.ca\/premiereguerremondiale\/histoire\/la-vie-au-pays-pendant-la-guerre\/le-front-interieur\/le-fonds-patriotique-canadien\/","title":{"rendered":"Le Fonds patriotique canadien"},"content":{"rendered":"<p class=\"excerpt\">Les fonds patriotiques existaient au Canada depuis plus d&rsquo;un si\u00e8cle. Principalement priv\u00e9s, ils acceptaient des dons de particuliers et d&rsquo;entreprises pour aider les soldats et leurs personnes \u00e0 charge pendant et apr\u00e8s les guerres.<\/p>\n<h2>De l&rsquo;argent pour les familles<\/h2>\n<p>Le militant pour l&rsquo;action sociale et manufacturier de Montr\u00e9al, sir Herbert Ames, poursuivit dans cette voie et cr\u00e9a en ao\u00fbt 1914 le Fonds patriotique canadien (FPC). Organisation priv\u00e9e parrain\u00e9e par le ministre f\u00e9d\u00e9ral des finances, qui en \u00e9tait le tr\u00e9sorier, le FPC allait recueillir pr\u00e8s de 50 millions de dollars pour les familles des soldats et les distribuer gr\u00e2ce \u00e0 un vaste r\u00e9seau de b\u00e9n\u00e9voles locaux. Le Fonds exhortait les Canadiens \u00ab\u00a0\u00e0 se battre ou \u00e0 payer\u00a0\u00bb, et s&rsquo;effor\u00e7ait de garantir aux hommes mari\u00e9s &#8211; 20 pour cent de tous les soldats canadiens pendant la guerre &#8211; qu&rsquo;on allait prendre soin de leurs femmes et de leurs familles en leur absence.<\/p>\n<h2>Admissibilit\u00e9 influenc\u00e9e par les valeurs sociales<\/h2>\n<p>Dans l&rsquo;accomplissement de sa mission &#8211; recueillir des fonds, apporter des secours et donner des conseils de nature sociale aux b\u00e9n\u00e9ficiaires &#8211; le FPC professait des opinions conservatrices quant \u00e0 l&rsquo;admissibilit\u00e9 fortement ax\u00e9e sur la vertu morale. Les personnes charg\u00e9es des enqu\u00eates pour le fonds, notamment des centaines de femmes, agissaient en qualit\u00e9 de travailleurs sociaux b\u00e9n\u00e9voles, visitant les familles pour d\u00e9terminer leurs besoins et leur admissibilit\u00e9. Elles les conseillaient souvent sur la fa\u00e7on de r\u00e9soudre des probl\u00e8mes li\u00e9s \u00e0 la guerre, comme l&rsquo;\u00e9tablissement d&rsquo;un budget, les soins \u00e0 donner aux enfants, la nutrition et l&rsquo;hygi\u00e8ne personnelle. Les b\u00e9n\u00e9ficiaires consid\u00e9r\u00e9s comme non m\u00e9ritants pouvaient \u00eatre abandonn\u00e9s sans appel.<\/p>\n<h2>Une le\u00e7on bien apprise\u00a0: L&rsquo;\u00c9tat providence<\/h2>\n<p>Le FPC et d&rsquo;autres initiatives priv\u00e9es effectu\u00e8rent un travail essentiel, mais la guerre convainquit la plupart des Canadiens que soutenir les familles des soldats \u00e9tait une responsabilit\u00e9 publique. Le FPC ne fut pas r\u00e9tabli au cours de la Deuxi\u00e8me Guerre mondiale et c&rsquo;est le gouvernement canadien qui allait se charger du bien-\u00eatre des soldats. Ce fut un \u00e9l\u00e9ment important de la transformation du Canada en un \u00c9tat providence.<\/p>\n<h3>Poursuivez votre exploration avec ces sujets :<\/h3>\n<ul class=\"related\">\n<li><a href=\"\/premiereguerremondiale\/histoire\/la-vie-au-pays-pendant-la-guerre\/le-front-interieur\/la-guerre-des-enfants\/\">La guerre des enfants<\/a><\/li>\n<li><a href=\"\/premiereguerremondiale\/histoire\/apres-la-guerre\/les-anciens-combattants\/rapatriement-et-demobilisation\/\">Rapatriement et d\u00e9mobilisation<\/a><\/li>\n<li><a href=\"\/premiereguerremondiale\/histoire\/les-gens\/en-uniforme\/tommy-canuck-le-fantassin\/\">Tommy Canuck : le fantassin<\/a><\/li>\n<\/ul>\n","protected":false},"excerpt":{"rendered":"<p>Les fonds patriotiques existaient au Canada depuis plus d&rsquo;un si\u00e8cle. Principalement priv\u00e9s, ils acceptaient des dons de particuliers et d&rsquo;entreprises pour aider les soldats et leurs personnes \u00e0 charge pendant et apr\u00e8s les guerres. De l&rsquo;argent pour les familles Le militant pour l&rsquo;action sociale et manufacturier de Montr\u00e9al, sir Herbert Ames, poursuivit dans cette voie [&hellip;]<\/p>\n","protected":false},"author":1,"featured_media":366,"parent":367,"menu_order":2,"comment_status":"open","ping_status":"open","template":"single-history.php","meta":{"footnotes":""},"_links":{"self":[{"href":"https:\/\/www.museedelaguerre.ca\/premiereguerremondiale\/wp-json\/wp\/v2\/pages\/373"}],"collection":[{"href":"https:\/\/www.museedelaguerre.ca\/premiereguerremondiale\/wp-json\/wp\/v2\/pages"}],"about":[{"href":"https:\/\/www.museedelaguerre.ca\/premiereguerremondiale\/wp-json\/wp\/v2\/types\/page"}],"author":[{"embeddable":true,"href":"https:\/\/www.museedelaguerre.ca\/premiereguerremondiale\/wp-json\/wp\/v2\/users\/1"}],"replies":[{"embeddable":true,"href":"https:\/\/www.museedelaguerre.ca\/premiereguerremondiale\/wp-json\/wp\/v2\/comments?post=373"}],"version-history":[{"count":5,"href":"https:\/\/www.museedelaguerre.ca\/premiereguerremondiale\/wp-json\/wp\/v2\/pages\/373\/revisions"}],"predecessor-version":[{"id":3407,"href":"https:\/\/www.museedelaguerre.ca\/premiereguerremondiale\/wp-json\/wp\/v2\/pages\/373\/revisions\/3407"}],"up":[{"embeddable":true,"href":"https:\/\/www.museedelaguerre.ca\/premiereguerremondiale\/wp-json\/wp\/v2\/pages\/367"}],"wp:featuredmedia":[{"embeddable":true,"href":"https:\/\/www.museedelaguerre.ca\/premiereguerremondiale\/wp-json\/wp\/v2\/media\/366"}],"wp:attachment":[{"href":"https:\/\/www.museedelaguerre.ca\/premiereguerremondiale\/wp-json\/wp\/v2\/media?parent=373"}],"curies":[{"name":"wp","href":"https:\/\/api.w.org\/{rel}","templated":true}]}}

<p class="excerpt">Les fonds patriotiques existaient au Canada depuis plus d&rsquo;un siècle. Principalement privés, ils acceptaient des dons de particuliers et d&rsquo;entreprises pour aider les soldats et leurs personnes à charge pendant et après les guerres.</p>
<h2>De l&rsquo;argent pour les familles</h2>
<p>Le militant pour l&rsquo;action sociale et manufacturier de Montréal, sir Herbert Ames, poursuivit dans cette voie et créa en août 1914 le Fonds patriotique canadien (FPC). Organisation privée parrainée par le ministre fédéral des finances, qui en était le trésorier, le FPC allait recueillir près de 50 millions de dollars pour les familles des soldats et les distribuer grâce à un vaste réseau de bénévoles locaux. Le Fonds exhortait les Canadiens « à se battre ou à payer », et s&rsquo;efforçait de garantir aux hommes mariés &#8211; 20 pour cent de tous les soldats canadiens pendant la guerre &#8211; qu&rsquo;on allait prendre soin de leurs femmes et de leurs familles en leur absence.</p>
<h2>Admissibilité influencée par les valeurs sociales</h2>
<p>Dans l&rsquo;accomplissement de sa mission &#8211; recueillir des fonds, apporter des secours et donner des conseils de nature sociale aux bénéficiaires &#8211; le FPC professait des opinions conservatrices quant à l&rsquo;admissibilité fortement axée sur la vertu morale. Les personnes chargées des enquêtes pour le fonds, notamment des centaines de femmes, agissaient en qualité de travailleurs sociaux bénévoles, visitant les familles pour déterminer leurs besoins et leur admissibilité. Elles les conseillaient souvent sur la façon de résoudre des problèmes liés à la guerre, comme l&rsquo;établissement d&rsquo;un budget, les soins à donner aux enfants, la nutrition et l&rsquo;hygiène personnelle. Les bénéficiaires considérés comme non méritants pouvaient être abandonnés sans appel.</p>
<h2>Une leçon bien apprise : L&rsquo;État providence</h2>
<p>Le FPC et d&rsquo;autres initiatives privées effectuèrent un travail essentiel, mais la guerre convainquit la plupart des Canadiens que soutenir les familles des soldats était une responsabilité publique. Le FPC ne fut pas rétabli au cours de la Deuxième Guerre mondiale et c&rsquo;est le gouvernement canadien qui allait se charger du bien-être des soldats. Ce fut un élément important de la transformation du Canada en un État providence.</p>
<h3>Poursuivez votre exploration avec ces sujets :</h3>
<ul class="related">
<li><a href="/premiereguerremondiale/histoire/la-vie-au-pays-pendant-la-guerre/le-front-interieur/la-guerre-des-enfants/">La guerre des enfants</a></li>
<li><a href="/premiereguerremondiale/histoire/apres-la-guerre/les-anciens-combattants/rapatriement-et-demobilisation/">Rapatriement et démobilisation</a></li>
<li><a href="/premiereguerremondiale/histoire/les-gens/en-uniforme/tommy-canuck-le-fantassin/">Tommy Canuck : le fantassin</a></li>
</ul>

<p>Les fonds patriotiques existaient au Canada depuis plus d&rsquo;un siècle. Principalement privés, ils acceptaient des dons de particuliers et d&rsquo;entreprises pour aider les soldats et leurs personnes à charge pendant et après les guerres. De l&rsquo;argent pour les familles Le militant pour l&rsquo;action sociale et manufacturier de Montréal, sir Herbert Ames, poursuivit dans cette voie [&hellip;]</p>
