{"id":344,"date":"2014-07-18T14:55:42","date_gmt":"2014-07-18T14:55:42","guid":{"rendered":"https:\/\/www.museedelaguerre.ca\/premiere-guerre-mondial\/?page_id=344"},"modified":"2014-07-18T14:55:42","modified_gmt":"2014-07-18T14:55:42","slug":"recrutement-et-conscription","status":"publish","type":"page","link":"https:\/\/www.museedelaguerre.ca\/premiereguerremondiale\/histoire\/la-vie-au-pays-pendant-la-guerre\/recrutement-et-conscription\/","title":{"rendered":"Recrutement et conscription"},"content":{"rendered":"<p>Des centaines de milliers de Canadiens s&rsquo;enr\u00f4l\u00e8rent au cours des trois premi\u00e8res ann\u00e9es de la guerre, mais, en 1916, le recrutement volontaire commen\u00e7a \u00e0 d\u00e9cliner. Apprenez-en davantage sur la promulgation de la conscription en 1917 et ses cons\u00e9quences.<\/p>\n","protected":false},"excerpt":{"rendered":"<p>Des centaines de milliers de Canadiens s&rsquo;enr\u00f4l\u00e8rent au cours des trois premi\u00e8res ann\u00e9es de la guerre, mais, en 1916, le recrutement volontaire commen\u00e7a \u00e0 d\u00e9cliner. Apprenez-en davantage sur la promulgation de la conscription en 1917 et ses cons\u00e9quences.<\/p>\n","protected":false},"author":1,"featured_media":343,"parent":339,"menu_order":0,"comment_status":"open","ping_status":"open","template":"listing-history.php","meta":{"footnotes":""},"_links":{"self":[{"href":"https:\/\/www.museedelaguerre.ca\/premiereguerremondiale\/wp-json\/wp\/v2\/pages\/344"}],"collection":[{"href":"https:\/\/www.museedelaguerre.ca\/premiereguerremondiale\/wp-json\/wp\/v2\/pages"}],"about":[{"href":"https:\/\/www.museedelaguerre.ca\/premiereguerremondiale\/wp-json\/wp\/v2\/types\/page"}],"author":[{"embeddable":true,"href":"https:\/\/www.museedelaguerre.ca\/premiereguerremondiale\/wp-json\/wp\/v2\/users\/1"}],"replies":[{"embeddable":true,"href":"https:\/\/www.museedelaguerre.ca\/premiereguerremondiale\/wp-json\/wp\/v2\/comments?post=344"}],"version-history":[{"count":1,"href":"https:\/\/www.museedelaguerre.ca\/premiereguerremondiale\/wp-json\/wp\/v2\/pages\/344\/revisions"}],"predecessor-version":[{"id":345,"href":"https:\/\/www.museedelaguerre.ca\/premiereguerremondiale\/wp-json\/wp\/v2\/pages\/344\/revisions\/345"}],"up":[{"embeddable":true,"href":"https:\/\/www.museedelaguerre.ca\/premiereguerremondiale\/wp-json\/wp\/v2\/pages\/339"}],"wp:featuredmedia":[{"embeddable":true,"href":"https:\/\/www.museedelaguerre.ca\/premiereguerremondiale\/wp-json\/wp\/v2\/media\/343"}],"wp:attachment":[{"href":"https:\/\/www.museedelaguerre.ca\/premiereguerremondiale\/wp-json\/wp\/v2\/media?parent=344"}],"curies":[{"name":"wp","href":"https:\/\/api.w.org\/{rel}","templated":true}]}}