{"id":3108,"date":"2014-08-22T20:17:21","date_gmt":"2014-08-22T20:17:21","guid":{"rendered":"https:\/\/www.museedelaguerre.ca\/premiereguerremondiale\/?page_id=3108"},"modified":"2017-10-16T13:07:52","modified_gmt":"2017-10-16T13:07:52","slug":"generique-du-site-web","status":"publish","type":"page","link":"https:\/\/www.museedelaguerre.ca\/premiereguerremondiale\/generique-du-site-web\/","title":{"rendered":"G\u00e9n\u00e9rique du site Web"},"content":{"rendered":"<h1>G\u00e9n\u00e9rique du site Web<\/h1>\n<p>&nbsp;<\/p>\n<p>R\u00e9alis\u00e9 avec le g\u00e9n\u00e9reux soutien de la Salamander Foundation.<\/p>\n<p>Ce projet a \u00e9t\u00e9 rendu possible gr\u00e2ce, en partie, \u00e0 Culture canadienne en ligne &#8211; Patrimoine canadien.<\/p>\n<p>&nbsp;<\/p>\n<p><img loading=\"lazy\" decoding=\"async\" class=\"alignnone size-full wp-image-3106\" src=\"https:\/\/www.museedelaguerre.ca\/premiereguerremondiale\/wp-content\/mcme-uploads\/2014\/08\/image001.jpg\" alt=\"Patrimoine Canadien\" width=\"145\" height=\"19\" srcset=\"https:\/\/www.museedelaguerre.ca\/premiereguerremondiale\/wp-content\/mcme-uploads\/2014\/08\/image001.jpg 145w, https:\/\/www.museedelaguerre.ca\/premiereguerremondiale\/wp-content\/mcme-uploads\/2014\/08\/image001-62x8.jpg 62w, https:\/\/www.museedelaguerre.ca\/premiereguerremondiale\/wp-content\/mcme-uploads\/2014\/08\/image001-106x13.jpg 106w, https:\/\/www.museedelaguerre.ca\/premiereguerremondiale\/wp-content\/mcme-uploads\/2014\/08\/image001-132x17.jpg 132w\" sizes=\"(max-width: 145px) 100vw, 145px\" \/><\/p>\n<p><img loading=\"lazy\" decoding=\"async\" class=\"alignnone size-full wp-image-3047\" src=\"https:\/\/www.warmuseum.ca\/premiereguerremondiale\/wp-content\/themes\/main-parent\/images\/logos\/logo-war-fr.png\" alt=\"Mus\u00e9e canadien de la guerre\" width=\"165\" height=\"24\" \/><\/p>\n<p>&nbsp;<\/p>\n<p>&nbsp;<br \/>\n<strong>Date de cr\u00e9ation : 20 juin 2008. Mise \u00e0 jour : 16 octobre 2017<\/strong><\/p>\n","protected":false},"excerpt":{"rendered":"<p>G\u00e9n\u00e9rique du site Web &nbsp; R\u00e9alis\u00e9 avec le g\u00e9n\u00e9reux soutien de la Salamander Foundation. Ce projet a \u00e9t\u00e9 rendu possible gr\u00e2ce, en partie, \u00e0 Culture canadienne en ligne &#8211; Patrimoine canadien. &nbsp; &nbsp; &nbsp; Date de cr\u00e9ation : 20 juin 2008. Mise \u00e0 jour : 16 octobre 2017<\/p>\n","protected":false},"author":1,"featured_media":0,"parent":0,"menu_order":0,"comment_status":"open","ping_status":"open","template":"","meta":{"footnotes":""},"_links":{"self":[{"href":"https:\/\/www.museedelaguerre.ca\/premiereguerremondiale\/wp-json\/wp\/v2\/pages\/3108"}],"collection":[{"href":"https:\/\/www.museedelaguerre.ca\/premiereguerremondiale\/wp-json\/wp\/v2\/pages"}],"about":[{"href":"https:\/\/www.museedelaguerre.ca\/premiereguerremondiale\/wp-json\/wp\/v2\/types\/page"}],"author":[{"embeddable":true,"href":"https:\/\/www.museedelaguerre.ca\/premiereguerremondiale\/wp-json\/wp\/v2\/users\/1"}],"replies":[{"embeddable":true,"href":"https:\/\/www.museedelaguerre.ca\/premiereguerremondiale\/wp-json\/wp\/v2\/comments?post=3108"}],"version-history":[{"count":5,"href":"https:\/\/www.museedelaguerre.ca\/premiereguerremondiale\/wp-json\/wp\/v2\/pages\/3108\/revisions"}],"predecessor-version":[{"id":3509,"href":"https:\/\/www.museedelaguerre.ca\/premiereguerremondiale\/wp-json\/wp\/v2\/pages\/3108\/revisions\/3509"}],"wp:attachment":[{"href":"https:\/\/www.museedelaguerre.ca\/premiereguerremondiale\/wp-json\/wp\/v2\/media?parent=3108"}],"curies":[{"name":"wp","href":"https:\/\/api.w.org\/{rel}","templated":true}]}}

Générique du site Web

<h1>Générique du site Web</h1>
<p>&nbsp;</p>
<p>Réalisé avec le généreux soutien de la Salamander Foundation.</p>
<p>Ce projet a été rendu possible grâce, en partie, à Culture canadienne en ligne &#8211; Patrimoine canadien.</p>
<p>&nbsp;</p>
<p><img loading="lazy" decoding="async" class="alignnone size-full wp-image-3106" src="https://www.museedelaguerre.ca/premiereguerremondiale/wp-content/mcme-uploads/2014/08/image001.jpg" alt="Patrimoine Canadien" width="145" height="19" srcset="https://www.museedelaguerre.ca/premiereguerremondiale/wp-content/mcme-uploads/2014/08/image001.jpg 145w, https://www.museedelaguerre.ca/premiereguerremondiale/wp-content/mcme-uploads/2014/08/image001-62x8.jpg 62w, https://www.museedelaguerre.ca/premiereguerremondiale/wp-content/mcme-uploads/2014/08/image001-106x13.jpg 106w, https://www.museedelaguerre.ca/premiereguerremondiale/wp-content/mcme-uploads/2014/08/image001-132x17.jpg 132w" sizes="(max-width: 145px) 100vw, 145px" /></p>
<p><img loading="lazy" decoding="async" class="alignnone size-full wp-image-3047" src="https://www.warmuseum.ca/premiereguerremondiale/wp-content/themes/main-parent/images/logos/logo-war-fr.png" alt="Musée canadien de la guerre" width="165" height="24" /></p>
<p>&nbsp;</p>
<p>&nbsp;<br />
<strong>Date de création : 20 juin 2008. Mise à jour : 16 octobre 2017</strong></p>

<p>Générique du site Web &nbsp; Réalisé avec le généreux soutien de la Salamander Foundation. Ce projet a été rendu possible grâce, en partie, à Culture canadienne en ligne &#8211; Patrimoine canadien. &nbsp; &nbsp; &nbsp; Date de création : 20 juin 2008. Mise à jour : 16 octobre 2017</p>
