{"id":2904,"date":"2014-08-14T15:47:24","date_gmt":"2014-08-14T15:47:24","guid":{"rendered":"https:\/\/www.museedelaguerre.ca\/premiereguerremondiale\/?page_id=2904"},"modified":"2014-08-14T15:47:24","modified_gmt":"2014-08-14T15:47:24","slug":"enfants-4-a-8-ans-livres-generaux","status":"publish","type":"page","link":"https:\/\/www.museedelaguerre.ca\/premiereguerremondiale\/ressources\/liste-de-livres\/enfants-4-a-8-ans-livres-generaux\/","title":{"rendered":"Enfants &#8211; 4 \u00e0 8 ans : Livres g\u00e9n\u00e9raux"},"content":{"rendered":"<h3><i>In Flanders Fields: The Story of the Poem by John McCrae<\/i><\/h3>\n<p>Linda Granfield, illustr\u00e9 par Janet Wilson<br \/>\nToronto: Lester Publishing, 1995<\/p>\n<p><b>Description:<\/b>Ce livre pr\u00e9sente \u00e0 la fois la vie de John McCrae et le texte de son c\u00e9l\u00e8bre po\u00e8me. Granfield explique aussi le symbolisme du coquelicot par rapport \u00e0 la guerre. Le livre comporte des reproductions de sources archivistiques pour illustrer davantage l&rsquo;histoire, et des cartes pour montrer des batailles importantes de la Premi\u00e8re Guerre mondiale.<\/p>\n<hr \/>\n<h3><i>Un coquelicot pour se souvenir<\/i><\/h3>\n<p>Heather Patterson, illustr\u00e9 par Ron Lightburn<br \/>\nMarkham (Ont.), Scholastic, 2004<\/p>\n<p><b>Description:<\/b>\u00a0Ce livre abondamment illustr\u00e9 raconte comment le coquelicot est devenu un symbole du souvenir de ceux qui sont morts \u00e0 la guerre. On y trouve le texte de \u00ab\u00a0In Flanders Fields\u00a0\u00bb (Au Champ d&rsquo;honneur).<\/p>\n<p>Disponible en anglais sous le titre :<b><i>\u00a0A Poppy is to Remember<\/i><\/b><\/p>\n","protected":false},"excerpt":{"rendered":"<p>In Flanders Fields: The Story of the Poem by John McCrae Linda Granfield, illustr\u00e9 par Janet Wilson Toronto: Lester Publishing, 1995 Description:Ce livre pr\u00e9sente \u00e0 la fois la vie de John McCrae et le texte de son c\u00e9l\u00e8bre po\u00e8me. Granfield explique aussi le symbolisme du coquelicot par rapport \u00e0 la guerre. Le livre comporte des [&hellip;]<\/p>\n","protected":false},"author":1,"featured_media":0,"parent":2900,"menu_order":1,"comment_status":"open","ping_status":"open","template":"single-ressource.php","meta":{"footnotes":""},"_links":{"self":[{"href":"https:\/\/www.museedelaguerre.ca\/premiereguerremondiale\/wp-json\/wp\/v2\/pages\/2904"}],"collection":[{"href":"https:\/\/www.museedelaguerre.ca\/premiereguerremondiale\/wp-json\/wp\/v2\/pages"}],"about":[{"href":"https:\/\/www.museedelaguerre.ca\/premiereguerremondiale\/wp-json\/wp\/v2\/types\/page"}],"author":[{"embeddable":true,"href":"https:\/\/www.museedelaguerre.ca\/premiereguerremondiale\/wp-json\/wp\/v2\/users\/1"}],"replies":[{"embeddable":true,"href":"https:\/\/www.museedelaguerre.ca\/premiereguerremondiale\/wp-json\/wp\/v2\/comments?post=2904"}],"version-history":[{"count":1,"href":"https:\/\/www.museedelaguerre.ca\/premiereguerremondiale\/wp-json\/wp\/v2\/pages\/2904\/revisions"}],"predecessor-version":[{"id":2905,"href":"https:\/\/www.museedelaguerre.ca\/premiereguerremondiale\/wp-json\/wp\/v2\/pages\/2904\/revisions\/2905"}],"up":[{"embeddable":true,"href":"https:\/\/www.museedelaguerre.ca\/premiereguerremondiale\/wp-json\/wp\/v2\/pages\/2900"}],"wp:attachment":[{"href":"https:\/\/www.museedelaguerre.ca\/premiereguerremondiale\/wp-json\/wp\/v2\/media?parent=2904"}],"curies":[{"name":"wp","href":"https:\/\/api.w.org\/{rel}","templated":true}]}}