{"id":26,"date":"2014-07-14T17:40:05","date_gmt":"2014-07-14T17:40:05","guid":{"rendered":"https:\/\/www.museedelaguerre.ca\/premiere-guerre-mondial\/?page_id=26"},"modified":"2014-07-15T14:35:45","modified_gmt":"2014-07-15T14:35:45","slug":"origines-et-premieres-phases","status":"publish","type":"page","link":"https:\/\/www.museedelaguerre.ca\/premiereguerremondiale\/histoire\/lentree-en-guerre\/origines-et-premieres-phases\/","title":{"rendered":"Origines et premi\u00e8res phases"},"content":{"rendered":"<p>Les grandes puissances europ\u00e9ennes se pr\u00e9paraient \u00e0 la guerre depuis des ann\u00e9es. Quand la Premi\u00e8re Guerre mondiale d\u00e9buta en ao\u00fbt 1914, elle passa rapidement d&rsquo;un conflit r\u00e9gional \u00e0 une guerre presque plan\u00e9taire. Apprenez-en davantage sur les adversaires, les causes et les d\u00e9buts du combat.<\/p>\n","protected":false},"excerpt":{"rendered":"<p>Les grandes puissances europ\u00e9ennes se pr\u00e9paraient \u00e0 la guerre depuis des ann\u00e9es. Quand la Premi\u00e8re Guerre mondiale d\u00e9buta en ao\u00fbt 1914, elle passa rapidement d&rsquo;un conflit r\u00e9gional \u00e0 une guerre presque plan\u00e9taire. Apprenez-en davantage sur les adversaires, les causes et les d\u00e9buts du combat.<\/p>\n","protected":false},"author":1,"featured_media":76,"parent":23,"menu_order":0,"comment_status":"open","ping_status":"open","template":"listing-history.php","meta":{"footnotes":""},"_links":{"self":[{"href":"https:\/\/www.museedelaguerre.ca\/premiereguerremondiale\/wp-json\/wp\/v2\/pages\/26"}],"collection":[{"href":"https:\/\/www.museedelaguerre.ca\/premiereguerremondiale\/wp-json\/wp\/v2\/pages"}],"about":[{"href":"https:\/\/www.museedelaguerre.ca\/premiereguerremondiale\/wp-json\/wp\/v2\/types\/page"}],"author":[{"embeddable":true,"href":"https:\/\/www.museedelaguerre.ca\/premiereguerremondiale\/wp-json\/wp\/v2\/users\/1"}],"replies":[{"embeddable":true,"href":"https:\/\/www.museedelaguerre.ca\/premiereguerremondiale\/wp-json\/wp\/v2\/comments?post=26"}],"version-history":[{"count":3,"href":"https:\/\/www.museedelaguerre.ca\/premiereguerremondiale\/wp-json\/wp\/v2\/pages\/26\/revisions"}],"predecessor-version":[{"id":75,"href":"https:\/\/www.museedelaguerre.ca\/premiereguerremondiale\/wp-json\/wp\/v2\/pages\/26\/revisions\/75"}],"up":[{"embeddable":true,"href":"https:\/\/www.museedelaguerre.ca\/premiereguerremondiale\/wp-json\/wp\/v2\/pages\/23"}],"wp:featuredmedia":[{"embeddable":true,"href":"https:\/\/www.museedelaguerre.ca\/premiereguerremondiale\/wp-json\/wp\/v2\/media\/76"}],"wp:attachment":[{"href":"https:\/\/www.museedelaguerre.ca\/premiereguerremondiale\/wp-json\/wp\/v2\/media?parent=26"}],"curies":[{"name":"wp","href":"https:\/\/api.w.org\/{rel}","templated":true}]}}

Origines et premières phases

<p>Les grandes puissances européennes se préparaient à la guerre depuis des années. Quand la Première Guerre mondiale débuta en août 1914, elle passa rapidement d&rsquo;un conflit régional à une guerre presque planétaire. Apprenez-en davantage sur les adversaires, les causes et les débuts du combat.</p>
