{"id":259,"date":"2014-07-17T15:46:10","date_gmt":"2014-07-17T15:46:10","guid":{"rendered":"https:\/\/www.museedelaguerre.ca\/premiere-guerre-mondial\/?page_id=259"},"modified":"2015-03-26T20:26:40","modified_gmt":"2015-03-26T20:26:40","slug":"la-vie-quotidienne-dans-les-tranchees","status":"publish","type":"page","link":"https:\/\/www.museedelaguerre.ca\/premiereguerremondiale\/histoire\/la-vie-au-front\/les-conditions-dans-les-tranchees\/la-vie-quotidienne-dans-les-tranchees\/","title":{"rendered":"La vie quotidienne dans les tranch\u00e9es"},"content":{"rendered":"<p class=\"excerpt\">La vie dans les tranch\u00e9es, le foyer des fantassins pendant la majeure partie de la guerre, consistait en une succession quotidienne de corv\u00e9es et de temps libre.<\/p>\n<h2>Branle-bas de combat \u00e0 l&rsquo;aurore<\/h2>\n<p>Chaque jour, \u00e0 l&rsquo;aurore, le moment o\u00f9 habituellement l&rsquo;ennemi attaquait, les soldats se r\u00e9veillaient au cri de \u00ab\u00a0branle-bas de combat\u00a0\u00bb pour garder les tranch\u00e9es de la ligne de front. Ensuite, s&rsquo;il n&rsquo;y avait pas eu d&rsquo;assaut ils se rassemblaient pour des inspections, le d\u00e9jeuner et leur ration quotidienne de rhum.<\/p>\n<h2>Corv\u00e9es quotidiennes<\/h2>\n<p>Apr\u00e8s le branle-bas de combat, l&rsquo;inspection et le d\u00e9jeuner, les soldats accomplissaient diverses corv\u00e9es allant du nettoyage des latrines au remplissage de sacs de sable ou \u00e0 la r\u00e9paration des caillebotis. Pendant qu&rsquo;il faisait jour, ils effectuaient tous les travaux sous terre et \u00e0 l&rsquo;abri des fusils des tireurs d&rsquo;\u00e9lite. Entre les corv\u00e9es, il y avait souvent du temps pour des loisirs. Les soldats lisaient, r\u00e9digeaient leur journal intime, \u00e9crivaient des lettres ou jouaient \u00e0 des jeux de hasard.<\/p>\n<h2>Activit\u00e9s de nuit dangereuses<\/h2>\n<p>La nuit \u00e9tait \u00e0 la fois le moment o\u00f9 on s&rsquo;activait le plus, et le plus dangereux dans les tranch\u00e9es. \u00c0 la faveur de la nuit, les soldats se hissaient souvent hors de leurs tranch\u00e9es et avan\u00e7aient dans le no man&rsquo;s land (la zone neutre), le terrain d\u00e9vast\u00e9 entre les deux arm\u00e9es. Des \u00e9quipes de travail y r\u00e9paraient les barbel\u00e9s ou creusaient de nouvelles tranch\u00e9es. Des op\u00e9rations plus offensives consistaient \u00e0 patrouiller pour d\u00e9tecter l&rsquo;activit\u00e9 des ennemis ou effectuer des raids pour tuer ou capturer des soldats ennemis ou recueillir des renseignements.<\/p>\n<h2>La mort, faucheuse infatigable<\/h2>\n<p>M\u00eame dans les moments soi-disant tranquilles, la mort fauchait inexorablement des vies. Mises \u00e0 part les v\u00e9ritables batailles, les tirs d&#8217;embuscade et les obus tuaient r\u00e9guli\u00e8rement des soldats dans les tranch\u00e9es, ph\u00e9nom\u00e8ne appel\u00e9 \u00ab\u00a0gaspillage\u00a0\u00bb. Ce nombre r\u00e9gulier de morts obligeait \u00e0 envoyer constamment des renforts. Dans les unit\u00e9s d&rsquo;infanterie compos\u00e9es de huit cents hommes, les taux de \u00ab\u00a0gaspillage\u00a0\u00bb allaient atteindre dix pour cent des effectifs par mois ou 80 soldats tu\u00e9s ou bless\u00e9s.<\/p>\n<h3>Poursuivez votre exploration avec ces sujets :<\/h3>\n<ul class=\"related\">\n<li><a href=\"\/premiereguerremondiale\/histoire\/batailles-et-combats\/la-guerre-sur-terre\/raids-dans-les-tranchees\/\">Raids dans les tranch\u00e9es<\/a><\/li>\n<li><a href=\"\/premiereguerremondiale\/histoire\/apres-la-guerre\/legs\/le-cout-de-la-guerre-du-canada\/\">Le co\u00fbt de la guerre du Canada<\/a><\/li>\n<li><a href=\"\/premiereguerremondiale\/histoire\/la-vie-au-pays-pendant-la-guerre\/recrutement-et-conscription\/recrutement-volontaire\/\">Recrutement volontaire<\/a><\/li>\n<\/ul>\n","protected":false},"excerpt":{"rendered":"<p>La vie dans les tranch\u00e9es, le foyer des fantassins pendant la majeure partie de la guerre, consistait en une succession quotidienne de corv\u00e9es et de temps libre. Branle-bas de combat \u00e0 l&rsquo;aurore Chaque jour, \u00e0 l&rsquo;aurore, le moment o\u00f9 habituellement l&rsquo;ennemi attaquait, les soldats se r\u00e9veillaient au cri de \u00ab\u00a0branle-bas de combat\u00a0\u00bb pour garder les [&hellip;]<\/p>\n","protected":false},"author":1,"featured_media":254,"parent":255,"menu_order":1,"comment_status":"open","ping_status":"open","template":"single-history.php","meta":{"footnotes":""},"_links":{"self":[{"href":"https:\/\/www.museedelaguerre.ca\/premiereguerremondiale\/wp-json\/wp\/v2\/pages\/259"}],"collection":[{"href":"https:\/\/www.museedelaguerre.ca\/premiereguerremondiale\/wp-json\/wp\/v2\/pages"}],"about":[{"href":"https:\/\/www.museedelaguerre.ca\/premiereguerremondiale\/wp-json\/wp\/v2\/types\/page"}],"author":[{"embeddable":true,"href":"https:\/\/www.museedelaguerre.ca\/premiereguerremondiale\/wp-json\/wp\/v2\/users\/1"}],"replies":[{"embeddable":true,"href":"https:\/\/www.museedelaguerre.ca\/premiereguerremondiale\/wp-json\/wp\/v2\/comments?post=259"}],"version-history":[{"count":4,"href":"https:\/\/www.museedelaguerre.ca\/premiereguerremondiale\/wp-json\/wp\/v2\/pages\/259\/revisions"}],"predecessor-version":[{"id":3385,"href":"https:\/\/www.museedelaguerre.ca\/premiereguerremondiale\/wp-json\/wp\/v2\/pages\/259\/revisions\/3385"}],"up":[{"embeddable":true,"href":"https:\/\/www.museedelaguerre.ca\/premiereguerremondiale\/wp-json\/wp\/v2\/pages\/255"}],"wp:featuredmedia":[{"embeddable":true,"href":"https:\/\/www.museedelaguerre.ca\/premiereguerremondiale\/wp-json\/wp\/v2\/media\/254"}],"wp:attachment":[{"href":"https:\/\/www.museedelaguerre.ca\/premiereguerremondiale\/wp-json\/wp\/v2\/media?parent=259"}],"curies":[{"name":"wp","href":"https:\/\/api.w.org\/{rel}","templated":true}]}}