{"id":185,"date":"2014-07-16T20:23:31","date_gmt":"2014-07-16T20:23:31","guid":{"rendered":"https:\/\/www.museedelaguerre.ca\/premiere-guerre-mondial\/?page_id=185"},"modified":"2015-03-26T14:33:16","modified_gmt":"2015-03-26T14:33:16","slug":"artillerie-et-mortiers","status":"publish","type":"page","link":"https:\/\/www.museedelaguerre.ca\/premiereguerremondiale\/histoire\/batailles-et-combats\/armes-terrestres\/artillerie-et-mortiers\/","title":{"rendered":"Artillerie et mortiers"},"content":{"rendered":"<p class=\"excerpt\">L&rsquo;artillerie domina les champs de bataille de la Premi\u00e8re Guerre mondiale et causa la majorit\u00e9 des pertes.<\/p>\n<h2>Canons<\/h2>\n<p>Les arm\u00e9es utilis\u00e8rent \u00e0 la fois des canons de campagne et des canons de si\u00e8ge pendant la guerre. Les canons de campagne \u00e9taient de plus petit calibre, plus l\u00e9gers et plus faciles \u00e0 transporter. Le canon type des arm\u00e9es britannique et canadienne \u00e9tait le canon de 18 livres. Il tirait des explosifs d\u00e9tonants et des obus \u00e0 balles et, plus tard au cours de la guerre, des obus fumig\u00e8nes, incendiaires et \u00e0 gaz.<\/p>\n<h2>Munitions<\/h2>\n<p>L&rsquo;artillerie utilisait diff\u00e9rents obus \u00e0 diverses fins. Les obus \u00e0 balles \u00e9taient con\u00e7us pour exploser au-dessus des lignes ennemies, projetant des centaines de minuscules balles de m\u00e9tal. Cette pluie de m\u00e9tal, qui explosait vers l&rsquo;ext\u00e9rieur en une sorte d&rsquo;explosion de fusil de chasse, causait de terribles blessures aux soldats surpris en terrain d\u00e9couvert.<\/p>\n<p>Les tranch\u00e9es prot\u00e9geaient des shrapnels (balles d&rsquo;obus), mais m\u00eame les tranch\u00e9es \u00e9taient vuln\u00e9rables aux obus explosifs qui \u00e9clataient comme de la dynamite, laissant de gros crat\u00e8res dans le sol et tuant et estropiant quiconque se trouvait \u00e0 proximit\u00e9. La charge explosive d\u00e9truisait \u00e9galement l&rsquo;obus, cr\u00e9ant des \u00e9clats d&rsquo;obus dentel\u00e9s. Les artilleurs utilisaient des obus explosifs pour faire s&rsquo;effondrer les tranch\u00e9es et les abris peu prot\u00e9g\u00e9s, mais seuls les canons de si\u00e8ge, qui \u00e9taient plus gros, pouvaient d\u00e9truire des abris ennemis plus profonds ou des d\u00e9fenses pr\u00e9par\u00e9es.<\/p>\n<h2>Mortiers<\/h2>\n<p>Les mortiers \u00e9taient des armes simples mais efficaces largement utilis\u00e9es dans la guerre de si\u00e8ge depuis plus de 400 ans. Constitu\u00e9s essentiellement de tubes de m\u00e9tal mont\u00e9s sur une base, les mortiers tiraient des obus en une trajectoire en arc \u00e9lev\u00e9, qui plongeaient sur les lignes ou les fortifications ennemies. Les arm\u00e9es de la Premi\u00e8re Guerre mondiale utilisaient de nombreux calibres et types de mortiers, des lourds mortiers de si\u00e8ge aux mortiers dits \u00ab\u00a0d&rsquo;infanterie\u00a0\u00bb qui pouvaient \u00eatre d\u00e9mont\u00e9s et transport\u00e9s par de petits groupes d&rsquo;artilleurs.<\/p>\n<h2>La guerre des artilleurs<\/h2>\n<p>Le nombre de canons d&rsquo;artillerie augmenta \u00e9norm\u00e9ment pendant la guerre. Des canons de plus gros calibre, et qui plus est en plus grand nombre, permirent aux arm\u00e9es alli\u00e9es de tirer un nombre presque illimit\u00e9 d&rsquo;obus vers le milieu de la guerre.<\/p>\n<p>Quand les artilleurs alli\u00e9s adopt\u00e8rent des principes scientifiques tenant compte du temps et des conditions atmosph\u00e9riques, ainsi que de nouvelles tactiques, ils purent davantage localiser, viser et d\u00e9truire les batteries de tir allemandes. Les Allemands furent aussi confront\u00e9s \u00e0 une p\u00e9nurie croissante d&rsquo;obus et de canons tout au long de la guerre en raison du blocus naval. En 1918, les artilleurs alli\u00e9s vainquirent les canons allemands, ce qui entra\u00eena de plus violents bombardements et des barrages roulants plus d\u00e9vastateurs pour appuyer l&rsquo;infanterie quand on lui ordonnait de combattre corps \u00e0 corps avec l&rsquo;ennemi.<\/p>\n<h3>Poursuivez votre exploration avec ces sujets :<\/h3>\n<ul class=\"related\">\n<li><a href=\"\/premiereguerremondiale\/histoire\/les-gens\/generaux\/a-g-l-mcnaughton\/\">A.G.L. McNaughton<\/a><\/li>\n<li><a href=\"\/premiereguerremondiale\/histoire\/la-vie-au-pays-pendant-la-guerre\/leconomie-de-guerre\/finances-et-production-de-guerre\/\">Finances et production de guerre<\/a><\/li>\n<li><a href=\"\/premiereguerremondiale\/histoire\/la-vie-au-front\/les-conditions-dans-les-tranchees\/traumatismes-dus-aux-bombardements\/\">Traumatisme dus aux bombardements<\/a><\/li>\n<\/ul>\n","protected":false},"excerpt":{"rendered":"<p>L&rsquo;artillerie domina les champs de bataille de la Premi\u00e8re Guerre mondiale et causa la majorit\u00e9 des pertes. Canons Les arm\u00e9es utilis\u00e8rent \u00e0 la fois des canons de campagne et des canons de si\u00e8ge pendant la guerre. Les canons de campagne \u00e9taient de plus petit calibre, plus l\u00e9gers et plus faciles \u00e0 transporter. Le canon type [&hellip;]<\/p>\n","protected":false},"author":1,"featured_media":178,"parent":160,"menu_order":3,"comment_status":"open","ping_status":"open","template":"single-history.php","meta":{"footnotes":""},"_links":{"self":[{"href":"https:\/\/www.museedelaguerre.ca\/premiereguerremondiale\/wp-json\/wp\/v2\/pages\/185"}],"collection":[{"href":"https:\/\/www.museedelaguerre.ca\/premiereguerremondiale\/wp-json\/wp\/v2\/pages"}],"about":[{"href":"https:\/\/www.museedelaguerre.ca\/premiereguerremondiale\/wp-json\/wp\/v2\/types\/page"}],"author":[{"embeddable":true,"href":"https:\/\/www.museedelaguerre.ca\/premiereguerremondiale\/wp-json\/wp\/v2\/users\/1"}],"replies":[{"embeddable":true,"href":"https:\/\/www.museedelaguerre.ca\/premiereguerremondiale\/wp-json\/wp\/v2\/comments?post=185"}],"version-history":[{"count":4,"href":"https:\/\/www.museedelaguerre.ca\/premiereguerremondiale\/wp-json\/wp\/v2\/pages\/185\/revisions"}],"predecessor-version":[{"id":3364,"href":"https:\/\/www.museedelaguerre.ca\/premiereguerremondiale\/wp-json\/wp\/v2\/pages\/185\/revisions\/3364"}],"up":[{"embeddable":true,"href":"https:\/\/www.museedelaguerre.ca\/premiereguerremondiale\/wp-json\/wp\/v2\/pages\/160"}],"wp:featuredmedia":[{"embeddable":true,"href":"https:\/\/www.museedelaguerre.ca\/premiereguerremondiale\/wp-json\/wp\/v2\/media\/178"}],"wp:attachment":[{"href":"https:\/\/www.museedelaguerre.ca\/premiereguerremondiale\/wp-json\/wp\/v2\/media?parent=185"}],"curies":[{"name":"wp","href":"https:\/\/api.w.org\/{rel}","templated":true}]}}