{"id":181,"date":"2014-07-16T20:08:13","date_gmt":"2014-07-16T20:08:13","guid":{"rendered":"https:\/\/www.museedelaguerre.ca\/premiere-guerre-mondial\/?page_id=181"},"modified":"2015-03-26T14:29:55","modified_gmt":"2015-03-26T14:29:55","slug":"grenades","status":"publish","type":"page","link":"https:\/\/www.museedelaguerre.ca\/premiereguerremondiale\/histoire\/batailles-et-combats\/armes-terrestres\/grenades\/","title":{"rendered":"Grenades"},"content":{"rendered":"<p class=\"excerpt\">La guerre des tranch\u00e9es du front occidental ressemblait \u00e0 un si\u00e8ge, o\u00f9 les forces ennemies, abrit\u00e9es par des tranch\u00e9es et des fortifications, \u00e9taient difficiles \u00e0 voir ou \u00e0 attaquer avec des armes \u00e0 tir direct telles que des fusils. Dans les combats rapproch\u00e9s, particuli\u00e8rement dans les tranch\u00e9es, il \u00e9tait \u00e9galement difficile d&rsquo;infliger des pertes \u00e0 l&rsquo;ennemi sans s&rsquo;exposer pour tirer.<\/p>\n<h2>Premi\u00e8res grenades dangereuses<\/h2>\n<p>Afin de s&#8217;emparer des tranch\u00e9es ennemies, ou de se d\u00e9fendre contre les attaques, toutes les arm\u00e9es en vinrent \u00e0 utiliser abondamment les grenades. Ces armes simples lanc\u00e9es \u00e0 la main avaient \u00e9t\u00e9 invent\u00e9es des si\u00e8cles auparavant, mais n&rsquo;\u00e9taient plus tellement utilis\u00e9es depuis l&rsquo;\u00e9poque napol\u00e9onienne. R\u00e9invent\u00e9es suite aux exigences de la guerre des tranch\u00e9es, les premi\u00e8res grenades, en 1914, \u00e9taient souvent faites \u00e0 la main \u00e0 partir de vieilles bo\u00eetes de fer-blanc remplies de clous, de morceaux de m\u00e9tal et de poudre \u00e0 canon. Elles s&rsquo;av\u00e9raient souvent aussi dangereuses pour leurs fabricants que pour les cibles vis\u00e9es, en raison du risque d&rsquo;explosion pr\u00e9matur\u00e9e.<\/p>\n<h2>Des dizaines de types de grenades<\/h2>\n<p>\u00c0 la fin de 1915, toutes les arm\u00e9es \u00e9taient approvisionn\u00e9es en bombes manuelles. Les grenadiers tiraient des grenades sp\u00e9cialement modifi\u00e9es \u00e0 l&rsquo;aide de fusils, alors que l&rsquo;infanterie des deux camps en transportait des dizaines de types diff\u00e9rents. Les Allemands pr\u00e9f\u00e9raient g\u00e9n\u00e9ralement la grenade \u00e0 manche, qu&rsquo;on pouvait lancer plus loin mais dont la charge explosive \u00e9tait plus faible. Les Britanniques et les Canadiens se servaient de grenades \u00e0 main en forme d&rsquo;\u0153uf, qu&rsquo;ils pouvaient lancer \u00e0 environ 30 m\u00e8tres (10 de moins que les grenades \u00e0 manche allemandes), mais leur charge explosive \u00e9tait plus forte.<\/p>\n<h2>Indispensable en 1917<\/h2>\n<p>En 1917, tous les fantassins portaient des grenades. Tous les assauts importants exigeaient que les troupes d&rsquo;attaque transportent des grenades suppl\u00e9mentaires pour s&#8217;emparer de leurs objectifs et les conserver lors des contre-attaques ennemies.<\/p>\n<h3>Poursuivez votre exploration avec ces sujets :<\/h3>\n<ul class=\"related\">\n<li><a href=\"\/premiereguerremondiale\/histoire\/la-vie-au-front\/la-culture-des-tranchees\/largot-des-soldats\/\">L&rsquo;argot des soldats<\/a><\/li>\n<li><a href=\"\/premiereguerremondiale\/histoire\/batailles-et-combats\/la-guerre-sur-terre\/raids-dans-les-tranchees\/\">Raids dans les tranch\u00e9es<\/a><\/li>\n<li><a href=\"\/premiereguerremondiale\/histoire\/batailles-et-combats\/armes-terrestres\/armes-des-tranchees\/\">Armes des tranch\u00e9es<\/a><\/li>\n<\/ul>\n","protected":false},"excerpt":{"rendered":"<p>La guerre des tranch\u00e9es du front occidental ressemblait \u00e0 un si\u00e8ge, o\u00f9 les forces ennemies, abrit\u00e9es par des tranch\u00e9es et des fortifications, \u00e9taient difficiles \u00e0 voir ou \u00e0 attaquer avec des armes \u00e0 tir direct telles que des fusils. Dans les combats rapproch\u00e9s, particuli\u00e8rement dans les tranch\u00e9es, il \u00e9tait \u00e9galement difficile d&rsquo;infliger des pertes \u00e0 [&hellip;]<\/p>\n","protected":false},"author":1,"featured_media":172,"parent":160,"menu_order":1,"comment_status":"open","ping_status":"open","template":"single-history.php","meta":{"footnotes":""},"_links":{"self":[{"href":"https:\/\/www.museedelaguerre.ca\/premiereguerremondiale\/wp-json\/wp\/v2\/pages\/181"}],"collection":[{"href":"https:\/\/www.museedelaguerre.ca\/premiereguerremondiale\/wp-json\/wp\/v2\/pages"}],"about":[{"href":"https:\/\/www.museedelaguerre.ca\/premiereguerremondiale\/wp-json\/wp\/v2\/types\/page"}],"author":[{"embeddable":true,"href":"https:\/\/www.museedelaguerre.ca\/premiereguerremondiale\/wp-json\/wp\/v2\/users\/1"}],"replies":[{"embeddable":true,"href":"https:\/\/www.museedelaguerre.ca\/premiereguerremondiale\/wp-json\/wp\/v2\/comments?post=181"}],"version-history":[{"count":3,"href":"https:\/\/www.museedelaguerre.ca\/premiereguerremondiale\/wp-json\/wp\/v2\/pages\/181\/revisions"}],"predecessor-version":[{"id":3362,"href":"https:\/\/www.museedelaguerre.ca\/premiereguerremondiale\/wp-json\/wp\/v2\/pages\/181\/revisions\/3362"}],"up":[{"embeddable":true,"href":"https:\/\/www.museedelaguerre.ca\/premiereguerremondiale\/wp-json\/wp\/v2\/pages\/160"}],"wp:featuredmedia":[{"embeddable":true,"href":"https:\/\/www.museedelaguerre.ca\/premiereguerremondiale\/wp-json\/wp\/v2\/media\/172"}],"wp:attachment":[{"href":"https:\/\/www.museedelaguerre.ca\/premiereguerremondiale\/wp-json\/wp\/v2\/media?parent=181"}],"curies":[{"name":"wp","href":"https:\/\/api.w.org\/{rel}","templated":true}]}}