{"id":179,"date":"2014-07-16T20:05:38","date_gmt":"2014-07-16T20:05:38","guid":{"rendered":"https:\/\/www.museedelaguerre.ca\/premiere-guerre-mondial\/?page_id=179"},"modified":"2015-03-26T14:28:44","modified_gmt":"2015-03-26T14:28:44","slug":"armes-des-tranchees","status":"publish","type":"page","link":"https:\/\/www.museedelaguerre.ca\/premiereguerremondiale\/histoire\/batailles-et-combats\/armes-terrestres\/armes-des-tranchees\/","title":{"rendered":"Armes des tranch\u00e9es"},"content":{"rendered":"<p class=\"excerpt\">Le caract\u00e8re statique des champs de bataille du front occidental amena la mise au point d&rsquo;armes nouvelles plus efficaces et l&rsquo;am\u00e9lioration des anciennes.<\/p>\n<h2>L&rsquo;impasse des tranch\u00e9es<\/h2>\n<p>La fabuleuse puissance de feu des mitrailleuses, de l&rsquo;artillerie \u00e0 tir rapide et des fusils modernes for\u00e7a l&rsquo;infanterie \u00e0 se creuser des abris dans le sol. Les premiers foss\u00e9s temporaires, peu profonds, s&rsquo;agrandirent progressivement pour devenir des r\u00e9seaux de tranch\u00e9es profondes. La plupart des attaques contre ces tranch\u00e9es \u00e9chouaient. De nouvelles armes furent introduites tout au long de la guerre pour aider \u00e0 briser l&rsquo;impasse.<\/p>\n<h2>Armes personnelles et petites armes<\/h2>\n<p>Au d\u00e9but de la guerre, la plupart des soldats ne portaient qu&rsquo;un fusil et une ba\u00efonnette, et la plupart des soldats de la m\u00eame petite unit\u00e9 \u00e9taient arm\u00e9s de la m\u00eame fa\u00e7on. \u00c0 mesure que la guerre progressait, les arm\u00e9es se servirent d&rsquo;armes plus diverses pour mieux \u00e9quiper leurs troupes en vue des combats des tranch\u00e9es et des attaques \u00e0 travers le no man&rsquo;s land, dont des grenades, des grenades \u00e0 fusil, des mortiers et plusieurs types de mitrailleuses.<\/p>\n<p>Les petites unit\u00e9s, de huit \u00e0 30 soldats, en vinrent \u00e0 utiliser des fusils, des mitrailleuses et d&rsquo;autres armes. L&rsquo;entra\u00eenement pour les raids et les attaques montrait comment se servir de la puissance de feu et du mouvement, et \u00e0 faire preuve d&rsquo;ing\u00e9niosit\u00e9 pour franchir ou contourner les centres de r\u00e9sistance ennemis.<\/p>\n<h2>Raids avec des couteaux et des gourdins<\/h2>\n<p>Les armes non officielles &#8211; couteaux, gourdins faites \u00e0 la main et petites catapultes &#8211; \u00e9taient particuli\u00e8rement utiles lors des raids ou incursions. \u00c0 partir de la fin de 1915, les Canadiens effectu\u00e8rent une s\u00e9rie d&rsquo;assauts (tir et esquive) contre des tranch\u00e9es ennemies. On menait ces raids pour tuer l&rsquo;ennemi, obtenir des renseignements et se rendre ma\u00eetre du no man&rsquo;s land. Les Canadiens se m\u00e9rit\u00e8rent rapidement une r\u00e9putation de combattants acharn\u00e9s, en d\u00e9pit des lourdes pertes qu&rsquo;ils subissaient souvent.<\/p>\n<h2>Innovation hors des tranch\u00e9es<\/h2>\n<p>Des armes et des outils meilleurs et plus divers furent mis au point pour l&rsquo;infanterie et les ing\u00e9nieurs, mais la guerre connut aussi l&rsquo;utilisation de gaz toxiques, de mines souterraines, d&rsquo;avions, de dirigeables, de sous-marins et de chars. Beaucoup des inventions les plus redoutables de la guerre, dont les gaz toxiques et les chars d&rsquo;assaut, \u00e9taient con\u00e7ues sp\u00e9cialement pour aider les arm\u00e9es lors des attaques et, en 1917-1918, on s&rsquo;en servait efficacement pour s&rsquo;introduire dans les lignes de tranch\u00e9es ennemies ou s&rsquo;en \u00e9chapper.<\/p>\n<h3>Poursuivez votre exploration avec ces sujets :<\/h3>\n<ul class=\"related\">\n<li><a href=\"\/premiereguerremondiale\/histoire\/les-gens\/en-uniforme\/tommy-canuck-le-fantassin\/\">Tommy Canuck : le fantassin<\/a><\/li>\n<li><a href=\"\/premiereguerremondiale\/histoire\/la-vie-au-front\/les-conditions-dans-les-tranchees\/la-vie-quotidienne-dans-les-tranchees\/\">La vie quotidienne dans les tranch\u00e9es<\/a><\/li>\n<li><a href=\"\/premiereguerremondiale\/histoire\/batailles-et-combats\/la-guerre-sur-terre\/raids-dans-les-tranchees\/\">Raids dans les tranch\u00e9es<\/a><\/li>\n<\/ul>\n","protected":false},"excerpt":{"rendered":"<p>Le caract\u00e8re statique des champs de bataille du front occidental amena la mise au point d&rsquo;armes nouvelles plus efficaces et l&rsquo;am\u00e9lioration des anciennes. L&rsquo;impasse des tranch\u00e9es La fabuleuse puissance de feu des mitrailleuses, de l&rsquo;artillerie \u00e0 tir rapide et des fusils modernes for\u00e7a l&rsquo;infanterie \u00e0 se creuser des abris dans le sol. Les premiers foss\u00e9s [&hellip;]<\/p>\n","protected":false},"author":1,"featured_media":177,"parent":160,"menu_order":0,"comment_status":"open","ping_status":"open","template":"single-history.php","meta":{"footnotes":""},"_links":{"self":[{"href":"https:\/\/www.museedelaguerre.ca\/premiereguerremondiale\/wp-json\/wp\/v2\/pages\/179"}],"collection":[{"href":"https:\/\/www.museedelaguerre.ca\/premiereguerremondiale\/wp-json\/wp\/v2\/pages"}],"about":[{"href":"https:\/\/www.museedelaguerre.ca\/premiereguerremondiale\/wp-json\/wp\/v2\/types\/page"}],"author":[{"embeddable":true,"href":"https:\/\/www.museedelaguerre.ca\/premiereguerremondiale\/wp-json\/wp\/v2\/users\/1"}],"replies":[{"embeddable":true,"href":"https:\/\/www.museedelaguerre.ca\/premiereguerremondiale\/wp-json\/wp\/v2\/comments?post=179"}],"version-history":[{"count":5,"href":"https:\/\/www.museedelaguerre.ca\/premiereguerremondiale\/wp-json\/wp\/v2\/pages\/179\/revisions"}],"predecessor-version":[{"id":3361,"href":"https:\/\/www.museedelaguerre.ca\/premiereguerremondiale\/wp-json\/wp\/v2\/pages\/179\/revisions\/3361"}],"up":[{"embeddable":true,"href":"https:\/\/www.museedelaguerre.ca\/premiereguerremondiale\/wp-json\/wp\/v2\/pages\/160"}],"wp:featuredmedia":[{"embeddable":true,"href":"https:\/\/www.museedelaguerre.ca\/premiereguerremondiale\/wp-json\/wp\/v2\/media\/177"}],"wp:attachment":[{"href":"https:\/\/www.museedelaguerre.ca\/premiereguerremondiale\/wp-json\/wp\/v2\/media?parent=179"}],"curies":[{"name":"wp","href":"https:\/\/api.w.org\/{rel}","templated":true}]}}