{"id":160,"date":"2014-07-16T17:31:57","date_gmt":"2014-07-16T17:31:57","guid":{"rendered":"https:\/\/www.museedelaguerre.ca\/premiere-guerre-mondial\/?page_id=160"},"modified":"2014-07-25T19:59:29","modified_gmt":"2014-07-25T19:59:29","slug":"armes-terrestres","status":"publish","type":"page","link":"https:\/\/www.museedelaguerre.ca\/premiereguerremondiale\/histoire\/batailles-et-combats\/armes-terrestres\/","title":{"rendered":"Armes terrestres"},"content":{"rendered":"<p>La Premi\u00e8re Guerre mondiale fut avant tout une guerre terrestre. Des arm\u00e9es nombreuses utilisaient des armes et des munitions modernes produites en s\u00e9rie au cours de batailles pouvant durer des semaines ou des mois, et tuaient ou blessaient des centaines de milliers de personnes. Apprenez-en davantage sur les armes anciennes et nouvelles de la guerre terrestre.<\/p>\n","protected":false},"excerpt":{"rendered":"<p>La Premi\u00e8re Guerre mondiale fut avant tout une guerre terrestre. Des arm\u00e9es nombreuses utilisaient des armes et des munitions modernes produites en s\u00e9rie au cours de batailles pouvant durer des semaines ou des mois, et tuaient ou blessaient des centaines de milliers de personnes. Apprenez-en davantage sur les armes anciennes et nouvelles de la guerre [&hellip;]<\/p>\n","protected":false},"author":1,"featured_media":173,"parent":111,"menu_order":1,"comment_status":"open","ping_status":"open","template":"listing-history.php","meta":{"footnotes":""},"_links":{"self":[{"href":"https:\/\/www.museedelaguerre.ca\/premiereguerremondiale\/wp-json\/wp\/v2\/pages\/160"}],"collection":[{"href":"https:\/\/www.museedelaguerre.ca\/premiereguerremondiale\/wp-json\/wp\/v2\/pages"}],"about":[{"href":"https:\/\/www.museedelaguerre.ca\/premiereguerremondiale\/wp-json\/wp\/v2\/types\/page"}],"author":[{"embeddable":true,"href":"https:\/\/www.museedelaguerre.ca\/premiereguerremondiale\/wp-json\/wp\/v2\/users\/1"}],"replies":[{"embeddable":true,"href":"https:\/\/www.museedelaguerre.ca\/premiereguerremondiale\/wp-json\/wp\/v2\/comments?post=160"}],"version-history":[{"count":1,"href":"https:\/\/www.museedelaguerre.ca\/premiereguerremondiale\/wp-json\/wp\/v2\/pages\/160\/revisions"}],"predecessor-version":[{"id":161,"href":"https:\/\/www.museedelaguerre.ca\/premiereguerremondiale\/wp-json\/wp\/v2\/pages\/160\/revisions\/161"}],"up":[{"embeddable":true,"href":"https:\/\/www.museedelaguerre.ca\/premiereguerremondiale\/wp-json\/wp\/v2\/pages\/111"}],"wp:featuredmedia":[{"embeddable":true,"href":"https:\/\/www.museedelaguerre.ca\/premiereguerremondiale\/wp-json\/wp\/v2\/media\/173"}],"wp:attachment":[{"href":"https:\/\/www.museedelaguerre.ca\/premiereguerremondiale\/wp-json\/wp\/v2\/media?parent=160"}],"curies":[{"name":"wp","href":"https:\/\/api.w.org\/{rel}","templated":true}]}}