{"id":156,"date":"2014-07-16T17:24:08","date_gmt":"2014-07-16T17:24:08","guid":{"rendered":"https:\/\/www.museedelaguerre.ca\/premiere-guerre-mondial\/?page_id=156"},"modified":"2015-03-26T13:33:56","modified_gmt":"2015-03-26T13:33:56","slug":"armees-doccupation","status":"publish","type":"page","link":"https:\/\/www.museedelaguerre.ca\/premiereguerremondiale\/histoire\/batailles-et-combats\/batailles-terrestres\/armees-doccupation\/","title":{"rendered":"Arm\u00e9es d&rsquo;occupation"},"content":{"rendered":"<p class=\"excerpt\">\u00c0 l&rsquo;automne 1918, les Canadiens particip\u00e8rent \u00e0 une s\u00e9rie de coups violents contre les arm\u00e9es allemandes dans l&rsquo;ouest. Au d\u00e9but de novembre, d\u00e9faite au front et menac\u00e9e au pays par des troubles sociaux et des p\u00e9nuries alimentaires, l&rsquo;Allemagne capitula. L&rsquo;Armistice entra en vigueur \u00e0 11\u00a0h le 11 novembre 1918. Pour les Alli\u00e9s, c&rsquo;\u00e9tait la fin des combats et le d\u00e9but de l&rsquo;occupation.<\/p>\n<h2>Modestes devoirs d&rsquo;occupation<\/h2>\n<p>Les 1re\u00a0et 2e\u00a0divisions canadiennes se rendirent sur le Rhin en d\u00e9cembre pour assumer des t\u00e2ches d&rsquo;occupation. Les Canadiens s&rsquo;\u00e9taient pr\u00e9par\u00e9s \u00e0 des attaques de gu\u00e9rilla, voire \u00e0 de nouveaux assauts de l&rsquo;arm\u00e9e allemande, mais aucun des deux camps ne souhaitait poursuivre la guerre. Les Canadiens avaient notamment pour t\u00e2che de surveiller les ponts et les d\u00e9placements des civils ou des soldats de retour, et de garantir la distribution de nourriture et d&rsquo;autres marchandises.<\/p>\n<h2><b>Troupes press\u00e9es de rentrer au pays<\/b><\/h2>\n<p>Les Canadiens \u00e9taient des occupants malheureux. Les soldats voulaient retrouver les leurs, que, dans bien des cas, ils n&rsquo;avaient pas vus depuis plus de quatre ans. Les troupes canadiennes quitt\u00e8rent l&rsquo;Allemagne pour la Belgique en janvier 1919, mais il faudrait encore plusieurs mois avant que la plupart des soldats canadiens soient de retour chez eux.<\/p>\n<h3>Poursuivez votre exploration avec ces sujets :<\/h3>\n<ul class=\"related\">\n<li><a href=\"\/premiereguerremondiale\/histoire\/apres-la-guerre\/les-anciens-combattants\/rapatriement-et-demobilisation\/\">Rapatriement et d\u00e9mobilisation<\/a><\/li>\n<li><a href=\"\/premiereguerremondiale\/histoire\/apres-la-guerre\/legs\/le-cout-de-la-guerre-du-canada\/\">Le co\u00fbt de la guerre du Canada<\/a><\/li>\n<li><a href=\"\/premiereguerremondiale\/histoire\/apres-la-guerre\/les-anciens-combattants\/avantages-et-terres-pour-les-anciens-combattants\/\">Avantages et terres pour les anciens combattants<\/a><\/li>\n<\/ul>\n","protected":false},"excerpt":{"rendered":"<p>\u00c0 l&rsquo;automne 1918, les Canadiens particip\u00e8rent \u00e0 une s\u00e9rie de coups violents contre les arm\u00e9es allemandes dans l&rsquo;ouest. Au d\u00e9but de novembre, d\u00e9faite au front et menac\u00e9e au pays par des troubles sociaux et des p\u00e9nuries alimentaires, l&rsquo;Allemagne capitula. L&rsquo;Armistice entra en vigueur \u00e0 11\u00a0h le 11 novembre 1918. Pour les Alli\u00e9s, c&rsquo;\u00e9tait la fin [&hellip;]<\/p>\n","protected":false},"author":1,"featured_media":163,"parent":115,"menu_order":14,"comment_status":"open","ping_status":"open","template":"single-history.php","meta":{"footnotes":""},"_links":{"self":[{"href":"https:\/\/www.museedelaguerre.ca\/premiereguerremondiale\/wp-json\/wp\/v2\/pages\/156"}],"collection":[{"href":"https:\/\/www.museedelaguerre.ca\/premiereguerremondiale\/wp-json\/wp\/v2\/pages"}],"about":[{"href":"https:\/\/www.museedelaguerre.ca\/premiereguerremondiale\/wp-json\/wp\/v2\/types\/page"}],"author":[{"embeddable":true,"href":"https:\/\/www.museedelaguerre.ca\/premiereguerremondiale\/wp-json\/wp\/v2\/users\/1"}],"replies":[{"embeddable":true,"href":"https:\/\/www.museedelaguerre.ca\/premiereguerremondiale\/wp-json\/wp\/v2\/comments?post=156"}],"version-history":[{"count":5,"href":"https:\/\/www.museedelaguerre.ca\/premiereguerremondiale\/wp-json\/wp\/v2\/pages\/156\/revisions"}],"predecessor-version":[{"id":3360,"href":"https:\/\/www.museedelaguerre.ca\/premiereguerremondiale\/wp-json\/wp\/v2\/pages\/156\/revisions\/3360"}],"up":[{"embeddable":true,"href":"https:\/\/www.museedelaguerre.ca\/premiereguerremondiale\/wp-json\/wp\/v2\/pages\/115"}],"wp:featuredmedia":[{"embeddable":true,"href":"https:\/\/www.museedelaguerre.ca\/premiereguerremondiale\/wp-json\/wp\/v2\/media\/163"}],"wp:attachment":[{"href":"https:\/\/www.museedelaguerre.ca\/premiereguerremondiale\/wp-json\/wp\/v2\/media?parent=156"}],"curies":[{"name":"wp","href":"https:\/\/api.w.org\/{rel}","templated":true}]}}