{"id":136,"date":"2014-07-16T14:23:06","date_gmt":"2014-07-16T14:23:06","guid":{"rendered":"https:\/\/www.museedelaguerre.ca\/premiere-guerre-mondial\/?page_id=136"},"modified":"2015-03-26T13:03:02","modified_gmt":"2015-03-26T13:03:02","slug":"courcelette","status":"publish","type":"page","link":"https:\/\/www.museedelaguerre.ca\/premiereguerremondiale\/histoire\/batailles-et-combats\/batailles-terrestres\/courcelette\/","title":{"rendered":"Courcelette"},"content":{"rendered":"<p class=\"excerpt\">La bataille de la Somme fit rage durant plus de quatre mois et fit plus d&rsquo;un million de pertes chez les Alli\u00e9s et les Allemands. Les Canadiens, qui se trouvaient \u00e0 l&rsquo;origine dans le secteur d&rsquo;Ypres, rat\u00e8rent les premiers mois de combat, mais ils arriv\u00e8rent dans la Somme d\u00e9but septembre.<\/p>\n<h2>Importantes innovations tactiques<\/h2>\n<p>Dans les combats \u00e0 venir, les Canadiens b\u00e9n\u00e9ficieraient de deux innovations tactiques\u00a0: un barrage d&rsquo;artillerie roulant, et le premier emploi de chars au combat.<\/p>\n<p>Au lieu de tenter d&rsquo;an\u00e9antir l&rsquo;ennemi, le nouveau barrage roulant faisait en sorte que des milliers d&rsquo;obus ratissent lentement les lignes ennemies, progressant de 100 verges, ou 91 m\u00e8tres, par salve de tirs. Ce barrage n&rsquo;avait pas pour but de d\u00e9truire le r\u00e9seau de tranch\u00e9es de l&rsquo;ennemi, encore que cela se produisait parfois, mais de faire rentrer les d\u00e9fenseurs dans leurs abris. L&rsquo;infanterie suivait de pr\u00e8s le barrage &#8211; et l&rsquo;on disait alors \u00ab\u00a0s&rsquo;appuyer sur le barrage\u00a0\u00bb &#8211; afin de franchir le no man&rsquo;s land avant que les troupes ennemies ne sortent de leurs abris pour tirer.<\/p>\n<p>Pour couper les fils de fer barbel\u00e9 et faire taire les mitrailleuses ennemies, sept chars blind\u00e9s accompagn\u00e8rent les Canadiens dans leur premi\u00e8re grande bataille le 15 septembre \u00e0 Courcelette. Peu fiables sur le plan m\u00e9canique et aussi lents qu&rsquo;une personne qui marche, ces chars n&rsquo;en effray\u00e8rent pas moins l&rsquo;ennemi, et beaucoup se rendirent quand les chars apparurent.<\/p>\n<h2>Victoire partielle<\/h2>\n<p>Avec le nouveau barrage d&rsquo;artillerie, les chars et une attaque d&rsquo;infanterie pr\u00e9par\u00e9e avec soin, les Canadiens s&#8217;empar\u00e8rent du village en ruine de Courcelette le 15 septembre. En d\u00e9pit de milliers de pertes, ce fut une victoire, une des rares pour les forces alli\u00e9es de la Somme.<\/p>\n<p>D&rsquo;autres attaques en septembre et en octobre furent tout aussi meurtri\u00e8res, mais moins fructueuses. Des op\u00e9rations contre les tranch\u00e9es Desire et Regina, au nord de Courcelette, furent p\u00e9nibles, et les soldats attaqu\u00e8rent et contre-attaqu\u00e8rent de fa\u00e7on r\u00e9p\u00e9t\u00e9e sur le m\u00eame terrain, et toujours sous un feu ennemi nourri.<\/p>\n<p>\u00c0 la fin d&rsquo;octobre, les trois divisions meurtries du Corps canadien quitt\u00e8rent clopin-clopant la Somme. Elles avaient subi 20\u00a0000 pertes. La 4e\u00a0division canadienne, qui combattait avec des troupes britanniques, s&#8217;empara finalement de la tranch\u00e9e Regina en novembre, quand l&rsquo;offensive prit fin dans la boue tout au long du front de la Somme.<\/p>\n<h2>Le\u00e7on tir\u00e9e\u00a0: armes combin\u00e9es et tactiques am\u00e9lior\u00e9es<\/h2>\n<p>Les batailles de la Somme co\u00fbt\u00e8rent 24\u00a0029 pertes au Corps canadien. Ce terrible massacre apprit aux Canadiens qu&rsquo;il leur fallait am\u00e9liorer les tactiques d&rsquo;infanterie et d&rsquo;artillerie, et mieux coordonner la mani\u00e8re dont les diverses armes militaires collaboraient au combat. La communication demeurerait un probl\u00e8me tout au long de la guerre, mais la Somme a d\u00e9montr\u00e9 que s&rsquo;il \u00e9tait impossible d&rsquo;exercer un contr\u00f4le depuis les quartiers g\u00e9n\u00e9raux de division, de brigade, voire de bataillon, les soldats au front devaient \u00eatre habilit\u00e9s \u00e0 mener leurs propres batailles. L&rsquo;entra\u00eenement apr\u00e8s la bataille de la Somme se concentrerait sur ces le\u00e7ons durement acquises.<\/p>\n<h3>Poursuivez votre exploration avec ces sujets :<\/h3>\n<ul class=\"related\">\n<li><a href=\"\/premiereguerremondiale\/histoire\/la-vie-au-front\/la-culture-des-tranchees\/chansons\/\">Chansons<\/a><\/li>\n<li><a href=\"\/premiereguerremondiale\/histoire\/la-vie-au-pays-pendant-la-guerre\/leconomie-de-guerre\/finances-et-production-de-guerre\/\">Finances et production de guerre<\/a><\/li>\n<li><a href=\"\/premiereguerremondiale\/histoire\/batailles-et-combats\/armes-terrestres\/chars-et-vehicules-blindes\/\">Chars et v\u00e9hicules blind\u00e9s<\/a><\/li>\n<\/ul>\n","protected":false},"excerpt":{"rendered":"<p>La bataille de la Somme fit rage durant plus de quatre mois et fit plus d&rsquo;un million de pertes chez les Alli\u00e9s et les Allemands. Les Canadiens, qui se trouvaient \u00e0 l&rsquo;origine dans le secteur d&rsquo;Ypres, rat\u00e8rent les premiers mois de combat, mais ils arriv\u00e8rent dans la Somme d\u00e9but septembre. Importantes innovations tactiques Dans les [&hellip;]<\/p>\n","protected":false},"author":1,"featured_media":3203,"parent":115,"menu_order":5,"comment_status":"open","ping_status":"open","template":"single-history.php","meta":{"footnotes":""},"_links":{"self":[{"href":"https:\/\/www.museedelaguerre.ca\/premiereguerremondiale\/wp-json\/wp\/v2\/pages\/136"}],"collection":[{"href":"https:\/\/www.museedelaguerre.ca\/premiereguerremondiale\/wp-json\/wp\/v2\/pages"}],"about":[{"href":"https:\/\/www.museedelaguerre.ca\/premiereguerremondiale\/wp-json\/wp\/v2\/types\/page"}],"author":[{"embeddable":true,"href":"https:\/\/www.museedelaguerre.ca\/premiereguerremondiale\/wp-json\/wp\/v2\/users\/1"}],"replies":[{"embeddable":true,"href":"https:\/\/www.museedelaguerre.ca\/premiereguerremondiale\/wp-json\/wp\/v2\/comments?post=136"}],"version-history":[{"count":3,"href":"https:\/\/www.museedelaguerre.ca\/premiereguerremondiale\/wp-json\/wp\/v2\/pages\/136\/revisions"}],"predecessor-version":[{"id":3350,"href":"https:\/\/www.museedelaguerre.ca\/premiereguerremondiale\/wp-json\/wp\/v2\/pages\/136\/revisions\/3350"}],"up":[{"embeddable":true,"href":"https:\/\/www.museedelaguerre.ca\/premiereguerremondiale\/wp-json\/wp\/v2\/pages\/115"}],"wp:featuredmedia":[{"embeddable":true,"href":"https:\/\/www.museedelaguerre.ca\/premiereguerremondiale\/wp-json\/wp\/v2\/media\/3203"}],"wp:attachment":[{"href":"https:\/\/www.museedelaguerre.ca\/premiereguerremondiale\/wp-json\/wp\/v2\/media?parent=136"}],"curies":[{"name":"wp","href":"https:\/\/api.w.org\/{rel}","templated":true}]}}