{"id":118,"date":"2014-07-16T13:21:18","date_gmt":"2014-07-16T13:21:18","guid":{"rendered":"https:\/\/www.museedelaguerre.ca\/premiere-guerre-mondial\/?page_id=118"},"modified":"2015-03-26T12:50:41","modified_gmt":"2015-03-26T12:50:41","slug":"deuxieme-bataille-dypres","status":"publish","type":"page","link":"https:\/\/www.museedelaguerre.ca\/premiereguerremondiale\/histoire\/batailles-et-combats\/batailles-terrestres\/deuxieme-bataille-dypres\/","title":{"rendered":"Deuxi\u00e8me bataille d&rsquo;Ypres"},"content":{"rendered":"<p class=\"excerpt\">La deuxi\u00e8me bataille d&rsquo;Ypres constitua le premier grand engagement des Canadiens.<\/p>\n<h2>Une importante position alli\u00e9e<\/h2>\n<p>En 1915, les Allemands attaquaient la Russie dans l&rsquo;est. Sur le front occidental, ils \u00e9taient surtout sur la d\u00e9fensive, mais ils continuaient \u00e0 organiser des attaques locales lorsque les conditions \u00e9taient favorables. Pour mettre \u00e0 l&rsquo;\u00e9preuve les d\u00e9fenses alli\u00e9es, couvrir les d\u00e9placements de troupes vers le front oriental et tester leur nouvelle arme, le chlore gazeux, les Allemands se pr\u00e9par\u00e8rent \u00e0 une offensive limit\u00e9e en Belgique au printemps 1915 contre le saillant d&rsquo;Ypres, une protub\u00e9rance dans les lignes alli\u00e9es. Derni\u00e8re grande ville belge aux mains des Alli\u00e9s, Ypres assurait une position d\u00e9fensive depuis laquelle prot\u00e9ger les ports fran\u00e7ais de la Manche. Il fallait la conserver.<\/p>\n<h2>Canadiens gaz\u00e9s pendant la bataille<\/h2>\n<p>Le 22 avril, deux brigades canadiennes \u00e9taient sur les lignes de front, une troisi\u00e8me \u00e9tant en r\u00e9serve pr\u00e8s d&rsquo;Ypres. \u00c0 17 heures, les Allemands lanc\u00e8rent des gaz contre la 45e\u00a0division (alg\u00e9rienne) fran\u00e7aise, \u00e0 la gauche des Canadiens. Un \u00e9norme nuage de gaz vert-jaune de plusieurs kilom\u00e8tres de long d\u00e9riva vers les lignes fran\u00e7aises. Quand il atteignit leur position, les troupes fran\u00e7aises \u00e9touff\u00e8rent ou fuirent, yeux et gorges br\u00fbl\u00e9s par le gaz.<\/p>\n<p>Le gros du gaz ne toucha pas les Canadiens, mais la retraite fran\u00e7aise avait expos\u00e9 le flanc gauche canadien et menac\u00e9 de d\u00e9truire l&rsquo;ensemble de la position alli\u00e9e dans le saillant. Les unit\u00e9s du g\u00e9n\u00e9ral Alderson chang\u00e8rent de position pour couvrir la br\u00e8che, mais l&rsquo;attaque au gaz allemande avait cr\u00e9\u00e9 un trou \u00e9norme de plusieurs kilom\u00e8tres de large dans la ligne alli\u00e9e.<\/p>\n<p>Du 22 au 25 avril, les Canadiens combattirent avec t\u00e9nacit\u00e9 pour d\u00e9fendre cette position expos\u00e9e. Surclass\u00e9s en nombre, avec moins de canons, et d\u00e9bord\u00e9s, ils subirent cette fois, le 24 avril, une attaque directe au chlore gazeux. Les Canadiens contre-attaqu\u00e8rent pour ralentir l&rsquo;avanc\u00e9e allemande et perdirent ensuite lentement du terrain, gagnant un temps pr\u00e9cieux pour permettre \u00e0 des troupes britanniques de monter \u00e0 l&rsquo;assaut.<\/p>\n<h2>Une nouvelle r\u00e9putation, mais de lourdes pertes<\/h2>\n<p>L&rsquo;\u00e9preuve du feu de la division canadienne \u00e0 Ypres m\u00e9rita aux Canadiens une r\u00e9putation de troupes endurantes et fiables, mais ils avaient pay\u00e9 un prix \u00e9lev\u00e9\u00a0: environ 6000 pertes au cours de la bataille de quatre jours.<\/p>\n<h3>Poursuivez votre exploration avec ces sujets :<\/h3>\n<ul class=\"related\">\n<li><a href=\"\/premiereguerremondiale\/histoire\/batailles-et-combats\/armes-terrestres\/gaz-toxiques\/\">Gaz toxiques<\/a><\/li>\n<li><a href=\"\/premiereguerremondiale\/histoire\/apres-la-guerre\/legs\/le-cout-de-la-guerre-du-canada\/\">Le co\u00fbt de la guerre du Canada<\/a><\/li>\n<li><a href=\"\/premiereguerremondiale\/histoire\/apres-la-guerre\/se-souvenir\/au-champ-dhonneur-et-john-mccrae\/\"><i>Au champ d\u2019honneur<\/i> et John McCrae<\/a><\/li>\n<\/ul>\n","protected":false},"excerpt":{"rendered":"<p>La deuxi\u00e8me bataille d&rsquo;Ypres constitua le premier grand engagement des Canadiens. Une importante position alli\u00e9e En 1915, les Allemands attaquaient la Russie dans l&rsquo;est. Sur le front occidental, ils \u00e9taient surtout sur la d\u00e9fensive, mais ils continuaient \u00e0 organiser des attaques locales lorsque les conditions \u00e9taient favorables. Pour mettre \u00e0 l&rsquo;\u00e9preuve les d\u00e9fenses alli\u00e9es, couvrir [&hellip;]<\/p>\n","protected":false},"author":1,"featured_media":416,"parent":115,"menu_order":0,"comment_status":"open","ping_status":"open","template":"single-history.php","meta":{"footnotes":""},"_links":{"self":[{"href":"https:\/\/www.museedelaguerre.ca\/premiereguerremondiale\/wp-json\/wp\/v2\/pages\/118"}],"collection":[{"href":"https:\/\/www.museedelaguerre.ca\/premiereguerremondiale\/wp-json\/wp\/v2\/pages"}],"about":[{"href":"https:\/\/www.museedelaguerre.ca\/premiereguerremondiale\/wp-json\/wp\/v2\/types\/page"}],"author":[{"embeddable":true,"href":"https:\/\/www.museedelaguerre.ca\/premiereguerremondiale\/wp-json\/wp\/v2\/users\/1"}],"replies":[{"embeddable":true,"href":"https:\/\/www.museedelaguerre.ca\/premiereguerremondiale\/wp-json\/wp\/v2\/comments?post=118"}],"version-history":[{"count":7,"href":"https:\/\/www.museedelaguerre.ca\/premiereguerremondiale\/wp-json\/wp\/v2\/pages\/118\/revisions"}],"predecessor-version":[{"id":3342,"href":"https:\/\/www.museedelaguerre.ca\/premiereguerremondiale\/wp-json\/wp\/v2\/pages\/118\/revisions\/3342"}],"up":[{"embeddable":true,"href":"https:\/\/www.museedelaguerre.ca\/premiereguerremondiale\/wp-json\/wp\/v2\/pages\/115"}],"wp:featuredmedia":[{"embeddable":true,"href":"https:\/\/www.museedelaguerre.ca\/premiereguerremondiale\/wp-json\/wp\/v2\/media\/416"}],"wp:attachment":[{"href":"https:\/\/www.museedelaguerre.ca\/premiereguerremondiale\/wp-json\/wp\/v2\/media?parent=118"}],"curies":[{"name":"wp","href":"https:\/\/api.w.org\/{rel}","templated":true}]}}