{"id":1039,"date":"2014-07-30T18:14:27","date_gmt":"2014-07-30T18:14:27","guid":{"rendered":"https:\/\/www.museedelaguerre.ca\/premiereguerremondiale\/?page_id=1039"},"modified":"2014-08-15T19:04:50","modified_gmt":"2014-08-15T19:04:50","slug":"lhistoire-en-photos","status":"publish","type":"page","link":"https:\/\/www.museedelaguerre.ca\/premiereguerremondiale\/ressources\/plans-de-lecon\/lhistoire-en-photos\/","title":{"rendered":"L&rsquo;histoire en photos"},"content":{"rendered":"<div id=\"content\">\n<h3>Pour tous les territoires et provinces sauf le Qu\u00e9bec\u00a0: niveaux 7 \u00e0 12<\/h3>\n<h3>Pour le Qu\u00e9bec\u00a0: secondaire 1 \u00e0 5<\/h3>\n<p>Les \u00e9l\u00e8ves analysent des photos canadiennes officielles de la Premi\u00e8re Guerre mondiale et \u00e9tablissent des liens avec des questions, des valeurs et des \u00e9v\u00e8nements refl\u00e9t\u00e9s par ces photos.<a href=\"https:\/\/www.museedelaguerre.ca\/premiereguerremondiale\/wp-content\/mcme-uploads\/2014\/07\/4-a-3-all_f.pdf\" target=\"_blank\">T\u00e9l\u00e9chargez l&rsquo;ensemble des documents (pdf).<\/a>\u00a0[PDF 56k] Comprend deux plans de le\u00e7on, deux feuilles de travail et des photos de qualit\u00e9 sup\u00e9rieure.<\/p>\n<h3>Plans de le\u00e7on &#8211; L&rsquo;histoire en photos (pdfs):<\/h3>\n<ul class=\"links\">\n<li class=\"pdf icon icon-download\"><a href=\"https:\/\/www.museedelaguerre.ca\/premiereguerremondiale\/wp-content\/mcme-uploads\/2014\/07\/4-a-3-a-photograph-analysis-lesson-plan-7-9_f.pdf\" target=\"_blank\">Niveaux 7 \u00e0 9\/secondaire 1 \u00e0 3, plan de le\u00e7on, L&rsquo;histoire en photos (pdf)<\/a>\u00a0[PDF 47k]<\/li>\n<li class=\"pdf icon icon-download\"><a href=\"https:\/\/www.museedelaguerre.ca\/premiereguerremondiale\/wp-content\/mcme-uploads\/2014\/07\/4-a-3-b-photograph-analysis-7-9_f.pdf\" target=\"_blank\">Niveaux 7 \u00e0 9\/secondaire 1 \u00e0 3, Feuille de travail pour l&rsquo;analyse de photos (pdf)<\/a>\u00a0[PDF 33k]<\/li>\n<li class=\"pdf icon icon-download\"><a href=\"https:\/\/www.museedelaguerre.ca\/premiereguerremondiale\/wp-content\/mcme-uploads\/2014\/07\/4-a-3-c-photograph-analysis-10-12_f.pdf\" target=\"_blank\">Niveaux 10 \u00e0 12\/secondaire 4 et 5, plan de le\u00e7on, L&rsquo;histoire en photos (pdf)<\/a>\u00a0[PDF 52k]<\/li>\n<li class=\"pdf icon icon-download\"><a href=\"https:\/\/www.museedelaguerre.ca\/premiereguerremondiale\/wp-content\/mcme-uploads\/2014\/07\/4-a-3-d-photo-analysis-worksheet-10-12_f.pdf\" target=\"_blank\">Niveaux 10 \u00e0 12\/secondaire 4 et 5, Feuille de travail pour l&rsquo;analyse de photos (pdf)<\/a>\u00a0[PDF 30k]<\/li>\n<\/ul>\n<h3>Ressources\u00a0: Photos officielles de la Premi\u00e8re Guerre mondiale<\/h3>\n<p><a href=\"https:\/\/www.museedelaguerre.ca\/premiereguerremondiale\/wp-content\/mcme-uploads\/2014\/07\/4-a-3-e-resources-official-fww-photographs_f.pdf\" target=\"_blank\">Ressources\u00a0: Photos officielles de la Premi\u00e8re Guerre mondiale (pdf)<\/a>\u00a0[PDF 2423k]<\/p>\n<ul class=\"links\">\n<li><a href=\"\/premiereguerremondiale\/objets-et-photos\/photos\/photos-de-la-vie-au-front\/drainage-des-tranchees\/?back=1039\">Drainage des tranch\u00e9es<\/a><\/li>\n<li><a href=\"\/premiereguerremondiale\/objets-et-photos\/photos\/photos-de-la-vie-au-front\/planque\/?back=1039 \u200e\">Planque<\/a><\/li>\n<li><a href=\"\/premiereguerremondiale\/objets-et-photos\/photos\/photos-de-la-vie-au-front\/une-tranchee-seche\/?back=1039\">Une tranch\u00e9e s\u00e8che<\/a><\/li>\n<li><a href=\"\/premiereguerremondiale\/objets-et-photos\/photos\/photos-de-batailles-et-combats\/tranchee-allemande-demolie\/?back=1039\">Tranch\u00e9e allemande d\u00e9molie<\/a><\/li>\n<li><a href=\"\/premiereguerremondiale\/objets-et-photos\/photos\/photos-dapres-guerre\/paysage-a-festubert\/?back=1039\">Paysage \u00e0 Festubert<\/a><\/li>\n<li><a href=\"\/premiereguerremondiale\/objets-et-photos\/photos\/photos-de-batailles-et-combats\/des-prisonniers-allemands-brancardiers\/?back=1039\">Des prisonniers allemands brancardiers<\/a><\/li>\n<li><a href=\"\/premiereguerremondiale\/objets-et-photos\/photos\/photos-de-batailles-et-combats\/lavancee-des-canadiens\/?back=1039\">L&rsquo;avanc\u00e9e des Canadiens<\/a><\/li>\n<li><a href=\"\/premiereguerremondiale\/objets-et-photos\/photos\/photos-de-batailles-et-combats\/fortifications-de-vimy\/?back=1039\">Fortifications de Vimy<\/a><\/li>\n<li><a href=\"\/premiereguerremondiale\/objets-et-photos\/photos\/photos-de-batailles-et-combats\/la-boue-de-passchendaele\/?back=1039\">La boue de Passchendaele<\/a><\/li>\n<li><a href=\"\/premiereguerremondiale\/objets-et-photos\/photos\/photos-de-batailles-et-combats\/les-blesses-et-les-morts\/?back=1039\">Les bless\u00e9s et les morts<\/a><\/li>\n<li><a href=\"\/premiereguerremondiale\/objets-et-photos\/photos\/photos-de-batailles-et-combats\/dans-la-boue\/?back=1039\">Dans la boue<\/a><\/li>\n<li><a href=\"\/premiereguerremondiale\/objets-et-photos\/photos\/photos-de-la-vie-au-front\/reparation-des-mitrailleuses\/?back=1039\">R\u00e9paration des mitrailleuses<\/a><\/li>\n<li><a href=\"\/premiereguerremondiale\/objets-et-photos\/photos\/photos-de-batailles-et-combats\/repos-dans-un-trou-dobus\/?back=1039\">Repos dans un trou d&rsquo;obus<\/a><\/li>\n<li><a href=\"\/premiereguerremondiale\/objets-et-photos\/photos\/photos-de-la-vie-au-front\/repos-a-mons\/?back=1039\">Repos \u00e0 Mons<\/a><\/li>\n<li><a href=\"\/premiereguerremondiale\/objets-et-photos\/photos\/photos-de-batailles-et-combats\/les-victimes-du-gaz-moutarde\/?back=1039\">Les victimes du gaz moutarde<\/a><\/li>\n<li><a href=\"\/premiereguerremondiale\/objets-et-photos\/photos\/photos-de-batailles-et-combats\/retour-a-bord-dun-char\/?back=1039\">Retour \u00e0 bord d&rsquo;un char<\/a><\/li>\n<li><a href=\"\/premiereguerremondiale\/objets-et-photos\/photos\/photos-de-batailles-et-combats\/apres-un-raid-dans-les-tranchees\/?back=1039\">Apr\u00e8s un raid dans les tranch\u00e9es<\/a><\/li>\n<li><a href=\"\/premiereguerremondiale\/objets-et-photos\/photos\/photos-de-batailles-et-combats\/envoi-dun-message-par-pigeon\/\">Envoi d&rsquo;un message par pigeon<\/a><\/li>\n<li><a href=\"\/premiereguerremondiale\/objets-et-photos\/photos\/photos-de-la-vie-au-front\/dechargement-dobus-de-gros-calibre\/?back=1039\">D\u00e9chargement d&rsquo;obus de gros calibre<\/a><\/li>\n<li><a href=\"\/premiereguerremondiale\/objets-et-photos\/photos\/photos-de-la-vie-au-front\/chevaux-de-charge\/\">Chevaux de charge<\/a><\/li>\n<li><a href=\"\/premiereguerremondiale\/objets-et-photos\/photos\/photos-de-la-vie-au-front\/jour-de-lessive\/?back=1039\">Jour de lessive<\/a><\/li>\n<li><a href=\"\/premiereguerremondiale\/objets-et-photos\/photos\/photos-de-la-vie-au-front\/ballon-cerf-volant\/?back=1039\">Ballon cerf-volant<\/a><\/li>\n<li><a href=\"\/premiereguerremondiale\/objets-et-photos\/photos\/photos-de-batailles-et-combats\/retour-du-front\/?back=1039\">Retour du front<\/a><\/li>\n<li><a href=\"\/premiereguerremondiale\/objets-et-photos\/photos\/photos-de-la-vie-au-front\/pause-avant-de-partir-pour-la-ligne-de-front\/?back=1039\">Pause avant de partir pour la ligne de front<\/a><\/li>\n<li><a href=\"\/premiereguerremondiale\/objets-et-photos\/photos\/photos-de-la-vie-au-front\/divertir-les-camarades\/?back=1039\">Divertir les camarades<\/a><\/li>\n<li><a href=\"\/premiereguerremondiale\/objets-et-photos\/photos\/photos-de-la-vie-au-front\/dans-la-peau-du-personnage\/?back=1039\">Dans la peau du personnage<\/a><\/li>\n<li><a href=\"\/premiereguerremondiale\/objets-et-photos\/photos\/photos-de-la-vie-au-front\/tirez\/?back=1039\">Tirez!<\/a><\/li>\n<\/ul>\n<\/div>\n","protected":false},"excerpt":{"rendered":"<p>Pour tous les territoires et provinces sauf le Qu\u00e9bec\u00a0: niveaux 7 \u00e0 12 Pour le Qu\u00e9bec\u00a0: secondaire 1 \u00e0 5 Les \u00e9l\u00e8ves analysent des photos canadiennes officielles de la Premi\u00e8re Guerre mondiale et \u00e9tablissent des liens avec des questions, des valeurs et des \u00e9v\u00e8nements refl\u00e9t\u00e9s par ces photos.T\u00e9l\u00e9chargez l&rsquo;ensemble des documents (pdf).\u00a0[PDF 56k] Comprend deux [&hellip;]<\/p>\n","protected":false},"author":1,"featured_media":0,"parent":36,"menu_order":2,"comment_status":"open","ping_status":"open","template":"single-ressource.php","meta":{"footnotes":""},"_links":{"self":[{"href":"https:\/\/www.museedelaguerre.ca\/premiereguerremondiale\/wp-json\/wp\/v2\/pages\/1039"}],"collection":[{"href":"https:\/\/www.museedelaguerre.ca\/premiereguerremondiale\/wp-json\/wp\/v2\/pages"}],"about":[{"href":"https:\/\/www.museedelaguerre.ca\/premiereguerremondiale\/wp-json\/wp\/v2\/types\/page"}],"author":[{"embeddable":true,"href":"https:\/\/www.museedelaguerre.ca\/premiereguerremondiale\/wp-json\/wp\/v2\/users\/1"}],"replies":[{"embeddable":true,"href":"https:\/\/www.museedelaguerre.ca\/premiereguerremondiale\/wp-json\/wp\/v2\/comments?post=1039"}],"version-history":[{"count":9,"href":"https:\/\/www.museedelaguerre.ca\/premiereguerremondiale\/wp-json\/wp\/v2\/pages\/1039\/revisions"}],"predecessor-version":[{"id":3052,"href":"https:\/\/www.museedelaguerre.ca\/premiereguerremondiale\/wp-json\/wp\/v2\/pages\/1039\/revisions\/3052"}],"up":[{"embeddable":true,"href":"https:\/\/www.museedelaguerre.ca\/premiereguerremondiale\/wp-json\/wp\/v2\/pages\/36"}],"wp:attachment":[{"href":"https:\/\/www.museedelaguerre.ca\/premiereguerremondiale\/wp-json\/wp\/v2\/media?parent=1039"}],"curies":[{"name":"wp","href":"https:\/\/api.w.org\/{rel}","templated":true}]}}