{"id":102,"date":"2014-07-15T16:12:12","date_gmt":"2014-07-15T16:12:12","guid":{"rendered":"https:\/\/www.museedelaguerre.ca\/premiere-guerre-mondial\/?page_id=102"},"modified":"2014-08-28T17:27:52","modified_gmt":"2014-08-28T17:27:52","slug":"le-canada-a-la-guerre","status":"publish","type":"page","link":"https:\/\/www.museedelaguerre.ca\/premiereguerremondiale\/histoire\/lentree-en-guerre\/le-canada-entre-en-guerre\/le-canada-a-la-guerre\/","title":{"rendered":"Le Canada \u00e0 la guerre"},"content":{"rendered":"<p class=\"excerpt\">Quand la Grande-Bretagne eut d\u00e9clar\u00e9 la guerre, le Canada fut automatiquement en guerre. Mais les Canadiens allaient d\u00e9terminer la port\u00e9e de leur propre engagement.<\/p>\n<h2>La guerre de la Grande-Bretagne<\/h2>\n<p>La Grande-Bretagne, qui s&rsquo;\u00e9tait engag\u00e9e longtemps auparavant \u00e0 d\u00e9fendre la souverainet\u00e9 de la Belgique, lan\u00e7a un ultimatum \u00e0 l&rsquo;Allemagne le 4 ao\u00fbt 1914, exigeant le retrait des troupes allemandes. Quand l&rsquo;ultimatum expira \u00e0 minuit, sans que les Allemands se soient retir\u00e9s, la Grande-Bretagne et l&rsquo;Allemagne \u00e9taient en guerre. L&rsquo;Empire britannique l&rsquo;\u00e9tait aussi, dont le Canada et la colonie distincte de Terre-Neuve.<\/p>\n<h2>La guerre du Canada<\/h2>\n<p>En 1914, le Canada \u00e9tait un dominion autonome de l&rsquo;Empire britannique, mais il n&rsquo;avait pas la ma\u00eetrise de ses propres affaires \u00e9trang\u00e8res. Comme pendant la guerre d&rsquo;Afrique du Sud (1899-1902), le gouvernement canadien d\u00e9ciderait de la nature et de la port\u00e9e de l&rsquo;effort de guerre canadien, mais juridiquement le pays \u00e9tait en guerre d\u00e8s que la Grande-Bretagne l&rsquo;\u00e9tait. En 1914, la plupart, mais certainement pas l&rsquo;ensemble, des Canadiens auraient approuv\u00e9 la d\u00e9claration de 1910 du premier ministre Wilfrid Laurier selon laquelle \u00ab\u00a0quand la Grande-Bretagne est en guerre, le Canada l&rsquo;est. Il n&rsquo;y a pas de distinction.\u00a0\u00bb Ils n&rsquo;en d\u00e9battirent pas moins vigoureusement de la port\u00e9e et de la nature de l&rsquo;effort de guerre du Canada et, de plus en plus, de sa relation avec la Grande-Bretagne.<\/p>\n<h2>Le r\u00f4le du Canada<\/h2>\n<p>\u00c0 la fin de la guerre, 619\u00a0000 Canadiens s&rsquo;\u00e9taient enr\u00f4l\u00e9s dans le Corps exp\u00e9ditionnaire canadien pour servir outre-mer. C&rsquo;\u00e9tait une participation \u00e9norme de la part d&rsquo;une population d&rsquo;un peu moins de huit millions de personnes en 1914. Environ sept pour cent de la population totale du Canada fut en uniforme \u00e0 un moment ou l&rsquo;autre de la guerre, et des centaines de milliers d&rsquo;autres Canadiens travaill\u00e8rent sur le front int\u00e9rieur pour soutenir l&rsquo;effort de guerre.<\/p>\n<h3>Poursuivez votre exploration avec ces sujets:<\/h3>\n<ul class=\"related\">\n<li><a href=\"\/premiereguerremondiale\/histoire\/les-gens\/leaders-canadiens\/sir-robert-borden\/\">Sir Robert Borden<\/a><\/li>\n<li><a href=\"\/premiereguerremondiale\/histoire\/la-vie-au-pays-pendant-la-guerre\/recrutement-et-conscription\/recrutement-volontaire\/\">Recrutement volontaire<\/a><\/li>\n<li><a href=\"\/premiereguerremondiale\/histoire\/la-vie-au-front\/structure-militaire\/le-corps-expeditionnaire-canadien\/\">Corps exp\u00e9ditionnaire canadien<\/a><\/li>\n<\/ul>\n","protected":false},"excerpt":{"rendered":"<p>Quand la Grande-Bretagne eut d\u00e9clar\u00e9 la guerre, le Canada fut automatiquement en guerre. Mais les Canadiens allaient d\u00e9terminer la port\u00e9e de leur propre engagement. La guerre de la Grande-Bretagne La Grande-Bretagne, qui s&rsquo;\u00e9tait engag\u00e9e longtemps auparavant \u00e0 d\u00e9fendre la souverainet\u00e9 de la Belgique, lan\u00e7a un ultimatum \u00e0 l&rsquo;Allemagne le 4 ao\u00fbt 1914, exigeant le retrait [&hellip;]<\/p>\n","protected":false},"author":1,"featured_media":3104,"parent":96,"menu_order":0,"comment_status":"open","ping_status":"open","template":"single-history.php","meta":{"footnotes":""},"_links":{"self":[{"href":"https:\/\/www.museedelaguerre.ca\/premiereguerremondiale\/wp-json\/wp\/v2\/pages\/102"}],"collection":[{"href":"https:\/\/www.museedelaguerre.ca\/premiereguerremondiale\/wp-json\/wp\/v2\/pages"}],"about":[{"href":"https:\/\/www.museedelaguerre.ca\/premiereguerremondiale\/wp-json\/wp\/v2\/types\/page"}],"author":[{"embeddable":true,"href":"https:\/\/www.museedelaguerre.ca\/premiereguerremondiale\/wp-json\/wp\/v2\/users\/1"}],"replies":[{"embeddable":true,"href":"https:\/\/www.museedelaguerre.ca\/premiereguerremondiale\/wp-json\/wp\/v2\/comments?post=102"}],"version-history":[{"count":3,"href":"https:\/\/www.museedelaguerre.ca\/premiereguerremondiale\/wp-json\/wp\/v2\/pages\/102\/revisions"}],"predecessor-version":[{"id":2881,"href":"https:\/\/www.museedelaguerre.ca\/premiereguerremondiale\/wp-json\/wp\/v2\/pages\/102\/revisions\/2881"}],"up":[{"embeddable":true,"href":"https:\/\/www.museedelaguerre.ca\/premiereguerremondiale\/wp-json\/wp\/v2\/pages\/96"}],"wp:featuredmedia":[{"embeddable":true,"href":"https:\/\/www.museedelaguerre.ca\/premiereguerremondiale\/wp-json\/wp\/v2\/media\/3104"}],"wp:attachment":[{"href":"https:\/\/www.museedelaguerre.ca\/premiereguerremondiale\/wp-json\/wp\/v2\/media?parent=102"}],"curies":[{"name":"wp","href":"https:\/\/api.w.org\/{rel}","templated":true}]}}