
{"id":8884,"date":"2015-10-21T10:24:01","date_gmt":"2015-10-21T14:38:19","guid":{"rendered":"https:\/\/www.museedelaguerre.ca\/boutique\/?post_type=product&#038;p=8884"},"modified":"2024-12-03T23:00:19","modified_gmt":"2024-12-04T04:00:19","slug":"world-war-women","status":"publish","type":"product","link":"https:\/\/www.museedelaguerre.ca\/boutique\/produit\/world-war-women\/","title":{"rendered":"Grandes Guerres. Grandes Femmes."},"content":{"rendered":"<p><strong>Grandes Guerres. Grandes Femmes.<br \/>\n<\/strong>par Stacey Barker et Molly McCullough<\/p>\n<p>octobre 2015, ISBN 978-0-660-97513-9<br \/>\n104 p., 55 illustrations, 15 x 15 cm, broch\u00e9<\/p>\n<p>D\u00e9couvrez l\u2019incroyable d\u00e9termination et la r\u00e9silience des Canadiennes durant les Premi\u00e8re et Seconde Guerres mondiales, et les sacrifices qu\u2019elles ont consentis.<\/p>\n<p>La guerre a profond\u00e9ment boulevers\u00e9 la vie des Canadiennes, forc\u00e9es de s\u2019adapter concr\u00e8tement aux conditions d\u2019une \u00ab guerre totale \u00bb en travaillant, en faisant du b\u00e9n\u00e9volat ou en servant dans l\u2019arm\u00e9e. Les femmes ont d\u00fb \u00e9galement composer avec des difficult\u00e9s nouvelles dans la foul\u00e9e d\u2019in\u00e9vitables trag\u00e9dies. Leurs contributions \u00e0 l\u2019effort de guerre canadien ont \u00e9t\u00e9 cruciales, et les exp\u00e9riences v\u00e9cues dans ce contexte ont jet\u00e9 un nouvel \u00e9clairage sur les fonctions qu\u2019elles pouvaient assumer, seules et dans la soci\u00e9t\u00e9.<\/p>\n<p>Au moyen de photographies, d\u2019\u0153uvres d\u2019art, de journaux personnels et d\u2019objets souvenirs, notamment une Croix du Souvenir offerte \u00e0 la m\u00e8re d\u2019un soldat tomb\u00e9 au combat, ce catalogue pr\u00e9sente des r\u00e9cits profond\u00e9ment intimes de la vie de femmes dans l\u2019arm\u00e9e et sur le front int\u00e9rieur.<\/p>\n","protected":false},"excerpt":{"rendered":"<p>par Stacey Barker et Molly McCullough<\/p>\n<p>Les deux guerres mondiales ont transform\u00e9 la vie des Canadiennes, appel\u00e9es \u00e0 assumer de nouvelles fonctions dans la foul\u00e9e d\u2019in\u00e9vitables \u00e9preuves et trag\u00e9dies. Au moyen de photographies, d\u2019\u0153uvres d\u2019art, de journaux personnels et d\u2019objets souvenirs, <em>Grandes Guerres. Grandes Femmes. <\/em>raconte l\u2019histoire de ces femmes et montre la remise en question des perceptions \u2013 celles de la soci\u00e9t\u00e9 et les leurs \u2013 \u00e0 l\u2019\u00e9gard de leurs capacit\u00e9s que leurs contributions ont provoqu\u00e9e.<\/p>\n","protected":false},"featured_media":15305,"comment_status":"closed","ping_status":"closed","template":"","meta":{"_acf_changed":false},"product_cat":[1199,604,683],"product_tag":[1213],"acf":[],"_links":{"self":[{"href":"https:\/\/www.museedelaguerre.ca\/boutique\/wp-json\/wp\/v2\/product\/8884"}],"collection":[{"href":"https:\/\/www.museedelaguerre.ca\/boutique\/wp-json\/wp\/v2\/product"}],"about":[{"href":"https:\/\/www.museedelaguerre.ca\/boutique\/wp-json\/wp\/v2\/types\/product"}],"replies":[{"embeddable":true,"href":"https:\/\/www.museedelaguerre.ca\/boutique\/wp-json\/wp\/v2\/comments?post=8884"}],"wp:featuredmedia":[{"embeddable":true,"href":"https:\/\/www.museedelaguerre.ca\/boutique\/wp-json\/wp\/v2\/media\/15305"}],"wp:attachment":[{"href":"https:\/\/www.museedelaguerre.ca\/boutique\/wp-json\/wp\/v2\/media?parent=8884"}],"wp:term":[{"taxonomy":"product_cat","embeddable":true,"href":"https:\/\/www.museedelaguerre.ca\/boutique\/wp-json\/wp\/v2\/product_cat?post=8884"},{"taxonomy":"product_tag","embeddable":true,"href":"https:\/\/www.museedelaguerre.ca\/boutique\/wp-json\/wp\/v2\/product_tag?post=8884"}],"curies":[{"name":"wp","href":"https:\/\/api.w.org\/{rel}","templated":true}]}}