
{"id":18817,"date":"2025-08-25T13:51:48","date_gmt":"2025-09-02T17:51:49","guid":{"rendered":"https:\/\/www.warmuseum.ca\/boutique\/?post_type=product&#038;p=18817"},"modified":"2025-09-02T14:01:00","modified_gmt":"2025-09-02T18:01:00","slug":"maquette-en-metal-p-38-lightning","status":"publish","type":"product","link":"https:\/\/www.museedelaguerre.ca\/boutique\/produit\/maquette-en-metal-p-38-lightning\/","title":{"rendered":"Maquette en m\u00e9tal &#8211; P-38 Lightning"},"content":{"rendered":"<p>Le Lockheed\u00ae P-38 Lightning a servi dans l&#8217;arm\u00e9e am\u00e9ricaine pendant la Seconde Guerre mondiale. Reconnaissable \u00e0 sa conception distinctive \u00e0 double nacelle centrale, le P-38 \u00e9tait surnomm\u00e9 le \u00ab\u00a0diable \u00e0 queue fourchue\u00a0\u00bb par les pilotes de l&#8217;Axe. Utilis\u00e9 \u00e0 la fois comme chasseur \u00e0 long rayon d&#8217;action et comme chasseur-bombardier, le P-38 a jou\u00e9 un r\u00f4le d\u00e9terminant dans de nombreuses missions importantes de la Seconde Guerre mondiale.<\/p>\n","protected":false},"excerpt":{"rendered":"<p>Metal Earth est fabriqu\u00e9 \u00e0 partir de t\u00f4les d&#8217;acier de haute qualit\u00e9. Chaque mod\u00e8le pr\u00e9sente des d\u00e9tails \u00e9tonnants, avec des pi\u00e8ces d\u00e9coup\u00e9es dans une ou plusieurs t\u00f4les carr\u00e9es de 10 cm. Des instructions faciles \u00e0 suivre sont fournies avec chaque kit et ne n\u00e9cessitent ni colle ni soudure! Il suffit de d\u00e9couper les pi\u00e8ces et de plier les languettes aux points de connexion correspondants.<\/p>\n<ul>\n<li>Mod\u00e8le : P-38 Lightning<\/li>\n<li>Nombre de feuilles d&#8217;acier : 2<\/li>\n<li>Difficult\u00e9 : Avanc\u00e9<\/li>\n<li>Dimensions assembl\u00e9 : <span class=\"label\">5.67&#8243; L x 7.95&#8243; W x 3.15&#8243; H (14.4 L x 20.2 W x 8 H cm)<\/span><\/li>\n<li>\u00c2ge\u00a0: 14 ans et plus<\/li>\n<\/ul>\n","protected":false},"featured_media":18819,"comment_status":"open","ping_status":"closed","template":"","meta":{"_acf_changed":false},"product_cat":[1295,1184],"product_tag":[1246,1291],"acf":[],"_links":{"self":[{"href":"https:\/\/www.museedelaguerre.ca\/boutique\/wp-json\/wp\/v2\/product\/18817"}],"collection":[{"href":"https:\/\/www.museedelaguerre.ca\/boutique\/wp-json\/wp\/v2\/product"}],"about":[{"href":"https:\/\/www.museedelaguerre.ca\/boutique\/wp-json\/wp\/v2\/types\/product"}],"replies":[{"embeddable":true,"href":"https:\/\/www.museedelaguerre.ca\/boutique\/wp-json\/wp\/v2\/comments?post=18817"}],"wp:featuredmedia":[{"embeddable":true,"href":"https:\/\/www.museedelaguerre.ca\/boutique\/wp-json\/wp\/v2\/media\/18819"}],"wp:attachment":[{"href":"https:\/\/www.museedelaguerre.ca\/boutique\/wp-json\/wp\/v2\/media?parent=18817"}],"wp:term":[{"taxonomy":"product_cat","embeddable":true,"href":"https:\/\/www.museedelaguerre.ca\/boutique\/wp-json\/wp\/v2\/product_cat?post=18817"},{"taxonomy":"product_tag","embeddable":true,"href":"https:\/\/www.museedelaguerre.ca\/boutique\/wp-json\/wp\/v2\/product_tag?post=18817"}],"curies":[{"name":"wp","href":"https:\/\/api.w.org\/{rel}","templated":true}]}}