
{"id":18770,"date":"2025-08-29T14:58:32","date_gmt":"2025-08-29T18:58:33","guid":{"rendered":"https:\/\/www.warmuseum.ca\/boutique\/?post_type=product&#038;p=18770"},"modified":"2025-08-29T15:03:58","modified_gmt":"2025-08-29T19:03:58","slug":"maquette-en-metal-f-14-tomcat","status":"publish","type":"product","link":"https:\/\/www.museedelaguerre.ca\/boutique\/produit\/maquette-en-metal-f-14-tomcat\/","title":{"rendered":"Maquette en m\u00e9tal &#8211; F-14 Tomcat"},"content":{"rendered":"<p>Le F-14 Tomcat supersonique est un avion de chasse bimoteur \u00e0 fl\u00e8che variable. Il a \u00e9t\u00e9 d\u00e9velopp\u00e9 pour l&#8217;US Navy afin de contrer les chasseurs sovi\u00e9tiques MiG. Le Tomcat est \u00e9quip\u00e9 d&#8217;un \u00e9quipage de deux personnes\u00a0: un pilote \u00e0 l&#8217;avant et un officier d&#8217;interception radar (RIO) \u00e0 l&#8217;arri\u00e8re.<\/p>\n","protected":false},"excerpt":{"rendered":"<p>Metal Earth est fabriqu\u00e9 \u00e0 partir de t\u00f4les d&#8217;acier de haute qualit\u00e9. Chaque mod\u00e8le pr\u00e9sente des d\u00e9tails \u00e9tonnants, avec des pi\u00e8ces d\u00e9coup\u00e9es dans une ou plusieurs t\u00f4les carr\u00e9es de 10 cm. Des instructions faciles \u00e0 suivre sont fournies avec chaque kit et ne n\u00e9cessitent ni colle ni soudure! Il suffit de d\u00e9couper les pi\u00e8ces et de plier les languettes aux points de connexion correspondants.<\/p>\n<ul>\n<li>Mod\u00e8le : F-14 Tomcat<\/li>\n<li>Nombre de feuilles d&#8217;acier : 3<\/li>\n<li>Difficult\u00e9 : Avanc\u00e9<\/li>\n<li>Dimensions assembl\u00e9 : <span class=\"label\"><span class=\"value\">6.57&#8243; L x 5.75&#8243; W x 2.28&#8243; H<\/span>\u00a0\u00a0<span class=\"value\">16.69 L x 14.61 W x 5.8 H cm<\/span><\/span><\/li>\n<li>\u00c2ge\u00a0: 14 ans et plus<\/li>\n<\/ul>\n","protected":false},"featured_media":18772,"comment_status":"open","ping_status":"closed","template":"","meta":{"_acf_changed":false},"product_cat":[1295,1184],"product_tag":[1246,1291],"acf":[],"_links":{"self":[{"href":"https:\/\/www.museedelaguerre.ca\/boutique\/wp-json\/wp\/v2\/product\/18770"}],"collection":[{"href":"https:\/\/www.museedelaguerre.ca\/boutique\/wp-json\/wp\/v2\/product"}],"about":[{"href":"https:\/\/www.museedelaguerre.ca\/boutique\/wp-json\/wp\/v2\/types\/product"}],"replies":[{"embeddable":true,"href":"https:\/\/www.museedelaguerre.ca\/boutique\/wp-json\/wp\/v2\/comments?post=18770"}],"wp:featuredmedia":[{"embeddable":true,"href":"https:\/\/www.museedelaguerre.ca\/boutique\/wp-json\/wp\/v2\/media\/18772"}],"wp:attachment":[{"href":"https:\/\/www.museedelaguerre.ca\/boutique\/wp-json\/wp\/v2\/media?parent=18770"}],"wp:term":[{"taxonomy":"product_cat","embeddable":true,"href":"https:\/\/www.museedelaguerre.ca\/boutique\/wp-json\/wp\/v2\/product_cat?post=18770"},{"taxonomy":"product_tag","embeddable":true,"href":"https:\/\/www.museedelaguerre.ca\/boutique\/wp-json\/wp\/v2\/product_tag?post=18770"}],"curies":[{"name":"wp","href":"https:\/\/api.w.org\/{rel}","templated":true}]}}