
{"id":18660,"date":"2025-08-26T14:22:59","date_gmt":"2025-08-26T18:23:02","guid":{"rendered":"https:\/\/www.warmuseum.ca\/boutique\/?post_type=product&#038;p=18660"},"modified":"2025-08-27T10:14:09","modified_gmt":"2025-08-27T14:14:09","slug":"maquette-en-metal-f-86-sabre","status":"publish","type":"product","link":"https:\/\/www.museedelaguerre.ca\/boutique\/produit\/maquette-en-metal-f-86-sabre\/","title":{"rendered":"Maquette en m\u00e9tal &#8211; F-86 Sabre"},"content":{"rendered":"<p>Le F-86 Sabre est un chasseur \u00e0 r\u00e9action transsonique am\u00e9ricain, d\u00e9ploy\u00e9 pour la premi\u00e8re fois pendant la guerre de Cor\u00e9e. Premier chasseur am\u00e9ricain \u00e0 aile en fl\u00e8che, le F-86 Sabre a \u00e9t\u00e9 con\u00e7u pour contrer le MiG-15 sovi\u00e9tique. Produit par North American Aviation, le F-86 \u00e9tait consid\u00e9r\u00e9 comme l&#8217;un des avions de combat les plus importants du d\u00e9but des ann\u00e9es 1950.<\/p>\n","protected":false},"excerpt":{"rendered":"<p>Metal Earth est fabriqu\u00e9 \u00e0 partir de t\u00f4les d&#8217;acier de haute qualit\u00e9. Chaque mod\u00e8le pr\u00e9sente des d\u00e9tails \u00e9tonnants, avec des pi\u00e8ces d\u00e9coup\u00e9es dans une ou plusieurs t\u00f4les carr\u00e9es de 10 cm. Des instructions faciles \u00e0 suivre sont fournies avec chaque kit et ne n\u00e9cessitent ni colle ni soudure! Il suffit de d\u00e9couper les pi\u00e8ces et de plier les languettes aux points de connexion correspondants.<\/p>\n<ul>\n<li>Mod\u00e8le : F-86 Sabre<\/li>\n<li>Nombre de feuilles d&#8217;acier : 3<\/li>\n<li>Difficult\u00e9 : Moyenne<\/li>\n<li>Dimensions assembl\u00e9 : 6.1&#8243; x 5.9&#8243; x 3.1&#8243; (15.6 L x 15 W x 8 H cm)<\/li>\n<li>\u00c2ges\u00a0: 14 ans et plus<\/li>\n<\/ul>\n","protected":false},"featured_media":18663,"comment_status":"open","ping_status":"closed","template":"","meta":{"_acf_changed":false},"product_cat":[1295,1184],"product_tag":[1202,1246,1291],"acf":[],"_links":{"self":[{"href":"https:\/\/www.museedelaguerre.ca\/boutique\/wp-json\/wp\/v2\/product\/18660"}],"collection":[{"href":"https:\/\/www.museedelaguerre.ca\/boutique\/wp-json\/wp\/v2\/product"}],"about":[{"href":"https:\/\/www.museedelaguerre.ca\/boutique\/wp-json\/wp\/v2\/types\/product"}],"replies":[{"embeddable":true,"href":"https:\/\/www.museedelaguerre.ca\/boutique\/wp-json\/wp\/v2\/comments?post=18660"}],"wp:featuredmedia":[{"embeddable":true,"href":"https:\/\/www.museedelaguerre.ca\/boutique\/wp-json\/wp\/v2\/media\/18663"}],"wp:attachment":[{"href":"https:\/\/www.museedelaguerre.ca\/boutique\/wp-json\/wp\/v2\/media?parent=18660"}],"wp:term":[{"taxonomy":"product_cat","embeddable":true,"href":"https:\/\/www.museedelaguerre.ca\/boutique\/wp-json\/wp\/v2\/product_cat?post=18660"},{"taxonomy":"product_tag","embeddable":true,"href":"https:\/\/www.museedelaguerre.ca\/boutique\/wp-json\/wp\/v2\/product_tag?post=18660"}],"curies":[{"name":"wp","href":"https:\/\/api.w.org\/{rel}","templated":true}]}}