
{"id":18373,"date":"2025-06-19T13:00:59","date_gmt":"2025-06-19T20:42:03","guid":{"rendered":"https:\/\/www.warmuseum.ca\/boutique\/?post_type=product&#038;p=18373"},"modified":"2025-06-20T09:29:32","modified_gmt":"2025-06-20T13:29:32","slug":"tasse-de-voyage-du-musee-canadien-de-la-guerre","status":"publish","type":"product","link":"https:\/\/www.museedelaguerre.ca\/boutique\/produit\/tasse-de-voyage-du-musee-canadien-de-la-guerre\/","title":{"rendered":"Tasse de voyage du Mus\u00e9e canadien de la guerre"},"content":{"rendered":"","protected":false},"excerpt":{"rendered":"<p>Cette tasse est fabriqu\u00e9 en acier inoxydable \u00e0 double paroi avec isolation sous vide, pour garder votre boisson exactement comme vous l\u2019aimez, chaude ou froide. Refermez le couvercle et emportez votre boisson partout o\u00f9 vous allez.<\/p>\n<p>Le logo du Mus\u00e9e canadien de la guerre est grav\u00e9 au laser, ce qui en fait un bel ajout \u00e0 votre collection de bar maison.<\/p>\n<ul>\n<li>Capacit\u00e9 : 17 oz (500 ml)<\/li>\n<li>Garde les liquides au frais jusqu&#8217;\u00e0 24 heures<\/li>\n<li>Garde les liquides au chaud jusqu&#8217;\u00e0 6 heures<\/li>\n<\/ul>\n<p>&nbsp;<\/p>\n","protected":false},"featured_media":18378,"comment_status":"open","ping_status":"closed","template":"","meta":{"_acf_changed":false},"product_cat":[1228,995,667,1192,1209],"product_tag":[],"acf":[],"_links":{"self":[{"href":"https:\/\/www.museedelaguerre.ca\/boutique\/wp-json\/wp\/v2\/product\/18373"}],"collection":[{"href":"https:\/\/www.museedelaguerre.ca\/boutique\/wp-json\/wp\/v2\/product"}],"about":[{"href":"https:\/\/www.museedelaguerre.ca\/boutique\/wp-json\/wp\/v2\/types\/product"}],"replies":[{"embeddable":true,"href":"https:\/\/www.museedelaguerre.ca\/boutique\/wp-json\/wp\/v2\/comments?post=18373"}],"wp:featuredmedia":[{"embeddable":true,"href":"https:\/\/www.museedelaguerre.ca\/boutique\/wp-json\/wp\/v2\/media\/18378"}],"wp:attachment":[{"href":"https:\/\/www.museedelaguerre.ca\/boutique\/wp-json\/wp\/v2\/media?parent=18373"}],"wp:term":[{"taxonomy":"product_cat","embeddable":true,"href":"https:\/\/www.museedelaguerre.ca\/boutique\/wp-json\/wp\/v2\/product_cat?post=18373"},{"taxonomy":"product_tag","embeddable":true,"href":"https:\/\/www.museedelaguerre.ca\/boutique\/wp-json\/wp\/v2\/product_tag?post=18373"}],"curies":[{"name":"wp","href":"https:\/\/api.w.org\/{rel}","templated":true}]}}