
{"id":18371,"date":"2025-06-19T13:35:15","date_gmt":"2025-06-19T20:35:17","guid":{"rendered":"https:\/\/www.warmuseum.ca\/boutique\/?post_type=product&#038;p=18371"},"modified":"2025-06-20T09:58:51","modified_gmt":"2025-06-20T13:58:51","slug":"verre-a-shooter-rond-du-musee-canadien-de-la-guerre-175-oz","status":"publish","type":"product","link":"https:\/\/www.museedelaguerre.ca\/boutique\/produit\/verre-a-shooter-rond-du-musee-canadien-de-la-guerre-175-oz\/","title":{"rendered":"Verre \u00e0 shooter rond du Mus\u00e9e canadien de la guerre (1,75 oz)"},"content":{"rendered":"","protected":false},"excerpt":{"rendered":"<p>Levez votre verre avec notre shooter rond de 1,75 oz. Fabriqu\u00e9 en verre clair et durable, il est parfait pour toute c\u00e9l\u00e9bration et constitue un excellent souvenir. Sa forme ronde en fait le meilleur choix pour les shooters classiques.<\/p>\n<p>Le logo du Mus\u00e9e canadien de la guerre est grav\u00e9 au laser, ce qui en fait un bel ajout \u00e0 votre collection de bar maison.<\/p>\n<ul>\n<li>Capacit\u00e9 : 1,75 oz (51 ml)<\/li>\n<li>Diam\u00e8tre sup\u00e9rieur : 4,9 cm<\/li>\n<li>Hauteur : 6 cm<\/li>\n<li>Va au lave-vaisselle<\/li>\n<\/ul>\n","protected":false},"featured_media":18360,"comment_status":"open","ping_status":"closed","template":"","meta":{"_acf_changed":false},"product_cat":[1287,1228,995,667,1192],"product_tag":[],"acf":[],"_links":{"self":[{"href":"https:\/\/www.museedelaguerre.ca\/boutique\/wp-json\/wp\/v2\/product\/18371"}],"collection":[{"href":"https:\/\/www.museedelaguerre.ca\/boutique\/wp-json\/wp\/v2\/product"}],"about":[{"href":"https:\/\/www.museedelaguerre.ca\/boutique\/wp-json\/wp\/v2\/types\/product"}],"replies":[{"embeddable":true,"href":"https:\/\/www.museedelaguerre.ca\/boutique\/wp-json\/wp\/v2\/comments?post=18371"}],"wp:featuredmedia":[{"embeddable":true,"href":"https:\/\/www.museedelaguerre.ca\/boutique\/wp-json\/wp\/v2\/media\/18360"}],"wp:attachment":[{"href":"https:\/\/www.museedelaguerre.ca\/boutique\/wp-json\/wp\/v2\/media?parent=18371"}],"wp:term":[{"taxonomy":"product_cat","embeddable":true,"href":"https:\/\/www.museedelaguerre.ca\/boutique\/wp-json\/wp\/v2\/product_cat?post=18371"},{"taxonomy":"product_tag","embeddable":true,"href":"https:\/\/www.museedelaguerre.ca\/boutique\/wp-json\/wp\/v2\/product_tag?post=18371"}],"curies":[{"name":"wp","href":"https:\/\/api.w.org\/{rel}","templated":true}]}}