
{"id":18366,"date":"2025-06-19T16:03:25","date_gmt":"2025-06-19T20:03:27","guid":{"rendered":"https:\/\/www.warmuseum.ca\/boutique\/?post_type=product&#038;p=18366"},"modified":"2025-06-20T10:18:52","modified_gmt":"2025-06-20T14:18:52","slug":"chope-a-biere-du-musee-canadien-de-la-guerre-20-oz","status":"publish","type":"product","link":"https:\/\/www.museedelaguerre.ca\/boutique\/produit\/chope-a-biere-du-musee-canadien-de-la-guerre-20-oz\/","title":{"rendered":"Chope \u00e0 bi\u00e8re du Mus\u00e9e canadien de la guerre (20 oz)"},"content":{"rendered":"","protected":false},"excerpt":{"rendered":"<p>Savourez votre boisson pr\u00e9f\u00e9r\u00e9e dans cette chope de 20 oz en verre textur\u00e9. Fabriqu\u00e9e en verre durable, elle est munie d\u2019une poign\u00e9e confortable et d\u2019un design intemporel qui garde votre boisson froide et rafra\u00eechissante.<\/p>\n<p>Le logo du Mus\u00e9e canadien de la guerre est grav\u00e9 au laser, ce qui en fait un bel ajout \u00e0 votre collection de bar maison.<\/p>\n<ul>\n<li>Capacit\u00e9 : 20 oz (591 ml)<\/li>\n<li>Diam\u00e8tre sup\u00e9rieur : 9,4 cm<\/li>\n<li>Hauteur : 12,5 cm<\/li>\n<li>Va au lave-vaisselle<\/li>\n<\/ul>\n","protected":false},"featured_media":18354,"comment_status":"open","ping_status":"closed","template":"","meta":{"_acf_changed":false},"product_cat":[1287,1228,995,667,1192,1209],"product_tag":[],"acf":[],"_links":{"self":[{"href":"https:\/\/www.museedelaguerre.ca\/boutique\/wp-json\/wp\/v2\/product\/18366"}],"collection":[{"href":"https:\/\/www.museedelaguerre.ca\/boutique\/wp-json\/wp\/v2\/product"}],"about":[{"href":"https:\/\/www.museedelaguerre.ca\/boutique\/wp-json\/wp\/v2\/types\/product"}],"replies":[{"embeddable":true,"href":"https:\/\/www.museedelaguerre.ca\/boutique\/wp-json\/wp\/v2\/comments?post=18366"}],"wp:featuredmedia":[{"embeddable":true,"href":"https:\/\/www.museedelaguerre.ca\/boutique\/wp-json\/wp\/v2\/media\/18354"}],"wp:attachment":[{"href":"https:\/\/www.museedelaguerre.ca\/boutique\/wp-json\/wp\/v2\/media?parent=18366"}],"wp:term":[{"taxonomy":"product_cat","embeddable":true,"href":"https:\/\/www.museedelaguerre.ca\/boutique\/wp-json\/wp\/v2\/product_cat?post=18366"},{"taxonomy":"product_tag","embeddable":true,"href":"https:\/\/www.museedelaguerre.ca\/boutique\/wp-json\/wp\/v2\/product_tag?post=18366"}],"curies":[{"name":"wp","href":"https:\/\/api.w.org\/{rel}","templated":true}]}}