
{"id":16205,"date":"2024-05-09T09:21:56","date_gmt":"2024-05-09T13:31:38","guid":{"rendered":"https:\/\/www.warmuseum.ca\/boutique\/?post_type=product&#038;p=16205"},"modified":"2024-05-09T09:31:39","modified_gmt":"2024-05-09T13:31:39","slug":"coton-ouate-du-plan-spitfire-mk-vb","status":"publish","type":"product","link":"https:\/\/www.museedelaguerre.ca\/boutique\/produit\/coton-ouate-du-plan-spitfire-mk-vb\/","title":{"rendered":"Coton ouat\u00e9 du plan Spitfire Mk. Vb"},"content":{"rendered":"<p>Le Spitfire Mk. Vb, introduit en 1941, a repr\u00e9sent\u00e9 l&#8217;aviation britannique pendant la Deuxi\u00e8me Guerre mondiale. Avec son design embl\u00e9matique et son moteur puissant, il est devenu le symbole de la r\u00e9silience de la RAF. Agile et polyvalent, il excellait dans l&#8217;interception des avions ennemis et dans la mise en place d&#8217;un soutien a\u00e9rien vital. R\u00e9put\u00e9 pour sa maniabilit\u00e9, le Mk. Vb reste un symbole de la technologie britannique et de l&#8217;ing\u00e9niosit\u00e9 en temps de guerre.<\/p>\n","protected":false},"excerpt":{"rendered":"<p>Ce chandail \u00e0 capuchon est fabriqu\u00e9 \u00e0 partir d&#8217;un m\u00e9lange durable de coton et de polyester (50\/50). Vous appr\u00e9cierez son int\u00e9rieur douillet, sa capuche doublement doubl\u00e9e avec cordon de serrage, sa pochette et ses bordures avec \u00e9lasthanne pour l&#8217;extensibilit\u00e9 et la r\u00e9cup\u00e9ration. Il est con\u00e7u pour le confort avec une coupe classique et un corps sans couture. De plus, l&#8217;\u00e9tiquette d\u00e9tachable est en train de passer \u00e0 un mat\u00e9riau recycl\u00e9. Qualit\u00e9, confort et style en un seul hoodie.<\/p>\n","protected":false},"featured_media":16211,"comment_status":"open","ping_status":"closed","template":"","meta":{"_acf_changed":false},"product_cat":[995,666,1190],"product_tag":[],"acf":[],"_links":{"self":[{"href":"https:\/\/www.museedelaguerre.ca\/boutique\/wp-json\/wp\/v2\/product\/16205"}],"collection":[{"href":"https:\/\/www.museedelaguerre.ca\/boutique\/wp-json\/wp\/v2\/product"}],"about":[{"href":"https:\/\/www.museedelaguerre.ca\/boutique\/wp-json\/wp\/v2\/types\/product"}],"replies":[{"embeddable":true,"href":"https:\/\/www.museedelaguerre.ca\/boutique\/wp-json\/wp\/v2\/comments?post=16205"}],"wp:featuredmedia":[{"embeddable":true,"href":"https:\/\/www.museedelaguerre.ca\/boutique\/wp-json\/wp\/v2\/media\/16211"}],"wp:attachment":[{"href":"https:\/\/www.museedelaguerre.ca\/boutique\/wp-json\/wp\/v2\/media?parent=16205"}],"wp:term":[{"taxonomy":"product_cat","embeddable":true,"href":"https:\/\/www.museedelaguerre.ca\/boutique\/wp-json\/wp\/v2\/product_cat?post=16205"},{"taxonomy":"product_tag","embeddable":true,"href":"https:\/\/www.museedelaguerre.ca\/boutique\/wp-json\/wp\/v2\/product_tag?post=16205"}],"curies":[{"name":"wp","href":"https:\/\/api.w.org\/{rel}","templated":true}]}}