
{"id":16103,"date":"2024-04-19T07:59:23","date_gmt":"2024-04-19T11:58:41","guid":{"rendered":"https:\/\/www.warmuseum.ca\/boutique\/?post_type=product&#038;p=16103"},"modified":"2025-07-14T14:31:05","modified_gmt":"2025-07-14T18:31:05","slug":"t-shirt-code-morse-du-musee-canadien-de-la-guerre","status":"publish","type":"product","link":"https:\/\/www.museedelaguerre.ca\/boutique\/produit\/t-shirt-code-morse-du-musee-canadien-de-la-guerre\/","title":{"rendered":"T-shirt Code Morse du Mus\u00e9e canadien de la guerre"},"content":{"rendered":"","protected":false},"excerpt":{"rendered":"<p>Ce t-shirt exclusif repr\u00e9sente la fa\u00e7ade du Mus\u00e9e canadien de la guerre et la disposition particuli\u00e8re des fen\u00eatres qui symbolisent le code Morse. Avec ces fen\u00eatres, vous pouvez lire les messages d\u00e9chirants &#8220;Lest we forget&#8221; et &#8220;N&#8217;oubliez jamais&#8221; cod\u00e9s en morse. Fabriqu\u00e9e en coton, ce t-shirt est disponible dans des tailles allant du petit au XXL, pour un confort optimal pour tous.<\/p>\n","protected":false},"featured_media":16115,"comment_status":"open","ping_status":"closed","template":"","meta":{"_acf_changed":false},"product_cat":[1256,1228,995,666,1190],"product_tag":[],"acf":[],"_links":{"self":[{"href":"https:\/\/www.museedelaguerre.ca\/boutique\/wp-json\/wp\/v2\/product\/16103"}],"collection":[{"href":"https:\/\/www.museedelaguerre.ca\/boutique\/wp-json\/wp\/v2\/product"}],"about":[{"href":"https:\/\/www.museedelaguerre.ca\/boutique\/wp-json\/wp\/v2\/types\/product"}],"replies":[{"embeddable":true,"href":"https:\/\/www.museedelaguerre.ca\/boutique\/wp-json\/wp\/v2\/comments?post=16103"}],"wp:featuredmedia":[{"embeddable":true,"href":"https:\/\/www.museedelaguerre.ca\/boutique\/wp-json\/wp\/v2\/media\/16115"}],"wp:attachment":[{"href":"https:\/\/www.museedelaguerre.ca\/boutique\/wp-json\/wp\/v2\/media?parent=16103"}],"wp:term":[{"taxonomy":"product_cat","embeddable":true,"href":"https:\/\/www.museedelaguerre.ca\/boutique\/wp-json\/wp\/v2\/product_cat?post=16103"},{"taxonomy":"product_tag","embeddable":true,"href":"https:\/\/www.museedelaguerre.ca\/boutique\/wp-json\/wp\/v2\/product_tag?post=16103"}],"curies":[{"name":"wp","href":"https:\/\/api.w.org\/{rel}","templated":true}]}}