
{"id":14228,"date":"2023-05-25T14:17:50","date_gmt":"2023-05-25T18:38:20","guid":{"rendered":"https:\/\/www.warmuseum.ca\/boutique\/?post_type=product&#038;p=14228"},"modified":"2024-12-03T23:00:24","modified_gmt":"2024-12-04T04:00:24","slug":"jeux-de-guerre","status":"publish","type":"product","link":"https:\/\/www.museedelaguerre.ca\/boutique\/produit\/jeux-de-guerre\/","title":{"rendered":"Jeux de guerre"},"content":{"rendered":"<p>Les jeux de guerre sont aussi anciens, vari\u00e9s et complexes que la guerre elle-m\u00eame. Au fil des si\u00e8cles et partout dans le monde, les strat\u00e8ges militaires ont invent\u00e9 des jeux pour relever des d\u00e9fis et affiner les tactiques. Dans le m\u00eame temps, les conflits d\u2019hier et d\u2019aujourd\u2019hui inspirent de nombreux jeux auxquels nous jouons \u00e0 la maison, des \u00e9checs aux combats en ligne entre adeptes.<\/p>\n<p>Cette pr\u00e9sentation de grande ampleur montre comment les jeux de guerre \u2013 depuis les champs de bataille \u00e9tal\u00e9s sur une table jusqu\u2019aux simulations num\u00e9riques \u2013 ont \u00e9t\u00e9 utilis\u00e9s dans la formation militaire. Explorez les liens entre des conflits militaires et des jeux populaires. Et lisez des points de vue qui font r\u00e9fl\u00e9chir, ceux d\u2019adeptes de niveau professionnel, de gens qui font des recherches, de sp\u00e9cialistes en conception de jeux, ainsi que d\u2019ex-militaires.<\/p>\n","protected":false},"excerpt":{"rendered":"<p>par Andrew Burtch et Marie-Louise Deruaz<\/p>\n<p>Juin 2023, ISBN : 978-0-6604-5717-8<br \/>\n120 pages, 63 illustrations, 15 cm x 15 cm, broch\u00e9<\/p>\n<p>Cette pr\u00e9sentation de grande ampleur montre comment les jeux de guerre ont \u00e9t\u00e9 utilis\u00e9s dans la formation militaire. Explorez les liens entre des conflits militaires et des jeux populaires. Et lisez des points de vue qui font r\u00e9fl\u00e9chir, ceux d\u2019adeptes de niveau professionnel, de gens qui font des recherches, de sp\u00e9cialistes en conception de jeux, ainsi que d\u2019ex-militaires.<\/p>\n<p><strong>\u00a0<\/strong><\/p>\n","protected":false},"featured_media":14571,"comment_status":"open","ping_status":"closed","template":"","meta":{"_acf_changed":false},"product_cat":[604,683],"product_tag":[1213],"acf":[],"_links":{"self":[{"href":"https:\/\/www.museedelaguerre.ca\/boutique\/wp-json\/wp\/v2\/product\/14228"}],"collection":[{"href":"https:\/\/www.museedelaguerre.ca\/boutique\/wp-json\/wp\/v2\/product"}],"about":[{"href":"https:\/\/www.museedelaguerre.ca\/boutique\/wp-json\/wp\/v2\/types\/product"}],"replies":[{"embeddable":true,"href":"https:\/\/www.museedelaguerre.ca\/boutique\/wp-json\/wp\/v2\/comments?post=14228"}],"wp:featuredmedia":[{"embeddable":true,"href":"https:\/\/www.museedelaguerre.ca\/boutique\/wp-json\/wp\/v2\/media\/14571"}],"wp:attachment":[{"href":"https:\/\/www.museedelaguerre.ca\/boutique\/wp-json\/wp\/v2\/media?parent=14228"}],"wp:term":[{"taxonomy":"product_cat","embeddable":true,"href":"https:\/\/www.museedelaguerre.ca\/boutique\/wp-json\/wp\/v2\/product_cat?post=14228"},{"taxonomy":"product_tag","embeddable":true,"href":"https:\/\/www.museedelaguerre.ca\/boutique\/wp-json\/wp\/v2\/product_tag?post=14228"}],"curies":[{"name":"wp","href":"https:\/\/api.w.org\/{rel}","templated":true}]}}