
{"id":11895,"date":"2020-12-03T14:33:16","date_gmt":"2020-12-03T19:33:25","guid":{"rendered":"https:\/\/www.warmuseum.ca\/boutique\/?post_type=product&#038;p=11895"},"modified":"2024-12-03T23:00:23","modified_gmt":"2024-12-04T04:00:23","slug":"vies-transformees-recits-de-la-seconde-guerre-mondiale","status":"publish","type":"product","link":"https:\/\/www.museedelaguerre.ca\/boutique\/produit\/vies-transformees-recits-de-la-seconde-guerre-mondiale\/","title":{"rendered":"Vies transform\u00e9es \u2013 R\u00e9cits de la Seconde Guerre mondiale"},"content":{"rendered":"<p><strong>Vies transform\u00e9es \u2013 R\u00e9cits de la Seconde Guerre mondiale<\/strong><br \/>\npar Tim Cook et Britt Braaten<\/p>\n<p>Octobre 2020, ISBN : 978-0-660-25259-9<br \/>\n120 pages, 75 illustrations, 15 x 15 cm, broch\u00e9<\/p>\n<p>Le monde entier a \u00e9t\u00e9 touch\u00e9 par la Seconde\u202fGuerre mondiale. Au Canada, l\u2019ensemble de la population en a ressenti les effets.<\/p>\n<p>Du parachutiste \u00e9crivant une derni\u00e8re lettre avant de se lancer dans le vide \u00e0 la \u00ab\u2009l\u2019ouvri\u00e8re aux munitions\u2009\u00bb qui a subi des brulures dans le cadre de son travail \u00e0 l\u2019usine; du prisonnier de guerre se tournant vers l\u2019art pour r\u00e9ussir \u00e0 endurer la mis\u00e8re ambiante \u00e0 l\u2019adolescente canadienne d\u2019origine japonaise qu\u2019on a forc\u00e9e \u00e0 se d\u00e9placer \u00e0 600\u202fkm de chez elle\u2026 Bien que la Seconde\u202fGuerre mondiale ait \u00e9t\u00e9 d\u2019une port\u00e9e et d\u2019une ampleur in\u00e9gal\u00e9es, c\u2019est aussi \u00e0 l\u2019\u00e9chelle humaine qu\u2019elle a \u00e9t\u00e9 v\u00e9cue, dans toute sa gloire et sa brutalit\u00e9.<\/p>\n<p>Afin de souligner le 75e\u202fanniversaire de la fin de la Seconde Guerre mondiale, le Mus\u00e9e canadien de la guerre a produit ce catalogue-souvenir qui, par le biais de photographies, de lettres et d\u2019art\u00e9facts, fait revivre les r\u00e9cits de 26\u202fCanadiennes et Canadiens. Vies transform\u00e9es \u2013 R\u00e9cits de la Seconde Guerre mondiale offre d\u2019explorer comment la guerre a \u00e9t\u00e9 v\u00e9cue, d\u2019un point de vue humain et personnel, au Canada et dans le monde.<\/p>\n<p>&#8212;-<\/p>\n<p>Tim\u202fCook est historien militaire au Mus\u00e9e canadien de la guerre. Les 13\u202flivres qu\u2019il a publi\u00e9s lui ont valu de nombreux prix. Il est membre de la Soci\u00e9t\u00e9 royale du Canada et de l\u2019Ordre du Canada.<\/p>\n<p>Britt Braaten est sp\u00e9cialiste du d\u00e9veloppement cr\u00e9atif au Mus\u00e9e canadien de la guerre. Elle a fait des pr\u00e9sentations, au Canada et \u00e0 l\u2019\u00e9tranger, sur l\u2019inclusion et la mise en r\u00e9cit dans les mus\u00e9es.<\/p>\n","protected":false},"excerpt":{"rendered":"<p>Afin de souligner le 75e\u202fanniversaire de la fin de la Seconde Guerre mondiale, le Mus\u00e9e canadien de la guerre a produit ce catalogue-souvenir qui, par le biais de photographies, de lettres et d\u2019art\u00e9facts, fait revivre les r\u00e9cits de 26\u202fCanadiennes et Canadiens. Vies transform\u00e9es \u2013 R\u00e9cits de la Seconde Guerre mondiale offre d\u2019explorer comment la guerre a \u00e9t\u00e9 v\u00e9cue, d\u2019un point de vue humain et personnel, au Canada et dans le monde.<\/p>\n","protected":false},"featured_media":15271,"comment_status":"open","ping_status":"closed","template":"","meta":{"_acf_changed":false},"product_cat":[604,683],"product_tag":[1213],"acf":[],"_links":{"self":[{"href":"https:\/\/www.museedelaguerre.ca\/boutique\/wp-json\/wp\/v2\/product\/11895"}],"collection":[{"href":"https:\/\/www.museedelaguerre.ca\/boutique\/wp-json\/wp\/v2\/product"}],"about":[{"href":"https:\/\/www.museedelaguerre.ca\/boutique\/wp-json\/wp\/v2\/types\/product"}],"replies":[{"embeddable":true,"href":"https:\/\/www.museedelaguerre.ca\/boutique\/wp-json\/wp\/v2\/comments?post=11895"}],"wp:featuredmedia":[{"embeddable":true,"href":"https:\/\/www.museedelaguerre.ca\/boutique\/wp-json\/wp\/v2\/media\/15271"}],"wp:attachment":[{"href":"https:\/\/www.museedelaguerre.ca\/boutique\/wp-json\/wp\/v2\/media?parent=11895"}],"wp:term":[{"taxonomy":"product_cat","embeddable":true,"href":"https:\/\/www.museedelaguerre.ca\/boutique\/wp-json\/wp\/v2\/product_cat?post=11895"},{"taxonomy":"product_tag","embeddable":true,"href":"https:\/\/www.museedelaguerre.ca\/boutique\/wp-json\/wp\/v2\/product_tag?post=11895"}],"curies":[{"name":"wp","href":"https:\/\/api.w.org\/{rel}","templated":true}]}}