
{"id":11658,"date":"2020-06-25T14:39:47","date_gmt":"2020-07-13T13:23:33","guid":{"rendered":"https:\/\/www.warmuseum.ca\/boutique\/?post_type=product&#038;p=11658"},"modified":"2020-07-13T09:23:33","modified_gmt":"2020-07-13T13:23:33","slug":"epinglette-korean-war","status":"publish","type":"product","link":"https:\/\/www.museedelaguerre.ca\/boutique\/produit\/epinglette-korean-war\/","title":{"rendered":"\u00c9pinglette \u00ab Korean War \u00bb"},"content":{"rendered":"<p>La L\u00e9gion est vou\u00e9e \u00e0 la perp\u00e9tuation de la Tradition du Souvenir. Cette \u00e9pinglette de revers est un autre rappel d\u2019un groupe de v\u00e9t\u00e9rans dignes de cette tradition. Des mat\u00e9riaux de qualit\u00e9 et une simplicit\u00e9 de design mettent en valeur le symbole le plus m\u00e9morable du Souvenir, le Coquelicot. Pr\u00e9sent\u00e9e de fa\u00e7on attrayante sur une carte d\u00e9corative avec l\u00e9gende.<\/p>\n","protected":false},"excerpt":{"rendered":"<p>L&#8217;invasion de la Cor\u00e9e du Sud, par la Cor\u00e9e du Nord communiste, en juin 1950, provoqua une guerre d\u00e9vastatrice qui dura trois ans. Huit destroyers canadiens furent envoy\u00e9s dans les eaux cor\u00e9ennes dans le cadre de la contribution du pays aux forces des Nations Unies combattant l&#8217;invasion.<\/p>\n","protected":false},"featured_media":15567,"comment_status":"open","ping_status":"closed","template":"","meta":{"_acf_changed":false},"product_cat":[951,660,1001],"product_tag":[],"acf":[],"_links":{"self":[{"href":"https:\/\/www.museedelaguerre.ca\/boutique\/wp-json\/wp\/v2\/product\/11658"}],"collection":[{"href":"https:\/\/www.museedelaguerre.ca\/boutique\/wp-json\/wp\/v2\/product"}],"about":[{"href":"https:\/\/www.museedelaguerre.ca\/boutique\/wp-json\/wp\/v2\/types\/product"}],"replies":[{"embeddable":true,"href":"https:\/\/www.museedelaguerre.ca\/boutique\/wp-json\/wp\/v2\/comments?post=11658"}],"wp:featuredmedia":[{"embeddable":true,"href":"https:\/\/www.museedelaguerre.ca\/boutique\/wp-json\/wp\/v2\/media\/15567"}],"wp:attachment":[{"href":"https:\/\/www.museedelaguerre.ca\/boutique\/wp-json\/wp\/v2\/media?parent=11658"}],"wp:term":[{"taxonomy":"product_cat","embeddable":true,"href":"https:\/\/www.museedelaguerre.ca\/boutique\/wp-json\/wp\/v2\/product_cat?post=11658"},{"taxonomy":"product_tag","embeddable":true,"href":"https:\/\/www.museedelaguerre.ca\/boutique\/wp-json\/wp\/v2\/product_tag?post=11658"}],"curies":[{"name":"wp","href":"https:\/\/api.w.org\/{rel}","templated":true}]}}