
{"id":11622,"date":"2020-06-25T12:02:24","date_gmt":"2020-07-13T13:26:25","guid":{"rendered":"https:\/\/www.warmuseum.ca\/boutique\/?post_type=product&#038;p=11622"},"modified":"2025-10-15T08:43:19","modified_gmt":"2025-10-15T12:43:19","slug":"epinglette-de-ruban-plaque-or-24-k","status":"publish","type":"product","link":"https:\/\/www.museedelaguerre.ca\/boutique\/produit\/epinglette-de-ruban-plaque-or-24-k\/","title":{"rendered":"\u00c9pinglette de ruban plaqu\u00e9 or 24 k"},"content":{"rendered":"","protected":false},"excerpt":{"rendered":"<p>Cette \u00e9pinglette de revers d\u2019un ruban plaqu\u00e9 or 24K est agr\u00e9ablement simple, agr\u00e9ment\u00e9e du motif de la <em>L\u00e9gion<\/em> bien connu du Coquelicot. Id\u00e9ale pour hommes ou femmes, l\u2019\u00e9l\u00e9gance classique de cette \u00e9pinglette est le compl\u00e9ment d\u2019une tenue officielle, mais suffisamment \u00e9conomique que vous n\u2019aurez aucune h\u00e9sitation \u00e0 la porter chaque jour.<\/p>\n","protected":false},"featured_media":19025,"comment_status":"open","ping_status":"closed","template":"","meta":{"_acf_changed":false},"product_cat":[1260,951,997,660],"product_tag":[],"acf":[],"_links":{"self":[{"href":"https:\/\/www.museedelaguerre.ca\/boutique\/wp-json\/wp\/v2\/product\/11622"}],"collection":[{"href":"https:\/\/www.museedelaguerre.ca\/boutique\/wp-json\/wp\/v2\/product"}],"about":[{"href":"https:\/\/www.museedelaguerre.ca\/boutique\/wp-json\/wp\/v2\/types\/product"}],"replies":[{"embeddable":true,"href":"https:\/\/www.museedelaguerre.ca\/boutique\/wp-json\/wp\/v2\/comments?post=11622"}],"wp:featuredmedia":[{"embeddable":true,"href":"https:\/\/www.museedelaguerre.ca\/boutique\/wp-json\/wp\/v2\/media\/19025"}],"wp:attachment":[{"href":"https:\/\/www.museedelaguerre.ca\/boutique\/wp-json\/wp\/v2\/media?parent=11622"}],"wp:term":[{"taxonomy":"product_cat","embeddable":true,"href":"https:\/\/www.museedelaguerre.ca\/boutique\/wp-json\/wp\/v2\/product_cat?post=11622"},{"taxonomy":"product_tag","embeddable":true,"href":"https:\/\/www.museedelaguerre.ca\/boutique\/wp-json\/wp\/v2\/product_tag?post=11622"}],"curies":[{"name":"wp","href":"https:\/\/api.w.org\/{rel}","templated":true}]}}