
{"id":11380,"date":"2020-06-17T21:41:13","date_gmt":"2020-07-13T14:45:42","guid":{"rendered":"https:\/\/www.warmuseum.ca\/boutique\/?post_type=product&#038;p=11380"},"modified":"2023-07-21T11:55:33","modified_gmt":"2023-07-21T15:55:33","slug":"bracelet-coquelicot","status":"publish","type":"product","link":"https:\/\/www.museedelaguerre.ca\/boutique\/produit\/bracelet-coquelicot\/","title":{"rendered":"Bracelet Coquelicot"},"content":{"rendered":"<p>Cet attrayant bracelet pour jeunes affiche le message du Souvenir tout en \u00e9tant rehauss\u00e9 du Coquelicot du Souvenir. Il est pr\u00e9sent\u00e9 sur une carte incluant \u00ab In Flanders Fields \u00bb. Fait en silicone.<\/p>\n","protected":false},"excerpt":{"rendered":"<p>Le coquelicot rouge, une plante indig\u00e8ne le long de la majeure partie du front occidental de la Premi\u00e8re Guerre mondiale, est devenu un symbole \u00e9loquent du souvenir.<\/p>\n","protected":false},"featured_media":14394,"comment_status":"open","ping_status":"closed","template":"","meta":{"_acf_changed":false},"product_cat":[951,997,660],"product_tag":[],"acf":[],"_links":{"self":[{"href":"https:\/\/www.museedelaguerre.ca\/boutique\/wp-json\/wp\/v2\/product\/11380"}],"collection":[{"href":"https:\/\/www.museedelaguerre.ca\/boutique\/wp-json\/wp\/v2\/product"}],"about":[{"href":"https:\/\/www.museedelaguerre.ca\/boutique\/wp-json\/wp\/v2\/types\/product"}],"replies":[{"embeddable":true,"href":"https:\/\/www.museedelaguerre.ca\/boutique\/wp-json\/wp\/v2\/comments?post=11380"}],"wp:featuredmedia":[{"embeddable":true,"href":"https:\/\/www.museedelaguerre.ca\/boutique\/wp-json\/wp\/v2\/media\/14394"}],"wp:attachment":[{"href":"https:\/\/www.museedelaguerre.ca\/boutique\/wp-json\/wp\/v2\/media?parent=11380"}],"wp:term":[{"taxonomy":"product_cat","embeddable":true,"href":"https:\/\/www.museedelaguerre.ca\/boutique\/wp-json\/wp\/v2\/product_cat?post=11380"},{"taxonomy":"product_tag","embeddable":true,"href":"https:\/\/www.museedelaguerre.ca\/boutique\/wp-json\/wp\/v2\/product_tag?post=11380"}],"curies":[{"name":"wp","href":"https:\/\/api.w.org\/{rel}","templated":true}]}}